-- Table structure for table `tblpayment_attempts`
--

CREATE TABLE `tblpayment_attempts` (
  `id` int(10) UNSIGNED NOT NULL,
  `reference` varchar(100) NOT NULL,
  `invoice_id` int(11) NOT NULL,
  `amount` double NOT NULL,
  `fee` double NOT NULL,
  `payment_gateway` varchar(100) NOT NULL,
  `created_at` datetime NOT NULL
) ENGINE=InnoDB DEFAULT CHARSET=utf8mb4 COLLATE=utf8mb4_unicode_ci;

-- --------------------------------------------------------

--
-- Table structure for table `tblpayment_modes`
--

CREATE TABLE `tblpayment_modes` (
  `id` int(11) NOT NULL,
  `name` varchar(100) NOT NULL,
  `description` mediumtext DEFAULT NULL,
  `show_on_pdf` int(11) NOT NULL DEFAULT 0,
  `invoices_only` int(11) NOT NULL DEFAULT 0,
  `expenses_only` int(11) NOT NULL DEFAULT 0,
  `selected_by_default` int(11) NOT NULL DEFAULT 1,
  `active` tinyint(1) NOT NULL DEFAULT 1
) ENGINE=InnoDB DEFAULT CHARSET=utf8mb4 COLLATE=utf8mb4_unicode_ci;

--
-- Dumping data for table `tblpayment_modes`
--

INSERT INTO `tblpayment_modes` (`id`, `name`, `description`, `show_on_pdf`, `invoices_only`, `expenses_only`, `selected_by_default`, `active`) VALUES
(1, 'Bank', NULL, 0, 0, 0, 1, 1);

-- --------------------------------------------------------

--
-- Table structure for table `tblpinned_projects`
--

CREATE TABLE `tblpinned_projects` (
  `id` int(11) NOT NULL,
  `project_id` int(11) NOT NULL,
  `staff_id` int(11) NOT NULL
) ENGINE=InnoDB DEFAULT CHARSET=utf8mb4 COLLATE=utf8mb4_unicode_ci;

-- --------------------------------------------------------

--
-- Table structure for table `tblposition_training_question_form`
--

CREATE TABLE `tblposition_training_question_form` (
  `questionid` int(11) NOT NULL,
  `rel_id` int(11) NOT NULL,
  `rel_type` varchar(20) DEFAULT NULL,
  `question` mediumtext NOT NULL,
  `required` tinyint(1) NOT NULL DEFAULT 0,
  `question_order` int(11) NOT NULL,
  `point` int(11) NOT NULL
) ENGINE=InnoDB DEFAULT CHARSET=utf8mb4 COLLATE=utf8mb4_unicode_ci;

-- --------------------------------------------------------

--
-- Table structure for table `tblprojectdiscussioncomments`
--

CREATE TABLE `tblprojectdiscussioncomments` (
  `id` int(11) NOT NULL,
  `discussion_id` int(11) NOT NULL,
  `discussion_type` varchar(10) NOT NULL,
  `parent` int(11) DEFAULT NULL,
  `created` datetime NOT NULL,
  `modified` datetime DEFAULT NULL,
  `content` mediumtext NOT NULL,
  `staff_id` int(11) NOT NULL,
  `contact_id` int(11) DEFAULT 0,
  `fullname` varchar(191) DEFAULT NULL,
  `file_name` varchar(191) DEFAULT NULL,
  `file_mime_type` varchar(70) DEFAULT NULL
) ENGINE=InnoDB DEFAULT CHARSET=utf8mb4 COLLATE=utf8mb4_unicode_ci;

-- --------------------------------------------------------

--
-- Table structure for table `tblprojectdiscussions`
--

CREATE TABLE `tblprojectdiscussions` (
  `id` int(11) NOT NULL,
  `project_id` int(11) NOT NULL,
  `subject` varchar(191) NOT NULL,
  `description` mediumtext NOT NULL,
  `show_to_customer` tinyint(1) NOT NULL DEFAULT 0,
  `datecreated` datetime NOT NULL,
  `last_activity` datetime DEFAULT NULL,
  `staff_id` int(11) NOT NULL DEFAULT 0,
  `contact_id` int(11) NOT NULL DEFAULT 0
) ENGINE=InnoDB DEFAULT CHARSET=utf8mb4 COLLATE=utf8mb4_unicode_ci;

-- --------------------------------------------------------

--
-- Table structure for table `tblprojects`
--

CREATE TABLE `tblprojects` (
  `id` int(11) NOT NULL,
  `name` varchar(191) NOT NULL,
  `description` mediumtext DEFAULT NULL,
  `status` int(11) NOT NULL DEFAULT 0,
  `clientid` int(11) NOT NULL,
  `billing_type` int(11) NOT NULL,
  `start_date` date NOT NULL,
  `deadline` date DEFAULT NULL,
  `project_created` date NOT NULL,
  `date_finished` datetime DEFAULT NULL,
  `progress` int(11) DEFAULT 0,
  `progress_from_tasks` int(11) NOT NULL DEFAULT 1,
  `project_cost` decimal(15,2) DEFAULT NULL,
  `project_rate_per_hour` decimal(15,2) DEFAULT NULL,
  `estimated_hours` decimal(15,2) DEFAULT NULL,
  `addedfrom` int(11) NOT NULL,
  `contact_notification` int(11) DEFAULT 1,
  `notify_contacts` mediumtext DEFAULT NULL
) ENGINE=InnoDB DEFAULT CHARSET=utf8mb4 COLLATE=utf8mb4_unicode_ci;

-- --------------------------------------------------------

--
-- Table structure for table `tblproject_activity`
--

CREATE TABLE `tblproject_activity` (
  `id` int(11) NOT NULL,
  `project_id` int(11) NOT NULL,
  `staff_id` int(11) NOT NULL DEFAULT 0,
  `contact_id` int(11) NOT NULL DEFAULT 0,
  `fullname` varchar(100) DEFAULT NULL,
  `visible_to_customer` int(11) NOT NULL DEFAULT 0,
  `description_key` varchar(191) NOT NULL COMMENT 'Language file key',
  `additional_data` mediumtext DEFAULT NULL,
  `dateadded` datetime NOT NULL
) ENGINE=InnoDB DEFAULT CHARSET=utf8mb4 COLLATE=utf8mb4_unicode_ci;

-- --------------------------------------------------------

--
-- Table structure for table `tblproject_costing_approval_settings`
--

CREATE TABLE `tblproject_costing_approval_settings` (
  `id` int(10) UNSIGNED NOT NULL,
  `finance_reviewer_staff_id` int(10) UNSIGNED DEFAULT NULL,
  `hod_approver_staff_id` int(10) UNSIGNED DEFAULT NULL,
  `datecreated` datetime NOT NULL DEFAULT current_timestamp(),
  `updated_at` datetime DEFAULT NULL,
  `updated_by` int(10) UNSIGNED DEFAULT NULL,
  `finance_cc_emails` text DEFAULT NULL,
  `hod_cc_emails` text DEFAULT NULL
) ENGINE=InnoDB DEFAULT CHARSET=utf8mb4 COLLATE=utf8mb4_unicode_ci;

--
-- Dumping data for table `tblproject_costing_approval_settings`
--

INSERT INTO `tblproject_costing_approval_settings` (`id`, `finance_reviewer_staff_id`, `hod_approver_staff_id`, `datecreated`, `updated_at`, `updated_by`, `finance_cc_emails`, `hod_cc_emails`) VALUES
(1, 8, 49, '2026-03-19 11:37:22', '2026-03-19 11:37:22', 49, NULL, NULL);

-- --------------------------------------------------------

--
-- Table structure for table `tblproject_costing_client_categories`
--

CREATE TABLE `tblproject_costing_client_categories` (
  `id` int(10) UNSIGNED NOT NULL,
  `name` varchar(191) NOT NULL,
  `description` text DEFAULT NULL,
  `status` tinyint(1) NOT NULL DEFAULT 1,
  `datecreated` datetime NOT NULL DEFAULT current_timestamp(),
  `addedfrom` int(10) UNSIGNED DEFAULT NULL
) ENGINE=InnoDB DEFAULT CHARSET=utf8mb4 COLLATE=utf8mb4_unicode_ci;

--
-- Dumping data for table `tblproject_costing_client_categories`
--

INSERT INTO `tblproject_costing_client_categories` (`id`, `name`, `description`, `status`, `datecreated`, `addedfrom`) VALUES
(1, 'Commercial', '', 1, '2026-03-19 11:41:03', 49),
(2, 'Project Serving National Interest', '', 1, '2026-03-19 11:41:09', 49);

-- --------------------------------------------------------

--
-- Table structure for table `tblproject_costing_engagement_types`
--

CREATE TABLE `tblproject_costing_engagement_types` (
  `id` int(10) UNSIGNED NOT NULL,
  `client_category_id` int(10) UNSIGNED NOT NULL,
  `name` varchar(191) NOT NULL,
  `sst_percent` decimal(10,2) NOT NULL DEFAULT 0.00,
  `bidding_sme` decimal(10,2) NOT NULL DEFAULT 0.00,
  `bidding_admin` decimal(10,2) NOT NULL DEFAULT 0.00,
  `bidding_profit` decimal(10,2) NOT NULL DEFAULT 0.00,
  `non_bidding_sme` decimal(10,2) NOT NULL DEFAULT 0.00,
  `non_bidding_admin` decimal(10,2) NOT NULL DEFAULT 0.00,
  `non_bidding_profit` decimal(10,2) NOT NULL DEFAULT 0.00,
  `status` tinyint(1) NOT NULL DEFAULT 1,
  `datecreated` datetime NOT NULL DEFAULT current_timestamp(),
  `addedfrom` int(10) UNSIGNED DEFAULT NULL
) ENGINE=InnoDB DEFAULT CHARSET=utf8mb4 COLLATE=utf8mb4_unicode_ci;

--
-- Dumping data for table `tblproject_costing_engagement_types`
--

INSERT INTO `tblproject_costing_engagement_types` (`id`, `client_category_id`, `name`, `sst_percent`, `bidding_sme`, `bidding_admin`, `bidding_profit`, `non_bidding_sme`, `non_bidding_admin`, `non_bidding_profit`, `status`, `datecreated`, `addedfrom`) VALUES
(1, 1, 'Research', 8.00, 50.00, 25.00, 25.00, 50.00, 20.00, 30.00, 1, '2026-03-19 11:44:43', 49);

-- --------------------------------------------------------

--
-- Table structure for table `tblproject_costing_notifications`
--

CREATE TABLE `tblproject_costing_notifications` (
  `id` int(10) UNSIGNED NOT NULL,
  `project_id` int(10) UNSIGNED NOT NULL,
  `recipient_staff_id` int(10) UNSIGNED DEFAULT NULL,
  `recipient_email` varchar(191) DEFAULT NULL,
  `notification_type` varchar(100) NOT NULL,
  `subject` varchar(255) NOT NULL,
  `message` mediumtext DEFAULT NULL,
  `channel` varchar(50) NOT NULL DEFAULT 'email',
  `status` varchar(50) NOT NULL DEFAULT 'sent',
  `date_sent` datetime NOT NULL,
  `sent_by` int(10) UNSIGNED DEFAULT NULL
) ENGINE=InnoDB DEFAULT CHARSET=utf8mb4 COLLATE=utf8mb4_unicode_ci;

--
-- Dumping data for table `tblproject_costing_notifications`
--

INSERT INTO `tblproject_costing_notifications` (`id`, `project_id`, `recipient_staff_id`, `recipient_email`, `notification_type`, `subject`, `message`, `channel`, `status`, `date_sent`, `sent_by`) VALUES
(1, 10, 8, 'helpdesk@inceif.edu.my', 'submission_to_finance', 'New Project Costing Submitted - Finance Review Required', '\r\n    <div style=\"font-family:Arial,Helvetica,sans-serif;font-size:14px;color:#333;line-height:1.6;\">\r\n        <h2 style=\"margin:0 0 15px;color:#1f3c5a;\">New Project Costing Submitted - Finance Review Required</h2>\r\n        <p style=\"margin:0 0 20px;\">A new project costing has been submitted and requires your finance review.</p>\r\n\r\n        <div style=\"margin:0 0 15px;\">\r\n            <span style=\"display:inline-block;padding:6px 12px;border-radius:14px;background:#f0ad4e;color:#ffffff;font-weight:700;font-size:12px;text-transform:uppercase;\">submitted</span>\r\n        </div>\r\n\r\n        <table style=\"width:100%;border-collapse:collapse;margin:0 0 20px;\">\r\n            <tr>\r\n                <td style=\"padding:10px;border:1px solid #ddd;background:#fafafa;font-weight:700;width:220px;\">Proposal Name</td>\r\n                <td style=\"padding:10px;border:1px solid #ddd;\">TRAINING PROPOSAL : Advance Training in Shariah , Islamic Social Finance for Shariah Department AGROBANK</td>\r\n            </tr>\r\n            <tr>\r\n                <td style=\"padding:10px;border:1px solid #ddd;background:#fafafa;font-weight:700;\">Client</td>\r\n                <td style=\"padding:10px;border:1px solid #ddd;\">Agrobank</td>\r\n            </tr>\r\n            <tr>\r\n                <td style=\"padding:10px;border:1px solid #ddd;background:#fafafa;font-weight:700;\">Project Type</td>\r\n                <td style=\"padding:10px;border:1px solid #ddd;\">Non bidding</td>\r\n            </tr>\r\n            <tr>\r\n                <td style=\"padding:10px;border:1px solid #ddd;background:#fafafa;font-weight:700;\">Submitted By</td>\r\n                <td style=\"padding:10px;border:1px solid #ddd;\">Helpdesk Adam</td>\r\n            </tr>\r\n            <tr>\r\n                <td style=\"padding:10px;border:1px solid #ddd;background:#fafafa;font-weight:700;\">Finance Reviewer</td>\r\n                <td style=\"padding:10px;border:1px solid #ddd;\">Helpdesk Adam</td>\r\n            </tr>\r\n            <tr>\r\n                <td style=\"padding:10px;border:1px solid #ddd;background:#fafafa;font-weight:700;\">HOD Approver</td>\r\n                <td style=\"padding:10px;border:1px solid #ddd;\">Adam Harris Bin Suppuramany</td>\r\n            </tr>\r\n            <tr>\r\n                <td style=\"padding:10px;border:1px solid #ddd;background:#fafafa;font-weight:700;\">Total Contract Value</td>\r\n                <td style=\"padding:10px;border:1px solid #ddd;\">RM 175,050.00</td>\r\n            </tr>\r\n            <tr>\r\n                <td style=\"padding:10px;border:1px solid #ddd;background:#fafafa;font-weight:700;\">Date Created</td>\r\n                <td style=\"padding:10px;border:1px solid #ddd;\">31-03-2026 07:41:20</td>\r\n            </tr>\r\n            \r\n            <tr>\r\n                <td style=\"padding:10px;border:1px solid #ddd;background:#fafafa;font-weight:700;\">Validation Warning</td>\r\n                <td style=\"padding:10px;border:1px solid #ddd;color:#d58512;font-weight:700;\">\r\n                    Yes - Submitted with percentage warning\r\n                </td>\r\n            </tr>\r\n            \r\n            \r\n        </table>\r\n\r\n        <div style=\"margin:25px 0;\">\r\n            <a href=\"https://development.inceif.edu.my/finance/project/admin/project_costing/project_costing/view/10\" style=\"display:inline-block;padding:12px 18px;background:#007bff;color:#ffffff;text-decoration:none;border-radius:6px;font-weight:700;\">Review Submission</a>\r\n        </div>\r\n\r\n        <p style=\"margin-top:25px;color:#666;\">Regards,<br>Project Costing System</p>\r\n    </div>', 'email', 'sent', '2026-03-31 07:41:22', 8),
(2, 10, 8, 'helpdesk@inceif.edu.my', 'submission_to_finance_resend', 'New Project Costing Submitted - Finance Review Required', '\r\n    <div style=\"font-family:Arial,Helvetica,sans-serif;font-size:14px;color:#333;line-height:1.6;\">\r\n        <h2 style=\"margin:0 0 15px;color:#1f3c5a;\">New Project Costing Submitted - Finance Review Required</h2>\r\n        <p style=\"margin:0 0 20px;\">A new project costing has been submitted and requires your finance review.</p>\r\n\r\n        <div style=\"margin:0 0 15px;\">\r\n            <span style=\"display:inline-block;padding:6px 12px;border-radius:14px;background:#f0ad4e;color:#ffffff;font-weight:700;font-size:12px;text-transform:uppercase;\">submitted</span>\r\n        </div>\r\n\r\n        <table style=\"width:100%;border-collapse:collapse;margin:0 0 20px;\">\r\n            <tr>\r\n                <td style=\"padding:10px;border:1px solid #ddd;background:#fafafa;font-weight:700;width:220px;\">Proposal Name</td>\r\n                <td style=\"padding:10px;border:1px solid #ddd;\">TRAINING PROPOSAL : Advance Training in Shariah , Islamic Social Finance for Shariah Department AGROBANK</td>\r\n            </tr>\r\n            <tr>\r\n                <td style=\"padding:10px;border:1px solid #ddd;background:#fafafa;font-weight:700;\">Client</td>\r\n                <td style=\"padding:10px;border:1px solid #ddd;\">Agrobank</td>\r\n            </tr>\r\n            <tr>\r\n                <td style=\"padding:10px;border:1px solid #ddd;background:#fafafa;font-weight:700;\">Project Type</td>\r\n                <td style=\"padding:10px;border:1px solid #ddd;\">Non bidding</td>\r\n            </tr>\r\n            <tr>\r\n                <td style=\"padding:10px;border:1px solid #ddd;background:#fafafa;font-weight:700;\">Submitted By</td>\r\n                <td style=\"padding:10px;border:1px solid #ddd;\">Helpdesk Adam</td>\r\n            </tr>\r\n            <tr>\r\n                <td style=\"padding:10px;border:1px solid #ddd;background:#fafafa;font-weight:700;\">Finance Reviewer</td>\r\n                <td style=\"padding:10px;border:1px solid #ddd;\">Helpdesk Adam</td>\r\n            </tr>\r\n            <tr>\r\n                <td style=\"padding:10px;border:1px solid #ddd;background:#fafafa;font-weight:700;\">HOD Approver</td>\r\n                <td style=\"padding:10px;border:1px solid #ddd;\">Adam Harris Bin Suppuramany</td>\r\n            </tr>\r\n            <tr>\r\n                <td style=\"padding:10px;border:1px solid #ddd;background:#fafafa;font-weight:700;\">Total Contract Value</td>\r\n                <td style=\"padding:10px;border:1px solid #ddd;\">RM 175,050.00</td>\r\n            </tr>\r\n            <tr>\r\n                <td style=\"padding:10px;border:1px solid #ddd;background:#fafafa;font-weight:700;\">Date Created</td>\r\n                <td style=\"padding:10px;border:1px solid #ddd;\">31-03-2026 07:41:20</td>\r\n            </tr>\r\n            \r\n            <tr>\r\n                <td style=\"padding:10px;border:1px solid #ddd;background:#fafafa;font-weight:700;\">Validation Warning</td>\r\n                <td style=\"padding:10px;border:1px solid #ddd;color:#d58512;font-weight:700;\">\r\n                    Yes - Submitted with percentage warning\r\n                </td>\r\n            </tr>\r\n            \r\n            \r\n        </table>\r\n\r\n        <div style=\"margin:25px 0;\">\r\n            <a href=\"https://development.inceif.edu.my/finance/project/admin/project_costing/project_costing/view/10\" style=\"display:inline-block;padding:12px 18px;background:#007bff;color:#ffffff;text-decoration:none;border-radius:6px;font-weight:700;\">Review Submission</a>\r\n        </div>\r\n\r\n        <p style=\"margin-top:25px;color:#666;\">Regards,<br>Project Costing System</p>\r\n    </div>', 'email', 'sent', '2026-03-31 07:49:52', 49);

-- --------------------------------------------------------

--
-- Table structure for table `tblproject_costing_projects`
--

CREATE TABLE `tblproject_costing_projects` (
  `id` int(10) UNSIGNED NOT NULL,
  `proposal_name` varchar(255) NOT NULL,
  `client_name` varchar(255) NOT NULL,
  `client_category_id` int(10) UNSIGNED DEFAULT NULL,
  `engagement_type_id` int(10) UNSIGNED DEFAULT NULL,
  `engagement_mode` enum('bidding','non_bidding') DEFAULT NULL,
  `sst_percent` decimal(10,2) NOT NULL DEFAULT 0.00,
  `bidding_sme_percent` decimal(10,2) NOT NULL DEFAULT 0.00,
  `bidding_admin_percent` decimal(10,2) NOT NULL DEFAULT 0.00,
  `bidding_profit_percent` decimal(10,2) NOT NULL DEFAULT 0.00,
  `submitted_by` int(10) UNSIGNED DEFAULT NULL,
  `finance_reviewer_staff_id` int(10) UNSIGNED DEFAULT NULL,
  `hod_approver_staff_id` int(10) UNSIGNED DEFAULT NULL,
  `programme_total` decimal(15,2) NOT NULL DEFAULT 0.00,
  `other_related_total` decimal(15,2) NOT NULL DEFAULT 0.00,
  `indirect_total` decimal(15,2) NOT NULL DEFAULT 0.00,
  `overall_total` decimal(15,2) NOT NULL DEFAULT 0.00,
  `finance_status` varchar(50) DEFAULT 'pending',
  `finance_comment` text DEFAULT NULL,
  `finance_approved_at` datetime DEFAULT NULL,
  `hod_status` varchar(50) DEFAULT 'pending',
  `hod_comment` text DEFAULT NULL,
  `hod_approved_at` datetime DEFAULT NULL,
  `overall_status` varchar(50) DEFAULT 'draft',
  `datecreated` datetime NOT NULL DEFAULT current_timestamp(),
  `updated_at` datetime DEFAULT NULL,
  `validation_warning` tinyint(1) NOT NULL DEFAULT 0,
  `validation_note` text DEFAULT NULL
) ENGINE=InnoDB DEFAULT CHARSET=utf8mb4 COLLATE=utf8mb4_unicode_ci;

--
-- Dumping data for table `tblproject_costing_projects`
--

INSERT INTO `tblproject_costing_projects` (`id`, `proposal_name`, `client_name`, `client_category_id`, `engagement_type_id`, `engagement_mode`, `sst_percent`, `bidding_sme_percent`, `bidding_admin_percent`, `bidding_profit_percent`, `submitted_by`, `finance_reviewer_staff_id`, `hod_approver_staff_id`, `programme_total`, `other_related_total`, `indirect_total`, `overall_total`, `finance_status`, `finance_comment`, `finance_approved_at`, `hod_status`, `hod_comment`, `hod_approved_at`, `overall_status`, `datecreated`, `updated_at`, `validation_warning`, `validation_note`) VALUES
(9, 'dsadas', 'dsadas', 1, 1, 'non_bidding', 8.00, 50.00, 20.00, 30.00, 8, 8, 49, 97500.00, 19200.00, 5835.00, 175050.00, 'pending', 'Test reject', '2026-03-30 14:44:55', 'pending', NULL, NULL, 'submitted', '2026-03-30 12:19:16', '2026-03-30 14:56:41', 1, 'Submitted with percentage warning. Subject to approval.'),
(10, 'TRAINING PROPOSAL : Advance Training in Shariah , Islamic Social Finance for Shariah Department AGROBANK', 'Agrobank', 1, 1, 'non_bidding', 8.00, 50.00, 20.00, 30.00, 8, 8, 49, 97500.00, 19200.00, 5835.00, 175050.00, 'pending', NULL, NULL, 'pending', NULL, NULL, 'submitted', '2026-03-31 07:41:20', '2026-03-31 07:41:20', 1, 'Submitted with percentage warning. Subject to approval.');

-- --------------------------------------------------------

--
-- Table structure for table `tblproject_costing_project_items`
--

CREATE TABLE `tblproject_costing_project_items` (
  `id` int(10) UNSIGNED NOT NULL,
  `project_id` int(10) UNSIGNED NOT NULL,
  `section_type` enum('programme','other_related','indirect') NOT NULL,
  `item_name` varchar(255) NOT NULL,
  `qty` decimal(15,2) NOT NULL DEFAULT 0.00,
  `frequency` decimal(15,2) DEFAULT 0.00,
  `rate` decimal(15,2) NOT NULL DEFAULT 0.00,
  `amount` decimal(15,2) NOT NULL DEFAULT 0.00,
  `remarks` text DEFAULT NULL
) ENGINE=InnoDB DEFAULT CHARSET=utf8mb4 COLLATE=utf8mb4_unicode_ci;

--
-- Dumping data for table `tblproject_costing_project_items`
--

INSERT INTO `tblproject_costing_project_items` (`id`, `project_id`, `section_type`, `item_name`, `qty`, `frequency`, `rate`, `amount`, `remarks`) VALUES
(61, 9, 'programme', 'dsadas', 1.00, 1.00, 97500.00, 97500.00, ''),
(62, 9, 'other_related', 'dsadas', 1.00, 1.00, 19200.00, 19200.00, ''),
(63, 9, 'indirect', 'dsadas', 1.00, 0.00, 5835.00, 5835.00, ''),
(64, 10, 'programme', 'Pre-Training Module Preparation', 8.00, 8.00, 400.00, 25600.00, ''),
(65, 10, 'programme', 'Subject Matter Expert [1]', 2.00, 7.00, 4500.00, 63000.00, ''),
(66, 10, 'programme', 'Subject Matter Expert [2]', 2.00, 2.00, 2000.00, 8000.00, ''),
(67, 10, 'programme', 'Facilitators', 1.00, 1.00, 900.00, 900.00, ''),
(68, 10, 'other_related', 'Research assistance', 3.00, 1.00, 2000.00, 6000.00, ''),
(69, 10, 'other_related', 'Learning Materials (infographic designing)', 1.00, 1.00, 2000.00, 2000.00, ''),
(70, 10, 'other_related', 'Travelling and Food', 4.00, 8.00, 100.00, 3200.00, ''),
(71, 10, 'other_related', 'Others contigency / admin', 1.00, 8.00, 1000.00, 8000.00, ''),
(72, 10, 'indirect', 'Indirect Cost', 1.00, 0.00, 5835.00, 5835.00, '');

-- --------------------------------------------------------

--
-- Table structure for table `tblproject_files`
--

CREATE TABLE `tblproject_files` (
  `id` int(11) NOT NULL,
  `file_name` varchar(191) NOT NULL,
  `original_file_name` longtext DEFAULT NULL,
  `subject` varchar(191) DEFAULT NULL,
  `description` mediumtext DEFAULT NULL,
  `filetype` varchar(50) DEFAULT NULL,
  `dateadded` datetime NOT NULL,
  `last_activity` datetime DEFAULT NULL,
  `project_id` int(11) NOT NULL,
  `visible_to_customer` tinyint(1) DEFAULT 0,
  `staffid` int(11) NOT NULL,
  `contact_id` int(11) NOT NULL DEFAULT 0,
  `external` varchar(40) DEFAULT NULL,
  `external_link` mediumtext DEFAULT NULL,
  `thumbnail_link` mediumtext DEFAULT NULL
) ENGINE=InnoDB DEFAULT CHARSET=utf8mb4 COLLATE=utf8mb4_unicode_ci;

-- --------------------------------------------------------

--
-- Table structure for table `tblproject_members`
--

CREATE TABLE `tblproject_members` (
  `id` int(11) NOT NULL,
  `project_id` int(11) NOT NULL,
  `staff_id` int(11) NOT NULL
) ENGINE=InnoDB DEFAULT CHARSET=utf8mb4 COLLATE=utf8mb4_unicode_ci;

-- --------------------------------------------------------

--
-- Table structure for table `tblproject_notes`
--

CREATE TABLE `tblproject_notes` (
  `id` int(11) NOT NULL,
  `project_id` int(11) NOT NULL,
  `title` varchar(255) DEFAULT NULL,
  `content` mediumtext NOT NULL,
  `staff_id` int(11) NOT NULL,
  `dateadded` datetime NOT NULL DEFAULT current_timestamp()
) ENGINE=InnoDB DEFAULT CHARSET=utf8mb4 COLLATE=utf8mb4_unicode_ci;

-- --------------------------------------------------------

--
-- Table structure for table `tblproject_settings`
--

CREATE TABLE `tblproject_settings` (
  `id` int(11) NOT NULL,
  `project_id` int(11) NOT NULL,
  `name` varchar(100) NOT NULL,
  `value` mediumtext DEFAULT NULL
) ENGINE=InnoDB DEFAULT CHARSET=utf8mb4 COLLATE=utf8mb4_unicode_ci;

-- --------------------------------------------------------

--
-- Table structure for table `tblproposals`
--

CREATE TABLE `tblproposals` (
  `id` int(11) NOT NULL,
  `subject` varchar(191) DEFAULT NULL,
  `content` longtext DEFAULT NULL,
  `addedfrom` int(11) NOT NULL,
  `datecreated` datetime NOT NULL,
  `total` decimal(15,2) DEFAULT NULL,
  `subtotal` decimal(15,2) NOT NULL,
  `total_tax` decimal(15,2) NOT NULL DEFAULT 0.00,
  `adjustment` decimal(15,2) DEFAULT NULL,
  `discount_percent` decimal(15,2) NOT NULL,
  `discount_total` decimal(15,2) NOT NULL,
  `discount_type` varchar(30) DEFAULT NULL,
  `show_quantity_as` int(11) NOT NULL DEFAULT 1,
  `currency` int(11) NOT NULL,
  `open_till` date DEFAULT NULL,
  `date` date NOT NULL,
  `rel_id` int(11) DEFAULT NULL,
  `rel_type` varchar(40) DEFAULT NULL,
  `assigned` int(11) DEFAULT NULL,
  `hash` varchar(32) NOT NULL,
  `proposal_to` varchar(191) DEFAULT NULL,
  `project_id` int(11) DEFAULT NULL,
  `country` int(11) NOT NULL DEFAULT 0,
  `zip` varchar(50) DEFAULT NULL,
  `state` varchar(100) DEFAULT NULL,
  `city` varchar(100) DEFAULT NULL,
  `address` varchar(200) DEFAULT NULL,
  `email` varchar(150) DEFAULT NULL,
  `phone` varchar(50) DEFAULT NULL,
  `allow_comments` tinyint(1) NOT NULL DEFAULT 1,
  `status` int(11) NOT NULL,
  `estimate_id` int(11) DEFAULT NULL,
  `invoice_id` int(11) DEFAULT NULL,
  `date_converted` datetime DEFAULT NULL,
  `pipeline_order` int(11) DEFAULT 1,
  `is_expiry_notified` int(11) NOT NULL DEFAULT 0,
  `acceptance_firstname` varchar(50) DEFAULT NULL,
  `acceptance_lastname` varchar(50) DEFAULT NULL,
  `acceptance_email` varchar(100) DEFAULT NULL,
  `acceptance_date` datetime DEFAULT NULL,
  `acceptance_ip` varchar(40) DEFAULT NULL,
  `signature` varchar(40) DEFAULT NULL,
  `short_link` varchar(100) DEFAULT NULL
) ENGINE=InnoDB DEFAULT CHARSET=utf8mb4 COLLATE=utf8mb4_unicode_ci;

-- --------------------------------------------------------

--
-- Table structure for table `tblproposal_comments`
--

CREATE TABLE `tblproposal_comments` (
  `id` int(11) NOT NULL,
  `content` longtext DEFAULT NULL,
  `proposalid` int(11) NOT NULL,
  `staffid` int(11) NOT NULL,
  `dateadded` datetime NOT NULL
) ENGINE=InnoDB DEFAULT CHARSET=utf8mb4 COLLATE=utf8mb4_unicode_ci;

-- --------------------------------------------------------

--
-- Table structure for table `tblp_t_form_question_box_description`
--

CREATE TABLE `tblp_t_form_question_box_description` (
  `questionboxdescriptionid` int(11) NOT NULL,
  `description` mediumtext NOT NULL,
  `boxid` mediumtext NOT NULL,
  `questionid` int(11) NOT NULL,
  `correct` int(11) DEFAULT 1 COMMENT '0: correct 1: incorrect'
) ENGINE=InnoDB DEFAULT CHARSET=utf8mb4 COLLATE=utf8mb4_unicode_ci;

-- --------------------------------------------------------

--
-- Table structure for table `tblrecords_meta`
--

CREATE TABLE `tblrecords_meta` (
  `id` int(10) UNSIGNED NOT NULL,
  `name` varchar(150) DEFAULT NULL,
  `meta` varchar(100) DEFAULT NULL
) ENGINE=InnoDB DEFAULT CHARSET=utf8mb4 COLLATE=utf8mb4_unicode_ci;

--
-- Dumping data for table `tblrecords_meta`
--

INSERT INTO `tblrecords_meta` (`id`, `name`, `meta`) VALUES
(1, 'staff_identifi', 'staff_identifi'),
(2, 'firstname', 'firstname'),
(3, 'email', 'email'),
(4, 'phonenumber', 'phonenumber'),
(5, 'facebook', 'facebook'),
(6, 'skype', 'skype'),
(7, 'birthday', 'birthday'),
(8, 'birthplace', 'birthplace'),
(9, 'home_town', 'home_town'),
(10, 'marital_status', 'marital_status'),
(11, 'nation', 'nation'),
(12, 'religion', 'religion'),
(13, 'identification', 'identification'),
(14, 'days_for_identity', 'days_for_identity'),
(15, 'place_of_issue', 'place_of_issue'),
(16, 'resident', 'resident'),
(17, 'current_address', 'current_address'),
(18, 'literacy', 'literacy');

-- --------------------------------------------------------

--
-- Table structure for table `tblrec_criteria`
--

CREATE TABLE `tblrec_criteria` (
  `criteria_id` int(10) UNSIGNED NOT NULL,
  `criteria_type` varchar(45) NOT NULL,
  `criteria_title` varchar(200) NOT NULL,
  `group_criteria` int(11) DEFAULT NULL,
  `description` text DEFAULT NULL,
  `add_from` int(11) NOT NULL,
  `add_date` date DEFAULT NULL,
  `score_des1` text DEFAULT NULL,
  `score_des2` text DEFAULT NULL,
  `score_des3` text DEFAULT NULL,
  `score_des4` text DEFAULT NULL,
  `score_des5` text DEFAULT NULL
) ENGINE=InnoDB DEFAULT CHARSET=utf8mb4 COLLATE=utf8mb4_unicode_ci;

-- --------------------------------------------------------

--
-- Table structure for table `tblrec_job_position`
--

CREATE TABLE `tblrec_job_position` (
  `position_id` int(10) UNSIGNED NOT NULL,
  `position_name` varchar(200) NOT NULL,
  `position_description` text DEFAULT NULL
) ENGINE=InnoDB DEFAULT CHARSET=utf8mb4 COLLATE=utf8mb4_unicode_ci;

-- --------------------------------------------------------

--
-- Table structure for table `tblrec_set_transfer_record`
--

CREATE TABLE `tblrec_set_transfer_record` (
  `set_id` int(10) UNSIGNED NOT NULL,
  `send_to` varchar(45) NOT NULL,
  `email_to` text DEFAULT NULL,
  `add_from` int(11) NOT NULL,
  `add_date` date NOT NULL,
  `subject` text NOT NULL,
  `content` text DEFAULT NULL,
  `order` int(11) NOT NULL
) ENGINE=InnoDB DEFAULT CHARSET=utf8mb4 COLLATE=utf8mb4_unicode_ci;

-- --------------------------------------------------------

--
-- Table structure for table `tblrec_transfer_records`
--

CREATE TABLE `tblrec_transfer_records` (
  `id` int(10) UNSIGNED NOT NULL,
  `staffid` int(11) NOT NULL,
  `firstname` varchar(100) DEFAULT NULL,
  `lastname` varchar(100) DEFAULT NULL,
  `birthday` date DEFAULT NULL,
  `gender` varchar(11) DEFAULT NULL,
  `staff_identifi` varchar(20) DEFAULT NULL,
  `creator` int(11) DEFAULT NULL,
  `datecreator` datetime DEFAULT NULL
) ENGINE=InnoDB DEFAULT CHARSET=utf8mb4 COLLATE=utf8mb4_unicode_ci;

-- --------------------------------------------------------

--
-- Table structure for table `tblrelated_items`
--

CREATE TABLE `tblrelated_items` (
  `id` int(11) NOT NULL,
  `rel_id` int(11) NOT NULL,
  `rel_type` varchar(30) NOT NULL,
  `item_id` int(11) NOT NULL
) ENGINE=InnoDB DEFAULT CHARSET=utf8mb4 COLLATE=utf8mb4_unicode_ci;

-- --------------------------------------------------------

--
-- Table structure for table `tblreminders`
--

CREATE TABLE `tblreminders` (
  `id` int(11) NOT NULL,
  `description` mediumtext DEFAULT NULL,
  `date` datetime NOT NULL,
  `isnotified` int(11) NOT NULL DEFAULT 0,
  `rel_id` int(11) NOT NULL,
  `staff` int(11) NOT NULL,
  `rel_type` varchar(40) NOT NULL,
  `notify_by_email` int(11) NOT NULL DEFAULT 1,
  `creator` int(11) NOT NULL
) ENGINE=InnoDB DEFAULT CHARSET=utf8mb4 COLLATE=utf8mb4_unicode_ci;

--
-- Dumping data for table `tblreminders`
--

INSERT INTO `tblreminders` (`id`, `description`, `date`, `isnotified`, `rel_id`, `staff`, `rel_type`, `notify_by_email`, `creator`) VALUES
(4, 'Lorem Ipsum is simply dummy text of the printing and typesetting industry. Lorem Ipsum has been the industry\'s standard dummy text ever since the 1500s, when an unknown printer took a galley of type and scrambled it to make a type specimen book. It has survived not only five centuries, but also the leap into electronic typesetting, remaining essentially unchanged. It was popularised in the 1960s with the release of Letraset sheets containing Lorem Ipsum passages, and more recently with desktop publishing software like Aldus PageMaker including versions of Lorem Ipsum.', '2026-03-04 15:09:37', 1, 36, 1, 'ticket_action_taken', 1, 1);

-- --------------------------------------------------------

--
-- Table structure for table `tblresource`
--

CREATE TABLE `tblresource` (
  `id` int(11) NOT NULL,
  `resource_name` varchar(100) NOT NULL,
  `resource_group` int(11) NOT NULL,
  `approved` int(11) NOT NULL,
  `manager` int(11) DEFAULT NULL,
  `color` varchar(255) DEFAULT NULL,
  `description` text DEFAULT NULL,
  `status` varchar(50) NOT NULL
) ENGINE=InnoDB DEFAULT CHARSET=utf8mb4 COLLATE=utf8mb4_general_ci;

-- --------------------------------------------------------

--
-- Table structure for table `tblresource_group`
--

CREATE TABLE `tblresource_group` (
  `id` int(11) NOT NULL,
  `group_name` varchar(100) NOT NULL,
  `icon` varchar(100) NOT NULL,
  `description` text DEFAULT NULL,
  `creator` int(11) NOT NULL,
  `date_create` date NOT NULL
) ENGINE=InnoDB DEFAULT CHARSET=utf8mb4 COLLATE=utf8mb4_general_ci;

-- --------------------------------------------------------

--
-- Table structure for table `tblroles`
--

CREATE TABLE `tblroles` (
  `roleid` int(11) NOT NULL,
  `name` varchar(150) NOT NULL,
  `permissions` longtext DEFAULT NULL
) ENGINE=InnoDB DEFAULT CHARSET=utf8mb4 COLLATE=utf8mb4_unicode_ci;

--
-- Dumping data for table `tblroles`
--

INSERT INTO `tblroles` (`roleid`, `name`, `permissions`) VALUES
(1, 'Employee', NULL),
(2, 'Staff CRM', 'a:1:{s:19:\"appointment_manager\";a:4:{i:0;s:4:\"view\";i:1;s:6:\"create\";i:2;s:4:\"edit\";i:3;s:6:\"delete\";}}'),
(3, 'Admin CRM', 'a:1:{s:14:\"integrity_pact\";a:3:{i:0;s:4:\"view\";i:1;s:6:\"create\";i:2;s:4:\"edit\";}}'),
(4, 'PCEO', 'a:6:{s:26:\"annual_external_engagement\";a:3:{i:0;s:4:\"view\";i:1;s:6:\"create\";i:2;s:4:\"edit\";}s:20:\"coi_special_approval\";a:4:{i:0;s:4:\"view\";i:1;s:6:\"create\";i:2;s:4:\"edit\";i:3;s:7:\"approve\";}s:14:\"integrity_pact\";a:3:{i:0;s:8:\"view_own\";i:1;s:6:\"create\";i:2;s:4:\"edit\";}s:17:\"staff_declaration\";a:4:{i:0;s:4:\"view\";i:1;s:6:\"create\";i:2;s:4:\"edit\";i:3;s:7:\"approve\";}s:14:\"coi_disclosure\";a:3:{i:0;s:8:\"view_own\";i:1;s:6:\"create\";i:2;s:4:\"edit\";}s:25:\"staff_external_engagement\";a:3:{i:0;s:4:\"view\";i:1;s:6:\"create\";i:2;s:4:\"edit\";}}');

-- --------------------------------------------------------

--
-- Table structure for table `tblsales_activity`
--

CREATE TABLE `tblsales_activity` (
  `id` int(11) NOT NULL,
  `rel_type` varchar(20) DEFAULT NULL,
  `rel_id` int(11) NOT NULL,
  `description` mediumtext NOT NULL,
  `additional_data` mediumtext DEFAULT NULL,
  `staffid` varchar(11) DEFAULT NULL,
  `full_name` varchar(100) DEFAULT NULL,
  `date` datetime NOT NULL
) ENGINE=InnoDB DEFAULT CHARSET=utf8mb4 COLLATE=utf8mb4_unicode_ci;

-- --------------------------------------------------------

--
-- Table structure for table `tblscheduled_emails`
--

CREATE TABLE `tblscheduled_emails` (
  `id` int(11) NOT NULL,
  `rel_id` int(11) NOT NULL,
  `rel_type` varchar(15) NOT NULL,
  `scheduled_at` datetime NOT NULL,
  `contacts` varchar(197) NOT NULL,
  `cc` mediumtext DEFAULT NULL,
  `attach_pdf` tinyint(1) NOT NULL DEFAULT 1,
  `template` varchar(197) NOT NULL
) ENGINE=InnoDB DEFAULT CHARSET=utf8mb4 COLLATE=utf8mb4_unicode_ci;

-- --------------------------------------------------------

--
-- Table structure for table `tblservices`
--

CREATE TABLE `tblservices` (
  `serviceid` int(11) NOT NULL,
  `name` varchar(50) NOT NULL
) ENGINE=InnoDB DEFAULT CHARSET=utf8mb4 COLLATE=utf8mb4_unicode_ci;

--
-- Dumping data for table `tblservices`
--

INSERT INTO `tblservices` (`serviceid`, `name`) VALUES
(1, 'Operational'),
(2, 'Health, Safety & Security'),
(3, 'Compliance/Integrity'),
(4, 'Reputational '),
(5, 'Financial'),
(6, 'Others');

-- --------------------------------------------------------

--
-- Table structure for table `tblsessions`
--

CREATE TABLE `tblsessions` (
  `id` varchar(128) NOT NULL,
  `ip_address` varchar(45) NOT NULL,
  `timestamp` int(10) UNSIGNED NOT NULL DEFAULT 0,
  `data` blob NOT NULL
) ENGINE=InnoDB DEFAULT CHARSET=utf8mb4 COLLATE=utf8mb4_unicode_ci;

--
-- Dumping data for table `tblsessions`
--

INSERT INTO `tblsessions` (`id`, `ip_address`, `timestamp`, `data`) VALUES
('03bb7b84fc5631e9e2c20f3e62c91ae5', '172.16.150.1', 1775018077, 0x5f5f63695f6c6173745f726567656e65726174657c693a313737353031383037373b5f707265765f75726c7c733a3130313a2268747470733a2f2f646576656c6f706d656e742e696e636569662e6564752e6d792f7265736f757263655f626f6f6b696e672f70726f6a6563742f61646d696e2f6170706f696e746d656e745f6d616e616765722f616c6c5f6170706f696e746d656e7473223b73746166665f757365725f69647c733a313a2238223b73746166665f6c6f676765645f696e7c623a313b73657475702d6d656e752d6f70656e7c733a303a22223b),
('09f8b7d86ed4a0afd936592bb28e366a', '172.16.150.1', 1775012610, 0x5f5f63695f6c6173745f726567656e65726174657c693a313737353031323631303b73746166665f757365725f69647c733a323a223439223b73746166665f6c6f676765645f696e7c623a313b73657475702d6d656e752d6f70656e7c733a303a22223b5f707265765f75726c7c733a3130303a2268747470733a2f2f646576656c6f706d656e742e696e636569662e6564752e6d792f7265736f757263655f626f6f6b696e672f70726f6a6563742f61646d696e2f6170706f696e746d656e745f6d616e616765722f6e65775f6170706f696e746d656e74223b),
('0e9f7a976de4309f5f8e394e0cf97d22', '172.16.150.1', 1775021905, 0x5f5f63695f6c6173745f726567656e65726174657c693a313737353032313930353b5f707265765f75726c7c733a3130303a2268747470733a2f2f646576656c6f706d656e742e696e636569662e6564752e6d792f7265736f757263655f626f6f6b696e672f70726f6a6563742f61646d696e2f6170706f696e746d656e745f6d616e616765722f6e65775f6170706f696e746d656e74223b73746166665f757365725f69647c733a313a2238223b73746166665f6c6f676765645f696e7c623a313b73657475702d6d656e752d6f70656e7c733a303a22223b),
('16d31cc2663cb543a6b8e32c25082be5', '172.16.150.1', 1775025377, 0x5f5f63695f6c6173745f726567656e65726174657c693a313737353032353337373b5f707265765f75726c7c733a3130393a2268747470733a2f2f646576656c6f706d656e742e696e636569662e6564752e6d792f7265736f757263655f626f6f6b696e672f70726f6a6563742f61646d696e2f6170706f696e746d656e745f6d616e616765722f656469745f6170706f696e746d656e745f706167652f3238223b73746166665f757365725f69647c733a313a2238223b73746166665f6c6f676765645f696e7c623a313b73657475702d6d656e752d6f70656e7c733a303a22223b),
('16d4d4b889dcfde9ee3a42fc7b616d3c', '172.16.150.1', 1775025935, 0x5f5f63695f6c6173745f726567656e65726174657c693a313737353032353638333b5f707265765f75726c7c733a3131373a2268747470733a2f2f646576656c6f706d656e742e696e636569662e6564752e6d792f7265736f757263655f626f6f6b696e672f70726f6a6563742f6170706f696e746d656e745f6d616e616765722f6170706f696e746d656e745f6d616e616765725f636c69656e742f7075626c69635f666f726d223b73746166665f757365725f69647c733a313a2238223b73746166665f6c6f676765645f696e7c623a313b73657475702d6d656e752d6f70656e7c733a303a22223b),
('1ed856fba14e1913879f5b260b75b2a4', '172.16.150.1', 1775014488, 0x5f5f63695f6c6173745f726567656e65726174657c693a313737353031343438383b73746166665f757365725f69647c733a323a223439223b73746166665f6c6f676765645f696e7c623a313b73657475702d6d656e752d6f70656e7c733a303a22223b5f707265765f75726c7c733a3130313a2268747470733a2f2f646576656c6f706d656e742e696e636569662e6564752e6d792f7265736f757263655f626f6f6b696e672f70726f6a6563742f61646d696e2f6170706f696e746d656e745f6d616e616765722f616c6c5f6170706f696e746d656e7473223b),
('243eb78937473e223938aba3d661b436', '172.16.150.1', 1775016403, 0x5f5f63695f6c6173745f726567656e65726174657c693a313737353031363430333b73746166665f757365725f69647c733a323a223439223b73746166665f6c6f676765645f696e7c623a313b73657475702d6d656e752d6f70656e7c623a313b5f707265765f75726c7c733a38343a2268747470733a2f2f646576656c6f706d656e742e696e636569662e6564752e6d792f7265736f757263655f626f6f6b696e672f70726f6a6563742f61646d696e2f6170706f696e746d656e745f6d616e61676572223b),
('260e8ad958157e5d46ca3fbd7a12849d', '172.16.150.1', 1775023684, 0x5f5f63695f6c6173745f726567656e65726174657c693a313737353032333638343b5f707265765f75726c7c733a3130303a2268747470733a2f2f646576656c6f706d656e742e696e636569662e6564752e6d792f7265736f757263655f626f6f6b696e672f70726f6a6563742f61646d696e2f6170706f696e746d656e745f6d616e616765722f6e65775f6170706f696e746d656e74223b73746166665f757365725f69647c733a313a2238223b73746166665f6c6f676765645f696e7c623a313b73657475702d6d656e752d6f70656e7c733a303a22223b),
('38a0b7f7a3d37296ecd586934656165d', '172.16.150.1', 1775020688, 0x5f5f63695f6c6173745f726567656e65726174657c693a313737353032303638383b5f707265765f75726c7c733a3130303a2268747470733a2f2f646576656c6f706d656e742e696e636569662e6564752e6d792f7265736f757263655f626f6f6b696e672f70726f6a6563742f61646d696e2f6170706f696e746d656e745f6d616e616765722f6e65775f6170706f696e746d656e74223b73746166665f757365725f69647c733a313a2238223b73746166665f6c6f676765645f696e7c623a313b73657475702d6d656e752d6f70656e7c733a303a22223b),
('3fab60e11753095072b9a0ab6ec95d87', '172.16.150.1', 1775014791, 0x5f5f63695f6c6173745f726567656e65726174657c693a313737353031343739313b73746166665f757365725f69647c733a323a223439223b73746166665f6c6f676765645f696e7c623a313b73657475702d6d656e752d6f70656e7c733a303a22223b5f707265765f75726c7c733a3130313a2268747470733a2f2f646576656c6f706d656e742e696e636569662e6564752e6d792f7265736f757263655f626f6f6b696e672f70726f6a6563742f61646d696e2f6170706f696e746d656e745f6d616e616765722f616c6c5f6170706f696e746d656e7473223b),
('43079a896bd6fac79160b9ee2935db9a', '172.16.150.1', 1775022679, 0x5f5f63695f6c6173745f726567656e65726174657c693a313737353032323637393b73746166665f757365725f69647c733a323a223439223b73746166665f6c6f676765645f696e7c623a313b73657475702d6d656e752d6f70656e7c733a303a22223b5f707265765f75726c7c733a3130303a2268747470733a2f2f646576656c6f706d656e742e696e636569662e6564752e6d792f7265736f757263655f626f6f6b696e672f70726f6a6563742f61646d696e2f6170706f696e746d656e745f6d616e616765722f6e65775f6170706f696e746d656e74223b),
('49f0f43243f4d3300e5ff95a50f2891c', '172.16.150.1', 1775017754, 0x5f5f63695f6c6173745f726567656e65726174657c693a313737353031373735343b5f707265765f75726c7c733a3130303a2268747470733a2f2f646576656c6f706d656e742e696e636569662e6564752e6d792f7265736f757263655f626f6f6b696e672f70726f6a6563742f61646d696e2f6170706f696e746d656e745f6d616e616765722f6e65775f6170706f696e746d656e74223b73746166665f757365725f69647c733a313a2238223b73746166665f6c6f676765645f696e7c623a313b73657475702d6d656e752d6f70656e7c733a303a22223b),
('4a664b71aff09ac56082b995087570e2', '172.16.150.1', 1775020946, 0x5f5f63695f6c6173745f726567656e65726174657c693a313737353032303934363b73746166665f757365725f69647c733a323a223439223b73746166665f6c6f676765645f696e7c623a313b73657475702d6d656e752d6f70656e7c733a303a22223b5f707265765f75726c7c733a3130313a2268747470733a2f2f646576656c6f706d656e742e696e636569662e6564752e6d792f7265736f757263655f626f6f6b696e672f70726f6a6563742f61646d696e2f6170706f696e746d656e745f6d616e616765722f616c6c5f6170706f696e746d656e7473223b),
('4ccc1ccb3150a81bf224fc459af1a2e9', '172.16.150.1', 1775013238, 0x5f5f63695f6c6173745f726567656e65726174657c693a313737353031333233383b73746166665f757365725f69647c733a323a223439223b73746166665f6c6f676765645f696e7c623a313b73657475702d6d656e752d6f70656e7c733a303a22223b5f707265765f75726c7c733a3130303a2268747470733a2f2f646576656c6f706d656e742e696e636569662e6564752e6d792f7265736f757263655f626f6f6b696e672f70726f6a6563742f61646d696e2f6170706f696e746d656e745f6d616e616765722f6e65775f6170706f696e746d656e74223b),
('562854554120f04c1784e1bc7765c83e', '172.16.150.1', 1775010593, 0x5f5f63695f6c6173745f726567656e65726174657c693a313737353031303539333b73746166665f757365725f69647c733a323a223439223b73746166665f6c6f676765645f696e7c623a313b73657475702d6d656e752d6f70656e7c733a303a22223b5f707265765f75726c7c733a39353a2268747470733a2f2f646576656c6f706d656e742e696e636569662e6564752e6d792f7265736f757263655f626f6f6b696e672f70726f6a6563742f61646d696e2f6170706f696e746d656e745f6d616e616765722f74726561746d656e7473223b),
('61262721aed3cd30d8be984eb867a264', '172.16.150.1', 1775016768, 0x5f5f63695f6c6173745f726567656e65726174657c693a313737353031363736383b73746166665f757365725f69647c733a323a223439223b73746166665f6c6f676765645f696e7c623a313b73657475702d6d656e752d6f70656e7c733a303a22223b5f707265765f75726c7c733a37373a2268747470733a2f2f646576656c6f706d656e742e696e636569662e6564752e6d792f7265736f757263655f626f6f6b696e672f70726f6a6563742f61646d696e2f726f6c65732f726f6c652f32223b),
('6210decadf1b46d512dbc053ada5f806', '172.16.150.1', 1775025683, 0x5f5f63695f6c6173745f726567656e65726174657c693a313737353032353638333b5f707265765f75726c7c733a38343a2268747470733a2f2f646576656c6f706d656e742e696e636569662e6564752e6d792f7265736f757263655f626f6f6b696e672f70726f6a6563742f61646d696e2f6170706f696e746d656e745f6d616e61676572223b73746166665f757365725f69647c733a313a2238223b73746166665f6c6f676765645f696e7c623a313b73657475702d6d656e752d6f70656e7c733a303a22223b),
('640bdd2c7173f2b782576584fb35a114', '172.16.150.1', 1775015837, 0x5f5f63695f6c6173745f726567656e65726174657c693a313737353031353833373b73746166665f757365725f69647c733a323a223439223b73746166665f6c6f676765645f696e7c623a313b73657475702d6d656e752d6f70656e7c733a303a22223b5f707265765f75726c7c733a38343a2268747470733a2f2f646576656c6f706d656e742e696e636569662e6564752e6d792f7265736f757263655f626f6f6b696e672f70726f6a6563742f61646d696e2f6170706f696e746d656e745f6d616e61676572223b),
('6e5e0373d2587c1e6c3dc19258472b79', '172.16.150.1', 1775022337, 0x5f5f63695f6c6173745f726567656e65726174657c693a313737353032323333373b5f707265765f75726c7c733a3130303a2268747470733a2f2f646576656c6f706d656e742e696e636569662e6564752e6d792f7265736f757263655f626f6f6b696e672f70726f6a6563742f61646d696e2f6170706f696e746d656e745f6d616e616765722f6e65775f6170706f696e746d656e74223b73746166665f757365725f69647c733a313a2238223b73746166665f6c6f676765645f696e7c623a313b73657475702d6d656e752d6f70656e7c733a303a22223b),
('735b78ab85340b74961e202f1d075f44', '172.16.150.1', 1775017099, 0x5f5f63695f6c6173745f726567656e65726174657c693a313737353031373039393b73746166665f757365725f69647c733a323a223439223b73746166665f6c6f676765645f696e7c623a313b73657475702d6d656e752d6f70656e7c733a303a22223b5f707265765f75726c7c733a38343a2268747470733a2f2f646576656c6f706d656e742e696e636569662e6564752e6d792f7265736f757263655f626f6f6b696e672f70726f6a6563742f61646d696e2f6170706f696e746d656e745f6d616e61676572223b),
('73fd52811a354085387b704b7ef6993d', '172.16.150.1', 1775020206, 0x5f5f63695f6c6173745f726567656e65726174657c693a313737353032303230363b5f707265765f75726c7c733a3130303a2268747470733a2f2f646576656c6f706d656e742e696e636569662e6564752e6d792f7265736f757263655f626f6f6b696e672f70726f6a6563742f61646d696e2f6170706f696e746d656e745f6d616e616765722f6e65775f6170706f696e746d656e74223b73746166665f757365725f69647c733a313a2238223b73746166665f6c6f676765645f696e7c623a313b73657475702d6d656e752d6f70656e7c733a303a22223b),
('773fb84c2786fb274108adad5fa64a47', '172.16.150.1', 1775015158, 0x5f5f63695f6c6173745f726567656e65726174657c693a313737353031353135383b73746166665f757365725f69647c733a323a223439223b73746166665f6c6f676765645f696e7c623a313b73657475702d6d656e752d6f70656e7c733a303a22223b5f707265765f75726c7c733a38343a2268747470733a2f2f646576656c6f706d656e742e696e636569662e6564752e6d792f7265736f757263655f626f6f6b696e672f70726f6a6563742f61646d696e2f6170706f696e746d656e745f6d616e61676572223b),
('835be91606c93917f19869e5b8246f30', '172.16.150.1', 1775022370, 0x5f5f63695f6c6173745f726567656e65726174657c693a313737353032323337303b73746166665f757365725f69647c733a323a223439223b73746166665f6c6f676765645f696e7c623a313b73657475702d6d656e752d6f70656e7c733a303a22223b5f707265765f75726c7c733a38373a2268747470733a2f2f646576656c6f706d656e742e696e636569662e6564752e6d792f7265736f757263655f626f6f6b696e672f70726f6a6563742f61646d696e2f7574696c69746965732f61637469766974795f6c6f67223b),
('8a5e94bfec13d931b02c9bd428dc8b3c', '172.16.150.1', 1775016676, 0x5f5f63695f6c6173745f726567656e65726174657c693a313737353031363637363b5f707265765f75726c7c733a3130313a2268747470733a2f2f646576656c6f706d656e742e696e636569662e6564752e6d792f7265736f757263655f626f6f6b696e672f70726f6a6563742f61646d696e2f6170706f696e746d656e745f6d616e616765722f616c6c5f6170706f696e746d656e7473223b73746166665f757365725f69647c733a313a2238223b73746166665f6c6f676765645f696e7c623a313b73657475702d6d656e752d6f70656e7c733a303a22223b),
('8b7a775be66cb56c82e3374bf4721c79', '172.16.150.1', 1775017447, 0x5f5f63695f6c6173745f726567656e65726174657c693a313737353031373434373b5f707265765f75726c7c733a3130313a2268747470733a2f2f646576656c6f706d656e742e696e636569662e6564752e6d792f7265736f757263655f626f6f6b696e672f70726f6a6563742f61646d696e2f6170706f696e746d656e745f6d616e616765722f616c6c5f6170706f696e746d656e7473223b73746166665f757365725f69647c733a313a2238223b73746166665f6c6f676765645f696e7c623a313b73657475702d6d656e752d6f70656e7c733a303a22223b),
('953278bc6fe06da148934ee87feca0f5', '172.16.150.1', 1775017474, 0x5f5f63695f6c6173745f726567656e65726174657c693a313737353031373437343b73746166665f757365725f69647c733a323a223439223b73746166665f6c6f676765645f696e7c623a313b73657475702d6d656e752d6f70656e7c733a303a22223b5f707265765f75726c7c733a38343a2268747470733a2f2f646576656c6f706d656e742e696e636569662e6564752e6d792f7265736f757263655f626f6f6b696e672f70726f6a6563742f61646d696e2f6170706f696e746d656e745f6d616e61676572223b),
('96e0bb0fcccd8e0b554e61d2e6da60f6', '172.16.150.1', 1775017841, 0x5f5f63695f6c6173745f726567656e65726174657c693a313737353031373834313b73746166665f757365725f69647c733a323a223439223b73746166665f6c6f676765645f696e7c623a313b73657475702d6d656e752d6f70656e7c733a303a22223b5f707265765f75726c7c733a3130313a2268747470733a2f2f646576656c6f706d656e742e696e636569662e6564752e6d792f7265736f757263655f626f6f6b696e672f70726f6a6563742f61646d696e2f6170706f696e746d656e745f6d616e616765722f616c6c5f6170706f696e746d656e7473223b),
('a6e30c4e26946ce84efc285030c551ad', '172.16.150.1', 1775022982, 0x5f5f63695f6c6173745f726567656e65726174657c693a313737353032323938323b5f707265765f75726c7c733a3130303a2268747470733a2f2f646576656c6f706d656e742e696e636569662e6564752e6d792f7265736f757263655f626f6f6b696e672f70726f6a6563742f61646d696e2f6170706f696e746d656e745f6d616e616765722f6e65775f6170706f696e746d656e74223b73746166665f757365725f69647c733a313a2238223b73746166665f6c6f676765645f696e7c623a313b73657475702d6d656e752d6f70656e7c733a303a22223b),
('a92e28fdd211fd3497a8c275001b9fc2', '172.16.150.1', 1775003281, 0x5f5f63695f6c6173745f726567656e65726174657c693a313737353030333238303b7265645f75726c7c733a38343a2268747470733a2f2f646576656c6f706d656e742e696e636569662e6564752e6d792f7265736f757263655f626f6f6b696e672f70726f6a6563742f61646d696e2f6170706f696e746d656e745f6d616e61676572223b5f707265765f75726c7c733a37393a2268747470733a2f2f646576656c6f706d656e742e696e636569662e6564752e6d792f7265736f757263655f626f6f6b696e672f70726f6a6563742f61646d696e2f61757468656e7469636174696f6e223b),
('aff2c91ab6aeb0657f83ce68494cc4e4', '179.61.240.69', 1775009034, 0x5f5f63695f6c6173745f726567656e65726174657c693a313737353030393032313b7265645f75726c7c733a35393a2268747470733a2f2f646576656c6f706d656e742e696e636569662e6564752e6d792f7265736f757263655f626f6f6b696e672f70726f6a6563742f223b),
('b1d12cc0e1282de4cbe574e00c54a02b', '172.16.150.1', 1775024066, 0x5f5f63695f6c6173745f726567656e65726174657c693a313737353032343036363b5f707265765f75726c7c733a36343a2268747470733a2f2f646576656c6f706d656e742e696e636569662e6564752e6d792f7265736f757263655f626f6f6b696e672f70726f6a6563742f61646d696e223b73746166665f757365725f69647c733a313a2238223b73746166665f6c6f676765645f696e7c623a313b73657475702d6d656e752d6f70656e7c733a303a22223b),
('b994d08a8b1c0115620c6aebeaa15146', '172.16.150.1', 1775024864, 0x5f5f63695f6c6173745f726567656e65726174657c693a313737353032343836343b5f707265765f75726c7c733a3130313a2268747470733a2f2f646576656c6f706d656e742e696e636569662e6564752e6d792f7265736f757263655f626f6f6b696e672f70726f6a6563742f61646d696e2f6170706f696e746d656e745f6d616e616765722f616c6c5f6170706f696e746d656e7473223b73746166665f757365725f69647c733a313a2238223b73746166665f6c6f676765645f696e7c623a313b73657475702d6d656e752d6f70656e7c733a303a22223b),
('bbff2744a807f241974c056215996100', '172.16.150.1', 1775024852, 0x5f5f63695f6c6173745f726567656e65726174657c693a313737353032343835323b73746166665f757365725f69647c733a323a223439223b73746166665f6c6f676765645f696e7c623a313b73657475702d6d656e752d6f70656e7c733a303a22223b5f707265765f75726c7c733a3130313a2268747470733a2f2f646576656c6f706d656e742e696e636569662e6564752e6d792f7265736f757263655f626f6f6b696e672f70726f6a6563742f61646d696e2f6170706f696e746d656e745f6d616e616765722f616c6c5f6170706f696e746d656e7473223b),
('bcf5e882d73ab08baa55c605bc8a9b11', '172.16.150.1', 1775014186, 0x5f5f63695f6c6173745f726567656e65726174657c693a313737353031343138363b73746166665f757365725f69647c733a323a223439223b73746166665f6c6f676765645f696e7c623a313b73657475702d6d656e752d6f70656e7c733a303a22223b5f707265765f75726c7c733a3130313a2268747470733a2f2f646576656c6f706d656e742e696e636569662e6564752e6d792f7265736f757263655f626f6f6b696e672f70726f6a6563742f61646d696e2f6170706f696e746d656e745f6d616e616765722f616c6c5f6170706f696e746d656e7473223b),
('c0f11cd50ed72e4275c453387fe55340', '172.16.150.1', 1774999101, 0x5f5f63695f6c6173745f726567656e65726174657c693a313737343939383831333b5f707265765f75726c7c733a39353a2268747470733a2f2f646576656c6f706d656e742e696e636569662e6564752e6d792f7265736f757263655f626f6f6b696e672f70726f6a6563742f61646d696e2f6170706f696e746d656e745f6d616e616765722f74726561746d656e7473223b73746166665f757365725f69647c733a323a223439223b73746166665f6c6f676765645f696e7c623a313b73657475702d6d656e752d6f70656e7c733a303a22223b),
('c0f3cb8b9b42b6b3ee077b93e2418504', '172.16.150.1', 1775022987, 0x5f5f63695f6c6173745f726567656e65726174657c693a313737353032323938363b73746166665f757365725f69647c733a323a223439223b73746166665f6c6f676765645f696e7c623a313b73657475702d6d656e752d6f70656e7c733a303a22223b5f707265765f75726c7c733a3130303a2268747470733a2f2f646576656c6f706d656e742e696e636569662e6564752e6d792f7265736f757263655f626f6f6b696e672f70726f6a6563742f61646d696e2f6170706f696e746d656e745f6d616e616765722f6e65775f6170706f696e746d656e74223b),
('c3c7cfe52d2983d26b8258671fe086c4', '172.16.150.1', 1775013775, 0x5f5f63695f6c6173745f726567656e65726174657c693a313737353031333737353b73746166665f757365725f69647c733a323a223439223b73746166665f6c6f676765645f696e7c623a313b73657475702d6d656e752d6f70656e7c733a303a22223b5f707265765f75726c7c733a3130303a2268747470733a2f2f646576656c6f706d656e742e696e636569662e6564752e6d792f7265736f757263655f626f6f6b696e672f70726f6a6563742f61646d696e2f6170706f696e746d656e745f6d616e616765722f6e65775f6170706f696e746d656e74223b),
('c48411431d69e4c409d4c29d768886a1', '172.16.150.1', 1775010291, 0x5f5f63695f6c6173745f726567656e65726174657c693a313737353031303239313b73746166665f757365725f69647c733a323a223439223b73746166665f6c6f676765645f696e7c623a313b73657475702d6d656e752d6f70656e7c733a303a22223b5f707265765f75726c7c733a36343a2268747470733a2f2f646576656c6f706d656e742e696e636569662e6564752e6d792f7265736f757263655f626f6f6b696e672f70726f6a6563742f61646d696e223b),
('c5d9181aca52e10bdb9241da70ac67bc', '172.16.150.1', 1774999816, 0x5f5f63695f6c6173745f726567656e65726174657c693a313737343939393831363b7265645f75726c7c733a39353a2268747470733a2f2f646576656c6f706d656e742e696e636569662e6564752e6d792f7265736f757263655f626f6f6b696e672f70726f6a6563742f61646d696e2f6170706f696e746d656e745f6d616e616765722f74726561746d656e7473223b5f707265765f75726c7c733a37393a2268747470733a2f2f646576656c6f706d656e742e696e636569662e6564752e6d792f7265736f757263655f626f6f6b696e672f70726f6a6563742f61646d696e2f61757468656e7469636174696f6e223b),
('c66044dc264392f4bec5ee9ae8d8e321', '172.16.150.1', 1775027341, 0x5f5f63695f6c6173745f726567656e65726174657c693a313737353032373334313b73746166665f757365725f69647c733a323a223439223b73746166665f6c6f676765645f696e7c623a313b73657475702d6d656e752d6f70656e7c733a303a22223b5f707265765f75726c7c733a3130313a2268747470733a2f2f646576656c6f706d656e742e696e636569662e6564752e6d792f7265736f757263655f626f6f6b696e672f70726f6a6563742f61646d696e2f6170706f696e746d656e745f6d616e616765722f616c6c5f6170706f696e746d656e7473223b),
('cd6a4ca523a9b25dc08d4497fd845c5a', '172.16.150.1', 1775027347, 0x5f5f63695f6c6173745f726567656e65726174657c693a313737353032373334313b73746166665f757365725f69647c733a323a223439223b73746166665f6c6f676765645f696e7c623a313b73657475702d6d656e752d6f70656e7c733a303a22223b5f707265765f75726c7c733a38343a2268747470733a2f2f646576656c6f706d656e742e696e636569662e6564752e6d792f7265736f757263655f626f6f6b696e672f70726f6a6563742f61646d696e2f6170706f696e746d656e745f6d616e61676572223b),
('dccfefe805299e05e28ec15b39fe9c09', '179.61.240.69', 1775009061, 0x5f5f63695f6c6173745f726567656e65726174657c693a313737353030393034323b5f707265765f75726c7c733a37393a2268747470733a2f2f646576656c6f706d656e742e696e636569662e6564752e6d792f7265736f757263655f626f6f6b696e672f70726f6a6563742f61646d696e2f61757468656e7469636174696f6e223b),
('dcdedf563076d300c5b73dcd2d2cb11a', '172.16.150.1', 1775018163, 0x5f5f63695f6c6173745f726567656e65726174657c693a313737353031383136333b73746166665f757365725f69647c733a323a223439223b73746166665f6c6f676765645f696e7c623a313b73657475702d6d656e752d6f70656e7c733a303a22223b5f707265765f75726c7c733a38343a2268747470733a2f2f646576656c6f706d656e742e696e636569662e6564752e6d792f7265736f757263655f626f6f6b696e672f70726f6a6563742f61646d696e2f6170706f696e746d656e745f6d616e61676572223b),
('dd2dbdf7f2b183e97375c609969ec4bc', '172.16.150.1', 1775021578, 0x5f5f63695f6c6173745f726567656e65726174657c693a313737353032313537383b5f707265765f75726c7c733a3130313a2268747470733a2f2f646576656c6f706d656e742e696e636569662e6564752e6d792f7265736f757263655f626f6f6b696e672f70726f6a6563742f61646d696e2f6170706f696e746d656e745f6d616e616765722f616c6c5f6170706f696e746d656e7473223b73746166665f757365725f69647c733a313a2238223b73746166665f6c6f676765645f696e7c623a313b73657475702d6d656e752d6f70656e7c733a303a22223b),
('eb5c75e9c80bc549e1226643f9f92be6', '172.16.150.1', 1775023598, 0x5f5f63695f6c6173745f726567656e65726174657c693a313737353032333539383b73746166665f757365725f69647c733a323a223439223b73746166665f6c6f676765645f696e7c623a313b73657475702d6d656e752d6f70656e7c733a303a22223b5f707265765f75726c7c733a3130313a2268747470733a2f2f646576656c6f706d656e742e696e636569662e6564752e6d792f7265736f757263655f626f6f6b696e672f70726f6a6563742f61646d696e2f6170706f696e746d656e745f6d616e616765722f616c6c5f6170706f696e746d656e7473223b),
('efbd8e0bfe12f15ae1f89d3df5df749b', '172.16.150.1', 1775025820, 0x5f5f63695f6c6173745f726567656e65726174657c693a313737353032353832303b73746166665f757365725f69647c733a323a223439223b73746166665f6c6f676765645f696e7c623a313b73657475702d6d656e752d6f70656e7c733a303a22223b5f707265765f75726c7c733a3130313a2268747470733a2f2f646576656c6f706d656e742e696e636569662e6564752e6d792f7265736f757263655f626f6f6b696e672f70726f6a6563742f61646d696e2f6170706f696e746d656e745f6d616e616765722f616c6c5f6170706f696e746d656e7473223b),
('f1261c6c51216471a1dcec8fe48c8ed0', '172.16.150.1', 1775019714, 0x5f5f63695f6c6173745f726567656e65726174657c693a313737353031393731343b5f707265765f75726c7c733a3130313a2268747470733a2f2f646576656c6f706d656e742e696e636569662e6564752e6d792f7265736f757263655f626f6f6b696e672f70726f6a6563742f61646d696e2f6170706f696e746d656e745f6d616e616765722f616c6c5f6170706f696e746d656e7473223b73746166665f757365725f69647c733a313a2238223b73746166665f6c6f676765645f696e7c623a313b73657475702d6d656e752d6f70656e7c733a303a22223b),
('f23c6d0d8874489f310b3ad7cb746662', '172.16.150.1', 1775012914, 0x5f5f63695f6c6173745f726567656e65726174657c693a313737353031323931343b73746166665f757365725f69647c733a323a223439223b73746166665f6c6f676765645f696e7c623a313b73657475702d6d656e752d6f70656e7c733a303a22223b5f707265765f75726c7c733a3130303a2268747470733a2f2f646576656c6f706d656e742e696e636569662e6564752e6d792f7265736f757263655f626f6f6b696e672f70726f6a6563742f61646d696e2f6170706f696e746d656e745f6d616e616765722f6e65775f6170706f696e746d656e74223b),
('fea04e752064b5aacc2f03b62fdf8a52', '172.16.150.1', 1775024377, 0x5f5f63695f6c6173745f726567656e65726174657c693a313737353032343337373b5f707265765f75726c7c733a3130313a2268747470733a2f2f646576656c6f706d656e742e696e636569662e6564752e6d792f7265736f757263655f626f6f6b696e672f70726f6a6563742f61646d696e2f6170706f696e746d656e745f6d616e616765722f616c6c5f6170706f696e746d656e7473223b73746166665f757365725f69647c733a313a2238223b73746166665f6c6f676765645f696e7c623a313b73657475702d6d656e752d6f70656e7c733a303a22223b);

-- --------------------------------------------------------

--
-- Table structure for table `tblsetting_asset_allocation`
--

CREATE TABLE `tblsetting_asset_allocation` (
  `id` int(10) UNSIGNED NOT NULL,
  `name` varchar(150) DEFAULT NULL,
  `meta` varchar(50) DEFAULT NULL
) ENGINE=InnoDB DEFAULT CHARSET=utf8mb4 COLLATE=utf8mb4_unicode_ci;

-- --------------------------------------------------------

--
-- Table structure for table `tblsetting_training`
--

CREATE TABLE `tblsetting_training` (
  `id` int(11) NOT NULL,
  `training_type` int(11) NOT NULL,
  `position_training` varchar(100) DEFAULT NULL
) ENGINE=InnoDB DEFAULT CHARSET=utf8mb4 COLLATE=utf8mb4_unicode_ci;

-- --------------------------------------------------------

--
-- Table structure for table `tblsetting_transfer_records`
--

CREATE TABLE `tblsetting_transfer_records` (
  `id` int(10) UNSIGNED NOT NULL,
  `name` varchar(150) DEFAULT NULL,
  `meta` varchar(50) DEFAULT NULL
) ENGINE=InnoDB DEFAULT CHARSET=utf8mb4 COLLATE=utf8mb4_unicode_ci;

-- --------------------------------------------------------

--
-- Table structure for table `tblshared_customer_files`
--

CREATE TABLE `tblshared_customer_files` (
  `file_id` int(11) NOT NULL,
  `contact_id` int(11) NOT NULL
) ENGINE=InnoDB DEFAULT CHARSET=utf8mb4 COLLATE=utf8mb4_unicode_ci;

-- --------------------------------------------------------

--
-- Table structure for table `tblspam_filters`
--

CREATE TABLE `tblspam_filters` (
  `id` int(11) NOT NULL,
  `type` varchar(40) NOT NULL,
  `rel_type` varchar(10) NOT NULL,
  `value` mediumtext NOT NULL
) ENGINE=InnoDB DEFAULT CHARSET=utf8mb4 COLLATE=utf8mb4_unicode_ci;

-- --------------------------------------------------------

--
-- Table structure for table `tblstaff`
--

CREATE TABLE `tblstaff` (
  `staffid` int(11) NOT NULL,
  `email` varchar(100) NOT NULL,
  `firstname` varchar(50) NOT NULL,
  `lastname` varchar(50) NOT NULL,
  `position` varchar(50) NOT NULL,
  `inceif_staff_id` varchar(6) NOT NULL,
  `hod` int(11) NOT NULL,
  `facebook` longtext DEFAULT NULL,
  `linkedin` longtext DEFAULT NULL,
  `phonenumber` varchar(30) DEFAULT NULL,
  `skype` varchar(50) DEFAULT NULL,
  `password` varchar(250) NOT NULL,
  `datecreated` datetime NOT NULL,
  `profile_image` varchar(191) DEFAULT NULL,
  `last_ip` varchar(40) DEFAULT NULL,
  `last_login` datetime DEFAULT NULL,
  `last_activity` datetime DEFAULT NULL,
  `last_password_change` datetime DEFAULT NULL,
  `new_pass_key` varchar(32) DEFAULT NULL,
  `new_pass_key_requested` datetime DEFAULT NULL,
  `admin` int(11) NOT NULL DEFAULT 0,
  `role` int(11) DEFAULT NULL,
  `active` int(11) NOT NULL DEFAULT 1,
  `default_language` varchar(40) DEFAULT NULL,
  `direction` varchar(3) DEFAULT NULL,
  `media_path_slug` varchar(191) DEFAULT NULL,
  `is_not_staff` int(11) NOT NULL DEFAULT 0,
  `hourly_rate` decimal(15,2) NOT NULL DEFAULT 0.00,
  `two_factor_auth_enabled` tinyint(1) DEFAULT 0,
  `two_factor_auth_code` varchar(100) DEFAULT NULL,
  `two_factor_auth_code_requested` datetime DEFAULT NULL,
  `email_signature` mediumtext DEFAULT NULL,
  `birthday` date DEFAULT NULL,
  `birthplace` varchar(200) DEFAULT NULL,
  `sex` varchar(15) DEFAULT NULL,
  `marital_status` varchar(25) DEFAULT NULL,
  `nation` varchar(25) DEFAULT NULL,
  `religion` varchar(50) DEFAULT NULL,
  `identification` varchar(100) DEFAULT NULL,
  `days_for_identity` date DEFAULT NULL,
  `home_town` varchar(200) DEFAULT NULL,
  `resident` varchar(200) DEFAULT NULL,
  `current_address` varchar(200) DEFAULT NULL,
  `literacy` varchar(50) DEFAULT NULL,
  `orther_infor` text DEFAULT NULL,
  `job_position` int(11) DEFAULT NULL,
  `workplace` int(11) DEFAULT NULL,
  `place_of_issue` varchar(50) DEFAULT NULL,
  `account_number` varchar(50) DEFAULT NULL,
  `name_account` varchar(50) DEFAULT NULL,
  `issue_bank` varchar(200) DEFAULT NULL,
  `records_received` longtext DEFAULT NULL,
  `Personal_tax_code` varchar(50) DEFAULT NULL,
  `google_auth_secret` mediumtext DEFAULT NULL,
  `team_manage` int(11) DEFAULT 0,
  `staff_identifi` varchar(200) DEFAULT NULL,
  `status_work` varchar(100) DEFAULT NULL,
  `date_update` date DEFAULT NULL,
  `epf_no` text DEFAULT NULL,
  `social_security_no` text DEFAULT NULL
) ENGINE=InnoDB DEFAULT CHARSET=utf8mb4 COLLATE=utf8mb4_unicode_ci;

--
-- Dumping data for table `tblstaff`
--

INSERT INTO `tblstaff` (`staffid`, `email`, `firstname`, `lastname`, `position`, `inceif_staff_id`, `hod`, `facebook`, `linkedin`, `phonenumber`, `skype`, `password`, `datecreated`, `profile_image`, `last_ip`, `last_login`, `last_activity`, `last_password_change`, `new_pass_key`, `new_pass_key_requested`, `admin`, `role`, `active`, `default_language`, `direction`, `media_path_slug`, `is_not_staff`, `hourly_rate`, `two_factor_auth_enabled`, `two_factor_auth_code`, `two_factor_auth_code_requested`, `email_signature`, `birthday`, `birthplace`, `sex`, `marital_status`, `nation`, `religion`, `identification`, `days_for_identity`, `home_town`, `resident`, `current_address`, `literacy`, `orther_infor`, `job_position`, `workplace`, `place_of_issue`, `account_number`, `name_account`, `issue_bank`, `records_received`, `Personal_tax_code`, `google_auth_secret`, `team_manage`, `staff_identifi`, `status_work`, `date_update`, `epf_no`, `social_security_no`) VALUES
(1, 'izaham_OLD@inceif.edu.my', 'Izaham Shah', 'Bin Musa', 'Director of Strategic Planning & Risk Management', '000208', 9, '', '', '', '', '$2a$08$qq7vF/N.JL2PuzxteQrl6O3L3QhJXx1JVJDRD.mAtjq6NTU.GaKme', '2025-12-15 09:38:54', NULL, '172.69.85.157', '2026-03-05 11:42:05', '2026-03-05 11:49:05', NULL, NULL, NULL, 1, 0, 1, '', '', NULL, 0, 0.00, 0, NULL, NULL, '', NULL, NULL, NULL, NULL, NULL, NULL, NULL, NULL, NULL, NULL, NULL, NULL, NULL, NULL, NULL, NULL, NULL, NULL, NULL, NULL, NULL, NULL, 0, NULL, NULL, NULL, NULL, NULL),
(3, 'zahrina@inceif.edu.my', 'Zahrina Binti ', 'Abu Bakar', 'Manager of Human Capital', '000310', 7, '', '', '', '', '$2a$08$6H9IHJJUAbudPKTLsQQm..Bv2ChtFnJ8Rz4P9Ru1q3EOS7fWMh.JG', '2026-01-06 12:11:27', NULL, '104.23.175.142', '2026-02-04 09:15:12', '2026-02-04 09:52:04', NULL, NULL, NULL, 0, 3, 1, '', '', 'zahrina-abu-bakar', 0, 0.00, 0, NULL, NULL, '', NULL, NULL, NULL, NULL, NULL, NULL, NULL, NULL, NULL, NULL, NULL, NULL, NULL, NULL, NULL, NULL, NULL, NULL, NULL, NULL, NULL, NULL, 0, NULL, NULL, NULL, NULL, NULL),
(4, 'hazim@inceif.edu.my', 'Muhammad Hazim Ikhwan', 'Bin Muhamad Jasman', 'Senior Executive, Human Capital', '000360', 7, '', '', '', '', '$2a$08$tXdY4G41QnS609VW0.Ubf.SypDKzeSmEsRD0hFkQsX.K7G4JPMljO', '2026-01-06 12:12:50', NULL, '172.69.85.156', '2026-02-04 11:28:09', '2026-02-04 11:28:12', NULL, NULL, NULL, 0, 3, 1, '', '', 'muhammad-hazim-ikhwan-muhamad-jasman', 0, 0.00, 0, NULL, NULL, '', NULL, NULL, NULL, NULL, NULL, NULL, NULL, NULL, NULL, NULL, NULL, NULL, NULL, NULL, NULL, NULL, NULL, NULL, NULL, NULL, NULL, NULL, 0, NULL, NULL, NULL, NULL, NULL),
(5, 'adila.izzaty@inceif.edu.my', 'Adila Izzaty Binti', 'Roslan', 'Executive', '000339', 7, '', '', '', '', '$2a$08$lj9QHMgWPEtRqEpXpK0pEeXCeONpqv0qErJUURAURCClug6hQQy1i', '2026-01-06 12:13:56', NULL, '104.23.175.143', '2026-01-19 12:09:46', '2026-01-19 14:52:45', NULL, NULL, NULL, 0, 2, 1, '', '', 'adila-izzaty-roslan', 0, 0.00, 0, NULL, NULL, '', NULL, NULL, NULL, NULL, NULL, NULL, NULL, NULL, NULL, NULL, NULL, NULL, NULL, NULL, NULL, NULL, NULL, NULL, NULL, NULL, NULL, NULL, 0, NULL, NULL, NULL, NULL, NULL),
(6, 'norsyafinas@inceif.edu.my', 'Norsyafinas Hyatt ', 'Binti Hamdan', 'Executive, Human Capital', '000382', 7, '', '', '', '', '$2a$08$9PWiW1L7XbwYh6hQDyrdAONCd4D4EjPYpaYlGYdt3XsXRhhOIMnaq', '2026-01-06 12:14:41', NULL, '104.23.175.216', '2026-01-27 16:19:02', '2026-01-27 16:19:54', NULL, NULL, NULL, 0, 2, 1, '', '', 'norsyafinas-hyatt-hamdan', 0, 0.00, 0, NULL, NULL, '', NULL, NULL, NULL, NULL, NULL, NULL, NULL, NULL, NULL, NULL, NULL, NULL, NULL, NULL, NULL, NULL, NULL, NULL, NULL, NULL, NULL, NULL, 0, NULL, NULL, NULL, NULL, NULL),
(7, 'jamiekoh@inceif.edu.my', 'Jamie Koh ', 'Phaik Chin', 'Director', '000112', 9, '', '', '', '', '$2a$08$NDyf9A1CDDxiG7si0MfKt.06132LBgHPYwaXdkGpjfkP7EQDg8uli', '2026-01-06 12:15:41', NULL, '162.158.108.170', '2026-02-05 14:36:43', '2026-02-05 14:36:43', NULL, NULL, NULL, 0, 3, 1, '', '', 'jamie-koh-phaik-chin', 0, 0.00, 0, NULL, NULL, '', NULL, NULL, NULL, NULL, NULL, NULL, NULL, NULL, NULL, NULL, NULL, NULL, NULL, NULL, NULL, NULL, NULL, NULL, NULL, NULL, NULL, NULL, 0, NULL, NULL, NULL, NULL, NULL),
(8, 'helpdesk@inceif.edu.my', 'Helpdesk', 'Adam', 'Helpdesk', '000244', 49, '', '', '', '', '$2a$08$bT5N5XQvyu1FwTthB1LWO.80PiBJrtZJKB0f1YbVaD43Ok1gUvCM2', '2026-01-08 17:47:09', NULL, '172.16.150.1', '2026-04-01 12:06:17', '2026-04-01 14:45:03', '2026-02-06 14:28:31', NULL, NULL, 0, 2, 1, 'english', '', 'helpdesk-adam', 0, 0.00, 0, NULL, NULL, '', NULL, NULL, NULL, NULL, NULL, NULL, NULL, NULL, NULL, NULL, NULL, NULL, NULL, NULL, NULL, NULL, NULL, NULL, NULL, NULL, NULL, NULL, 0, NULL, NULL, NULL, NULL, NULL),
(9, 'azmiomar@inceif.edu.my', 'Prof. Dato\' Dr. Mohd Azmi ', 'Bin Omar', 'President & CEO', '000292', 9, '', '', '', '', '$2a$08$OdPDdOdtEFVITX5svUNksOU836JH3wrcq1rYsdrXb1vSQ/0kjhN/q', '2026-01-11 13:33:21', NULL, '162.158.192.183', '2026-01-31 16:20:47', '2026-01-31 18:31:15', NULL, NULL, NULL, 0, 4, 1, '', '', 'prof-dato-dr-mohd-azmi-bin-omar', 0, 0.00, 0, NULL, NULL, '', NULL, NULL, NULL, NULL, NULL, NULL, NULL, NULL, NULL, NULL, NULL, NULL, NULL, NULL, NULL, NULL, NULL, NULL, NULL, NULL, NULL, NULL, 0, NULL, NULL, NULL, NULL, NULL),
(10, 'raja.shahadan@inceif.edu.my', 'Raja Mohamad Shahadan', ' Bin Raja Mohamed', 'Chief Financial Officer', '000372', 9, '', '', '', '', '$2a$08$MqrdDcgc9LlMA1ZGjjZIteqYaGgFbCGs3ZI3TRWNGunzen94Do.u2', '2026-01-11 13:34:59', NULL, '108.162.226.66', '2026-01-30 16:09:23', '2026-01-30 16:10:49', NULL, NULL, NULL, 0, 2, 1, '', '', 'raja-mohamad-shahadan-bin-raja-mohamed', 0, 0.00, 0, NULL, NULL, '', NULL, NULL, NULL, NULL, NULL, NULL, NULL, NULL, NULL, NULL, NULL, NULL, NULL, NULL, NULL, NULL, NULL, NULL, NULL, NULL, NULL, NULL, 0, NULL, NULL, NULL, NULL, NULL),
(11, 'zarina-isra@inceif.edu.my', 'Zarina Binti ', 'Abu Bakar', 'Director of Campus Facilities & Services', 'IS060', 10, '', '', '', '', '$2a$08$DHJ3hSjTLaZVhPQhImUGv.LPE8mSxSZMPvlorFEQVZE052WeXpdT2', '2026-01-11 13:35:50', NULL, '172.71.124.14', '2026-01-31 19:17:15', '2026-01-31 20:01:23', NULL, NULL, NULL, 0, 2, 1, '', '', 'zarina-binti-abu-bakar', 0, 0.00, 0, NULL, NULL, '', NULL, NULL, NULL, NULL, NULL, NULL, NULL, NULL, NULL, NULL, NULL, NULL, NULL, NULL, NULL, NULL, NULL, NULL, NULL, NULL, NULL, NULL, 0, NULL, NULL, NULL, NULL, NULL),
(12, 'nurulain@inceif.edu.my', 'Nurul Ain ', 'Binti Rosman', 'Assistant Manager, USR & Asset Management', '000030', 11, '', '', '', '', '$2a$08$jIsgNIb7DFbuPjgl/vPxweptVIYNFJ8RhPHbv0aZhaKD7ZTso8OMO', '2026-01-11 13:39:01', NULL, '172.71.124.14', '2026-01-29 18:03:23', '2026-01-29 18:31:32', NULL, NULL, NULL, 0, 2, 1, '', '', 'nurul-ain-binti-rosman', 0, 0.00, 0, NULL, NULL, '', NULL, NULL, NULL, NULL, NULL, NULL, NULL, NULL, NULL, NULL, NULL, NULL, NULL, NULL, NULL, NULL, NULL, NULL, NULL, NULL, NULL, NULL, 0, NULL, NULL, NULL, NULL, NULL),
(13, 'mnasir@inceif.edu.my', 'Mohd Nasir ', 'Bin Awang', 'Driver', '000050', 11, '', '', '', '', '$2a$08$v4OUNhHyKQdLy3b/ZMP7AeILVQpgnDKSv18lbV2mSEQjqJ5NMDEE2', '2026-01-11 13:40:52', NULL, '172.69.85.157', '2026-01-30 15:44:32', '2026-01-30 18:00:39', NULL, NULL, NULL, 0, 2, 1, '', '', 'mohd-nasir-bin-awang', 0, 0.00, 0, NULL, NULL, '', NULL, NULL, NULL, NULL, NULL, NULL, NULL, NULL, NULL, NULL, NULL, NULL, NULL, NULL, NULL, NULL, NULL, NULL, NULL, NULL, NULL, NULL, 0, NULL, NULL, NULL, NULL, NULL),
(14, 'mansorhi@inceif.edu.my', 'Prof. Dr. Mansor ', 'Bin Ibrahim', 'Deputy President Academic & Dean', '000199', 9, '', '', '', '', '$2a$08$HMSXMaTAOs1PcnRIFo5MaufFDhKI8EF9PZS3CYYaGiw1VfMd6A8Q2', '2026-01-11 13:43:31', NULL, '162.158.107.98', '2026-01-27 10:47:21', '2026-01-27 11:04:29', NULL, NULL, NULL, 0, 2, 1, '', '', 'prof-dr-mansor-bin-ibrahim', 0, 0.00, 0, NULL, NULL, '', NULL, NULL, NULL, NULL, NULL, NULL, NULL, NULL, NULL, NULL, NULL, NULL, NULL, NULL, NULL, NULL, NULL, NULL, NULL, NULL, NULL, NULL, 0, NULL, NULL, NULL, NULL, NULL),
(15, 'shamid@inceif.edu.my', 'Prof. Dr. Syed Abdul Hamid ', 'Bin Syed Ahmad Aljunid', 'Professor', '000082', 14, '', '', '', '', '$2a$08$EUP73QtmsOExirHRK.iAqeZr8C5sN/S8h1ZZUGLPo1rdbV/htLBNC', '2026-01-11 13:45:08', NULL, '172.70.208.167', '2026-01-31 10:07:40', '2026-01-31 10:27:40', NULL, NULL, NULL, 0, 2, 1, '', '', 'prof-dr-syed-abdul-hamid-bin-syed-ahmad-aljunid', 0, 0.00, 0, NULL, NULL, '', NULL, NULL, NULL, NULL, NULL, NULL, NULL, NULL, NULL, NULL, NULL, NULL, NULL, NULL, NULL, NULL, NULL, NULL, NULL, NULL, NULL, NULL, 0, NULL, NULL, NULL, NULL, NULL),
(16, 'magda@inceif.edu.my', 'Dr. Magda Ismail ', 'Abdalmohasin Alsayedali', 'Associate Professor', '000087', 14, '', '', '', '', '$2a$08$CQzv8NYXDfh5md/tq/LDl.1iMDt.xZtHHmDCi3tPnfD4/Kg429Xmi', '2026-01-11 13:49:02', NULL, '172.71.81.210', '2026-01-28 07:23:50', '2026-01-28 15:55:15', NULL, NULL, NULL, 0, 2, 1, '', '', 'magda-ismail-abdalmohasin-alsayedali', 0, 0.00, 0, NULL, NULL, '', NULL, NULL, NULL, NULL, NULL, NULL, NULL, NULL, NULL, NULL, NULL, NULL, NULL, NULL, NULL, NULL, NULL, NULL, NULL, NULL, NULL, NULL, 0, NULL, NULL, NULL, NULL, NULL),
(17, 'jamaliah@inceif.edu.my', 'Jamaliah ', 'Binti Mat Zain', 'Executive', '000089', 11, '', '', '', '', '$2a$08$opxbfEX5n3VPD9hENYgCYuCNvmJvGSBpoK8gozwG7E3VumwXeQNGy', '2026-01-11 13:51:02', NULL, '162.158.189.174', '2026-01-30 12:06:40', '2026-01-30 15:55:15', NULL, NULL, NULL, 0, 2, 1, '', '', 'jamaliah-binti-mat-zain', 0, 0.00, 0, NULL, NULL, '', NULL, NULL, NULL, NULL, NULL, NULL, NULL, NULL, NULL, NULL, NULL, NULL, NULL, NULL, NULL, NULL, NULL, NULL, NULL, NULL, NULL, NULL, 0, NULL, NULL, NULL, NULL, NULL),
(18, 'maya@inceif.edu.my', 'Dr. Maya Puspa ', 'Binti Rahman', 'Associate Professor', '000380', 14, '', '', '', '', '$2a$08$ZSxkF925dE4IUZ.AGpgIz.do3y4jeGxPT1XC9wAvdilzKSZeeOWM2', '2026-01-11 13:52:52', NULL, '172.71.14.146', '2026-01-30 20:07:38', '2026-01-30 20:45:15', NULL, NULL, NULL, 0, 2, 1, '', '', 'dr-maya-puspa-binti-rahman', 0, 0.00, 0, NULL, NULL, '', NULL, NULL, NULL, NULL, NULL, NULL, NULL, NULL, NULL, NULL, NULL, NULL, NULL, NULL, NULL, NULL, NULL, NULL, NULL, NULL, NULL, NULL, 0, NULL, NULL, NULL, NULL, NULL),
(19, 'halina@inceif.edu.my', 'Wan Halina ', 'Binti Wan Mustapha', 'Manager of Curriculum & Accreditation', '000092', 18, '', '', '', '', '$2a$08$h3b1NMJ5AF16prqI2FgwJOkiYHEwx2H77EIcGjnmO.tuW.doPfIj6', '2026-01-11 13:54:22', NULL, '172.69.85.156', '2026-01-28 10:44:22', '2026-01-28 10:48:14', NULL, NULL, NULL, 0, 2, 1, '', '', 'wan-halina-binti-wan-mustapha', 0, 0.00, 0, NULL, NULL, '', NULL, NULL, NULL, NULL, NULL, NULL, NULL, NULL, NULL, NULL, NULL, NULL, NULL, NULL, NULL, NULL, NULL, NULL, NULL, NULL, NULL, NULL, 0, NULL, NULL, NULL, NULL, NULL),
(20, 'azlina@inceif.edu.my', 'Nur Azlina ', 'Binti Zorollah', 'Manager, Knowledge Management', '000104', 14, '', '', '', '', '$2a$08$dHQUyF8tEAbd2bO39IHGyuP3qC2UO7w1QFa.jL8s/CJh9ea0GfApG', '2026-01-11 13:56:08', NULL, '172.69.85.157', '2026-01-29 10:42:12', '2026-01-29 10:42:54', NULL, NULL, NULL, 0, 2, 1, '', '', 'nur-azlina-binti-zorollah', 0, 0.00, 0, NULL, NULL, '', NULL, NULL, NULL, NULL, NULL, NULL, NULL, NULL, NULL, NULL, NULL, NULL, NULL, NULL, NULL, NULL, NULL, NULL, NULL, NULL, NULL, NULL, 0, NULL, NULL, NULL, NULL, NULL),
(21, 'siti.fariza@inceif.edu.my', 'Siti Fariza ', 'Binti Mohd Dahlan', 'Director of Registrar\'s Office, Student Experience', '000376', 14, '', '', '', '', '$2a$08$5tKU6EqkSIFsW9cRaPavVeQKz3p.8hBabhtKz.uh4fc2Zad8HPzDa', '2026-01-11 13:58:06', NULL, '104.23.175.216', '2026-01-31 19:51:10', '2026-01-31 19:51:36', NULL, NULL, NULL, 0, 2, 1, '', '', 'siti-fariza-binti-mohd-dahlan', 0, 0.00, 0, NULL, NULL, '', NULL, NULL, NULL, NULL, NULL, NULL, NULL, NULL, NULL, NULL, NULL, NULL, NULL, NULL, NULL, NULL, NULL, NULL, NULL, NULL, NULL, NULL, 0, NULL, NULL, NULL, NULL, NULL),
(22, 'syafawati@inceif.edu.my', 'Noor Syafawati ', 'Binti Mohamad Nazar', 'Manager of Registry Services', '000139', 21, '', '', '', '', '$2a$08$DkzfjSzYMQPDs9HH1rWwPuq0Fm13LXz8JIhmKioKR5Eu0YiOFn2t.', '2026-01-11 14:00:16', NULL, '172.69.85.156', '2026-01-19 13:59:42', '2026-01-19 17:13:21', NULL, NULL, NULL, 0, 2, 1, '', '', 'noor-syafawati-binti-mohamad-nazar', 0, 0.00, 0, NULL, NULL, '', NULL, NULL, NULL, NULL, NULL, NULL, NULL, NULL, NULL, NULL, NULL, NULL, NULL, NULL, NULL, NULL, NULL, NULL, NULL, NULL, NULL, NULL, 0, NULL, NULL, NULL, NULL, NULL),
(23, 'siswazah@inceif.edu.my', 'Siti Siswazah ', 'Binti Mohamad', 'Executive, Admission', '000108', 21, '', '', '', '', '$2a$08$N9jDatRWP.n/kW5WbepFpOeqbIg0lGIyieWn0.VdBqklJuuTCyBk6', '2026-01-11 14:01:39', NULL, '172.69.85.157', '2026-01-20 17:47:29', '2026-01-20 17:56:42', NULL, NULL, NULL, 0, 2, 1, '', '', 'siti-siswazah-binti-mohamad', 0, 0.00, 0, NULL, NULL, '', NULL, NULL, NULL, NULL, NULL, NULL, NULL, NULL, NULL, NULL, NULL, NULL, NULL, NULL, NULL, NULL, NULL, NULL, NULL, NULL, NULL, NULL, 0, NULL, NULL, NULL, NULL, NULL),
(24, 'ozmirruddin@inceif.edu.my', 'Mohd Ozmirruddin ', 'Bin Sallehhudin', 'Campus Services Officer', '000115', 11, '', '', '', '', '$2a$08$Nqb540nUqIKpPS9pHGQwYOYisLXounPlEJgpTEAvhsIqX5KnDiWde', '2026-01-11 14:03:47', NULL, '172.69.176.170', '2026-01-30 11:43:21', '2026-01-30 11:47:08', NULL, NULL, NULL, 0, 2, 1, '', '', 'mohd-ozmirruddin-bin-sallehhudin', 0, 0.00, 0, NULL, NULL, '', NULL, NULL, NULL, NULL, NULL, NULL, NULL, NULL, NULL, NULL, NULL, NULL, NULL, NULL, NULL, NULL, NULL, NULL, NULL, NULL, NULL, NULL, 0, NULL, NULL, NULL, NULL, NULL),
(25, 'muneeza@inceif.edu.my', 'Prof. Dr. Aishath ', 'Muneeza', 'Professor', '000271', 14, '', '', '', '', '$2a$08$5gnEul3kV50qVb2GzbGZFOGEvra.IZ.MqYuSQTIhp2I/j/Fziykn.', '2026-01-11 14:05:34', NULL, '172.69.85.156', '2026-01-30 11:30:42', '2026-01-30 11:31:10', NULL, NULL, NULL, 0, 2, 1, '', '', 'prof-dr-aishath-muneeza', 0, 0.00, 0, NULL, NULL, '', NULL, NULL, NULL, NULL, NULL, NULL, NULL, NULL, NULL, NULL, NULL, NULL, NULL, NULL, NULL, NULL, NULL, NULL, NULL, NULL, NULL, NULL, 0, NULL, NULL, NULL, NULL, NULL),
(26, 'adzriana@inceif.edu.my', 'Adzriana ', 'Binti Abd Aziz', 'Assistant Manager of Students & Internationalisati', '000123', 25, '', '', '', '', '$2a$08$yCoTZxzK4oclaIufanfiDed4raKU2jrCAc5UwDHf5OiTB01Aj4SC2', '2026-01-11 14:06:41', NULL, '162.158.107.97', '2026-01-29 10:48:52', '2026-01-29 10:48:53', NULL, NULL, NULL, 0, 2, 1, '', '', 'adzriana-binti-abd-aziz', 0, 0.00, 0, NULL, NULL, '', NULL, NULL, NULL, NULL, NULL, NULL, NULL, NULL, NULL, NULL, NULL, NULL, NULL, NULL, NULL, NULL, NULL, NULL, NULL, NULL, NULL, NULL, 0, NULL, NULL, NULL, NULL, NULL),
(27, 'sharifah@inceif.edu.my', 'Sharifah Norherlini ', 'Binti Syed Harun', 'Senior Programme Executive', '000126', 25, '', '', '', '', '$2a$08$I0Ry.Kpap32RLCIvMu3im.ZstWKxyXAct.Kg8b0l3RORK52G3Bowu', '2026-01-11 14:08:05', NULL, '172.69.85.157', '2026-01-29 10:04:26', '2026-01-29 10:08:58', NULL, NULL, NULL, 0, 2, 1, '', '', 'sharifah-norherlini-binti-syed-harun', 0, 0.00, 0, NULL, NULL, '', NULL, NULL, NULL, NULL, NULL, NULL, NULL, NULL, NULL, NULL, NULL, NULL, NULL, NULL, NULL, NULL, NULL, NULL, NULL, NULL, NULL, NULL, 0, NULL, NULL, NULL, NULL, NULL),
(28, 'eskandar-ic@inceif.edu.my', 'Mohamed Eskandar Shah ', 'Bin Mohd Rasid', 'Chief Executive Officer', '000410', 9, '', '', '', '', '$2a$08$R.Z5RgH//9tJrlPY5Rv1cuL9QbXUHrgqUr1yMsUWU9fipioeX6xJm', '2026-01-11 14:10:18', NULL, '172.68.142.131', '2026-02-02 06:21:56', '2026-02-02 06:25:47', NULL, NULL, NULL, 0, 2, 1, '', '', 'mohamed-eskandar-shah-bin-mohd-rasid', 0, 0.00, 0, NULL, NULL, '', NULL, NULL, NULL, NULL, NULL, NULL, NULL, NULL, NULL, NULL, NULL, NULL, NULL, NULL, NULL, NULL, NULL, NULL, NULL, NULL, NULL, NULL, 0, NULL, NULL, NULL, NULL, NULL),
(29, 'hasnol@inceif.edu.my', 'Mohd Hasnol ', 'Bin Mohd Yunus', 'Director of Strategic Marketing & Partnership', 'IS076', 28, '', '', '', '', '$2a$08$kx5tLZp6fy323W6gi13fW.wJhqd1ddOjTJlTK14hOPQjf/Vk6HDla', '2026-01-11 14:11:48', NULL, '172.71.241.107', '2026-01-30 22:08:18', '2026-01-30 22:17:23', NULL, NULL, NULL, 0, 2, 1, '', '', 'mohd-hasnol-bin-mohd-yunus', 0, 0.00, 0, NULL, NULL, '', NULL, NULL, NULL, NULL, NULL, NULL, NULL, NULL, NULL, NULL, NULL, NULL, NULL, NULL, NULL, NULL, NULL, NULL, NULL, NULL, NULL, NULL, 0, NULL, NULL, NULL, NULL, NULL),
(30, 'yusri@inceif.edu.my', 'Ahmad Yusri ', 'Bin Yusoff', 'Programme Counsellor', '000130', 29, '', '', '', '', '$2a$08$XPKkiAtWGXI5PbxUIOFQ0OBED9xyHAlG/5sR5JwoRVeuDVDUAgA22', '2026-01-11 14:13:11', NULL, '172.69.85.157', '2026-01-28 11:37:16', '2026-01-28 11:46:10', NULL, NULL, NULL, 0, 2, 1, '', '', 'ahmad-yusri-bin-yusoff', 0, 0.00, 0, NULL, NULL, '', NULL, NULL, NULL, NULL, NULL, NULL, NULL, NULL, NULL, NULL, NULL, NULL, NULL, NULL, NULL, NULL, NULL, NULL, NULL, NULL, NULL, NULL, 0, NULL, NULL, NULL, NULL, NULL),
(31, 'obiya@inceif.edu.my', 'Prof. Dr. Obiyathulla ', 'Bin O.A Ismath Batcha', 'Professor', '000144', 14, '', '', '', '', '$2a$08$tFatTnrXSDnEBKgHM9zh2.uH6tK11W.wXR/aW9U9O6yRMGxGkoQVK', '2026-01-11 14:14:50', NULL, '172.69.85.157', '2026-01-27 11:44:33', '2026-01-27 11:49:55', NULL, NULL, NULL, 0, 2, 1, '', '', 'prof-dr-obiyathulla-bin-o-a-ismath-batcha', 0, 0.00, 0, NULL, NULL, '', NULL, NULL, NULL, NULL, NULL, NULL, NULL, NULL, NULL, NULL, NULL, NULL, NULL, NULL, NULL, NULL, NULL, NULL, NULL, NULL, NULL, NULL, 0, NULL, NULL, NULL, NULL, NULL),
(32, 'zaki@inceif.edu.my', 'Noor Zaki Safuan ', 'Bin Noorlan', 'Building & Facilities Maintenance Technician', '000147', 11, '', '', '', '', '$2a$08$ktyeom1Zl9c7HSEOF.lhauVmbKC.vwsjtQUj/ZJOD8Paly96hMAjy', '2026-01-11 14:16:16', NULL, '172.69.85.157', '2026-01-30 17:27:05', '2026-01-30 17:27:50', NULL, NULL, NULL, 0, 2, 1, '', '', 'noor-zaki-safuan-bin-noorlan', 0, 0.00, 0, NULL, NULL, '', NULL, NULL, NULL, NULL, NULL, NULL, NULL, NULL, NULL, NULL, NULL, NULL, NULL, NULL, NULL, NULL, NULL, NULL, NULL, NULL, NULL, NULL, 0, NULL, NULL, NULL, NULL, NULL),
(33, 'norhisham@inceif.edu.my', 'Mohd Norhisham ', 'Bin Mohamad', 'Senior Executive, Islamic Entrepreneurship and Inn', '000149', 18, '', '', '', '', '$2a$08$yoLvwAGuM3b02pyC4DctA.x662eYyK6/mkzI86.Vy87SDc/CzLL.G', '2026-01-11 14:17:44', NULL, '172.69.85.156', '2026-01-27 07:49:42', '2026-01-27 07:53:30', NULL, NULL, NULL, 0, 2, 1, '', '', 'mohd-norhisham-bin-mohamad', 0, 0.00, 0, NULL, NULL, '', NULL, NULL, NULL, NULL, NULL, NULL, NULL, NULL, NULL, NULL, NULL, NULL, NULL, NULL, NULL, NULL, NULL, NULL, NULL, NULL, NULL, NULL, 0, NULL, NULL, NULL, NULL, NULL),
(34, 'norsrah@inceif.edu.my', 'Norsrah ', 'Binti Mohd Isa', 'Director of Governance, Compliance & Integrity', '000353', 9, '', '', '', '', '$2a$08$l/IAQD3uxh7H94E7Ys9rfepptXyAqg0JZoKkG/5zNR6sdfSkjmmm6', '2026-01-11 14:19:07', NULL, '172.70.208.166', '2026-02-04 09:31:25', '2026-02-04 09:31:25', NULL, NULL, NULL, 0, 2, 1, '', '', 'norsrah-binti-mohd-isa', 0, 0.00, 0, NULL, NULL, '', NULL, NULL, NULL, NULL, NULL, NULL, NULL, NULL, NULL, NULL, NULL, NULL, NULL, NULL, NULL, NULL, NULL, NULL, NULL, NULL, NULL, NULL, 0, NULL, NULL, NULL, NULL, NULL),
(35, 'aini@inceif.edu.my', 'Noor Aini ', 'Binti Salleh', 'Administrative Executive', '000156', 34, '', '', '', '', '$2a$08$rIN3TSS6fODU3PMelwYuWOIqK2oInsejQkkFgCfO6d7ItSNbFYdFG', '2026-01-11 14:20:30', NULL, '172.69.226.155', '2026-01-20 11:39:41', '2026-01-20 11:46:37', NULL, NULL, NULL, 0, 2, 1, '', '', 'noor-aini-binti-salleh', 0, 0.00, 0, NULL, NULL, '', NULL, NULL, NULL, NULL, NULL, NULL, NULL, NULL, NULL, NULL, NULL, NULL, NULL, NULL, NULL, NULL, NULL, NULL, NULL, NULL, NULL, NULL, 0, NULL, NULL, NULL, NULL, NULL),
(36, 'ezamshah@inceif.edu.my', 'Ezamshah ', 'Bin Ismail', 'Senior Teaching Fellow', '000157', 14, '', '', '', '', '$2a$08$5Cn9G8wsIHHZGWZyziHDNu1Bxmo/QR.CYBX3UpxZuq6TZ/qtYoJmm', '2026-01-11 14:21:30', NULL, '172.69.85.156', '2026-01-30 17:56:29', '2026-01-30 18:11:17', NULL, NULL, NULL, 0, 2, 1, '', '', 'ezamshah-bin-ismail', 0, 0.00, 0, NULL, NULL, '', NULL, NULL, NULL, NULL, NULL, NULL, NULL, NULL, NULL, NULL, NULL, NULL, NULL, NULL, NULL, NULL, NULL, NULL, NULL, NULL, NULL, NULL, 0, NULL, NULL, NULL, NULL, NULL),
(37, 'mhanif@inceif.edu.my', 'Mohd Hanif ', 'Bin Abdul Malek', 'Senior Executive, Knowledge Management', '000166', 20, '', '', '', '', '$2a$08$/tSbVDwBIxx9edqLWoZECu80XaycJYXwhzSprExEn258DZhXb7vmO', '2026-01-11 14:23:08', NULL, '172.69.85.156', '2026-01-27 12:02:47', '2026-01-27 17:35:46', NULL, NULL, NULL, 0, 2, 1, '', '', 'mohd-hanif-bin-abdul-malek', 0, 0.00, 0, NULL, NULL, '', NULL, NULL, NULL, NULL, NULL, NULL, NULL, NULL, NULL, NULL, NULL, NULL, NULL, NULL, NULL, NULL, NULL, NULL, NULL, NULL, NULL, NULL, 0, NULL, NULL, NULL, NULL, NULL),
(38, 'noraisyah@inceif.edu.my', 'Noraisyah ', 'Binti Mohamed Hisa', 'Director of Finance', '000411', 10, '', '', '', '', '$2a$08$9UooUFnX882.5Oo2WZcK3OAvSxkeiT60g74EQY/wXOFfVIT2lCw/.', '2026-01-11 14:24:55', NULL, '172.69.85.156', '2026-01-30 09:34:33', '2026-01-30 16:10:59', NULL, NULL, NULL, 0, 2, 1, '', '', 'noraisyah-binti-mohamed-hisa', 0, 0.00, 0, NULL, NULL, '', NULL, NULL, NULL, NULL, NULL, NULL, NULL, NULL, NULL, NULL, NULL, NULL, NULL, NULL, NULL, NULL, NULL, NULL, NULL, NULL, NULL, NULL, 0, NULL, NULL, NULL, NULL, NULL),
(39, 'munira@inceif.edu.my', 'Siti Munira ', 'Binti Abd Rashid', 'Senior Executive, Group Financial Management Offic', '000173', 38, '', '', '', '', '$2a$08$K/N642D8az6mq8r3hRzntOIXO93BMbzBHJtn1So5b5X3aP0Dg4zXW', '2026-01-11 14:26:16', NULL, '172.69.85.156', '2026-01-27 10:28:10', '2026-01-27 10:34:56', NULL, NULL, NULL, 0, 2, 1, '', '', 'siti-munira-binti-abd-rashid', 0, 0.00, 0, NULL, NULL, '', NULL, NULL, NULL, NULL, NULL, NULL, NULL, NULL, NULL, NULL, NULL, NULL, NULL, NULL, NULL, NULL, NULL, NULL, NULL, NULL, NULL, NULL, 0, NULL, NULL, NULL, NULL, NULL),
(40, 'asmawi@inceif.edu.my', 'Asmawi ', 'Bin Asari', 'Executive, Action Based Learning', '000178', 18, '', '', '', '', '$2a$08$25zjzcZsBS1lwN6l4DxlvuQNY6qUleDGQkXP/6uXU/XvFe02tvwey', '2026-01-11 14:27:31', NULL, '172.69.85.156', '2026-01-27 09:36:59', '2026-01-27 09:40:46', NULL, NULL, NULL, 0, 2, 1, '', '', 'asmawi-bin-asari', 0, 0.00, 0, NULL, NULL, '', NULL, NULL, NULL, NULL, NULL, NULL, NULL, NULL, NULL, NULL, NULL, NULL, NULL, NULL, NULL, NULL, NULL, NULL, NULL, NULL, NULL, NULL, 0, NULL, NULL, NULL, NULL, NULL),
(41, 'fathiah@inceif.edu.my', 'Fathiah ', 'Binti Saarani', 'Executive, Knowledge Management', '000182', 20, '', '', '', '', '$2a$08$3G3d6zLd/KQnDHOUHdF2seIvuqEEUp3qziolpHOwe3sVLrDWdlL2C', '2026-01-11 14:29:13', NULL, '104.23.175.142', '2026-01-19 14:23:09', '2026-01-19 14:28:00', NULL, NULL, NULL, 0, 2, 1, '', '', 'fathiah-binti-saarani', 0, 0.00, 0, NULL, NULL, '', NULL, NULL, NULL, NULL, NULL, NULL, NULL, NULL, NULL, NULL, NULL, NULL, NULL, NULL, NULL, NULL, NULL, NULL, NULL, NULL, NULL, NULL, 0, NULL, NULL, NULL, NULL, NULL),
(42, 'azmi@inceif.edu.my', 'Azmi ', 'Bin Samuri', 'Director of Information & Communication Technology', '000350', 10, '', '', '', '', '$2a$08$fgkyAWD/wV6LQG2OIlunLu/fjY5k1N.CL3SxCDfPbgl7/GVRumo.2', '2026-01-11 14:30:43', NULL, '172.69.85.156', '2026-01-30 17:40:21', '2026-01-30 17:42:06', NULL, NULL, NULL, 0, 2, 1, '', '', 'azmi-bin-samuri', 0, 0.00, 0, NULL, NULL, '', NULL, NULL, NULL, NULL, NULL, NULL, NULL, NULL, NULL, NULL, NULL, NULL, NULL, NULL, NULL, NULL, NULL, NULL, NULL, NULL, NULL, NULL, 0, NULL, NULL, NULL, NULL, NULL),
(43, 'razman@inceif.edu.my', 'Ahmad Razman ', 'Bin Abdul Majid', 'Assistant Manager, Information & Communication Tec', '000189', 42, '', '', '', '', '$2a$08$9gDDWSgQ7Fvk/3wgeLYttuBTLQFQ2N2A2iHqpRYtl1K4t8TVOjwB6', '2026-01-11 14:31:47', NULL, '172.68.164.74', '2026-01-19 16:26:18', '2026-01-19 16:37:59', NULL, NULL, NULL, 0, 2, 1, '', '', 'ahmad-razman-bin-abdul-majid', 0, 0.00, 0, NULL, NULL, '', NULL, NULL, NULL, NULL, NULL, NULL, NULL, NULL, NULL, NULL, NULL, NULL, NULL, NULL, NULL, NULL, NULL, NULL, NULL, NULL, NULL, NULL, 0, NULL, NULL, NULL, NULL, NULL),
(44, 'normas@inceif.edu.my', 'Normas ', 'Binti Rafie', 'Senior Graphic Designer', '000192', 29, '', '', '', '', '$2a$08$sNgqv8h4t5pk7f30nx0g2eRDCISNTMTqMm4N1rHLnt/CxtIvRIs4u', '2026-01-11 14:33:08', NULL, '104.23.175.89', '2026-01-30 08:47:12', '2026-01-30 09:13:49', NULL, NULL, NULL, 0, 2, 1, '', '', 'normas-binti-rafie', 0, 0.00, 0, NULL, NULL, '', NULL, NULL, NULL, NULL, NULL, NULL, NULL, NULL, NULL, NULL, NULL, NULL, NULL, NULL, NULL, NULL, NULL, NULL, NULL, NULL, NULL, NULL, 0, NULL, NULL, NULL, NULL, NULL),
(45, 'jayaraji@inceif.edu.my', 'Jayaraji ', 'a/p Proomal@ Durairaju', 'Manager, Group Financial Management Office', '000201', 38, '', '', '', '', '$2a$08$6sibQnfaHZhCTINUsKgMpeznCU6AI0y/KLndZw.8vvfnKZrd99qGK', '2026-01-11 14:58:59', NULL, '172.69.85.156', '2026-01-29 11:38:26', '2026-01-29 13:54:01', NULL, NULL, NULL, 0, 2, 1, '', '', 'jayaraji-a-p-proomalat-durairaju', 0, 0.00, 0, NULL, NULL, '', NULL, NULL, NULL, NULL, NULL, NULL, NULL, NULL, NULL, NULL, NULL, NULL, NULL, NULL, NULL, NULL, NULL, NULL, NULL, NULL, NULL, NULL, 0, NULL, NULL, NULL, NULL, NULL),
(46, 'fauziah@inceif.edu.my', 'Fauziah ', 'Binti Hj Mohamed', 'Senior System Analyst', '000203', 42, '', '', '', '', '$2a$08$63tZvX86szlZrlyZs05lteBXYS7D4DXW0K/w2PzCOpB2RtfenQyoi', '2026-01-11 15:00:06', NULL, '172.69.85.156', '2026-01-30 08:36:59', '2026-01-30 08:40:46', NULL, NULL, NULL, 0, 2, 1, '', '', 'fauziah-binti-hj-mohamed', 0, 0.00, 0, NULL, NULL, '', NULL, NULL, NULL, NULL, NULL, NULL, NULL, NULL, NULL, NULL, NULL, NULL, NULL, NULL, NULL, NULL, NULL, NULL, NULL, NULL, NULL, NULL, 0, NULL, NULL, NULL, NULL, NULL),
(47, 'lili@inceif.edu.my', 'Lili Marina ', 'Binti Husin', 'Programme Executive', '000205', 25, '', '', '', '', '$2a$08$CDCzpr9M7OWL28sI.IVT5eSvir5gDWtXjxxCeXGltGgqw2aNCCwQC', '2026-01-11 15:01:05', NULL, '172.69.85.157', '2026-01-30 08:34:40', '2026-01-30 12:18:48', NULL, NULL, NULL, 0, 2, 1, '', '', 'lili-marina-binti-husin', 0, 0.00, 0, NULL, NULL, '', NULL, NULL, NULL, NULL, NULL, NULL, NULL, NULL, NULL, NULL, NULL, NULL, NULL, NULL, NULL, NULL, NULL, NULL, NULL, NULL, NULL, NULL, 0, NULL, NULL, NULL, NULL, NULL),
(48, 'ulfah@inceif.edu.my', 'Ulfah ', 'Binti Kamaruzaman', 'Assistant Manager, HSE & Office Security', '000206', 11, '', '', '', '', '$2a$08$M9L/0NMK3QJnVxnaoqmWsOmHS4R0N4/bxSu59dcE6CcL24sFde1My', '2026-01-11 15:02:23', NULL, '172.68.164.75', '2026-01-29 08:36:02', '2026-01-29 08:52:14', NULL, NULL, NULL, 0, 2, 1, '', '', 'ulfah-binti-kamaruzaman', 0, 0.00, 0, NULL, NULL, '', NULL, NULL, NULL, NULL, NULL, NULL, NULL, NULL, NULL, NULL, NULL, NULL, NULL, NULL, NULL, NULL, NULL, NULL, NULL, NULL, NULL, NULL, 0, NULL, NULL, NULL, NULL, NULL),
(49, 'harris@inceif.edu.my', 'Adam Harris', 'Bin Suppuramany', 'Senior Software Developer', '000244', 42, '', '', '', '', '$2a$08$GgwxbM0B06KiS.bAnYk9WOvzL2ikaCul.xfoyTb8FQAlLIMqmZdVO', '2026-01-11 15:03:24', NULL, '172.16.150.1', '2026-04-01 10:14:33', '2026-04-01 15:09:07', '2026-03-04 10:53:19', NULL, NULL, 1, 2, 1, '', '', 'izaham-shah-bin-musa', 0, 0.00, 0, NULL, NULL, '', NULL, NULL, NULL, NULL, NULL, NULL, NULL, NULL, NULL, NULL, NULL, NULL, NULL, NULL, NULL, NULL, NULL, NULL, NULL, NULL, NULL, NULL, 0, NULL, NULL, NULL, NULL, NULL),
(50, 'shamsher@inceif.edu.my', 'Prof. Dr. Shamsher Mohamad ', 'Bin Ramadilli Mohd', 'Professor', '000212', 14, '', '', '', '', '$2a$08$chcI5dkH9x4p17eUCUexBeV1q9SthnynuUM7JlXT2nkMdUrnVapAG', '2026-01-11 15:05:03', NULL, '172.70.142.86', '2026-01-28 08:32:27', '2026-01-28 11:49:21', NULL, NULL, NULL, 0, 2, 1, '', '', 'prof-dr-shamsher-mohamad-bin-ramadilli-mohd', 0, 0.00, 0, NULL, NULL, '', NULL, NULL, NULL, NULL, NULL, NULL, NULL, NULL, NULL, NULL, NULL, NULL, NULL, NULL, NULL, NULL, NULL, NULL, NULL, NULL, NULL, NULL, 0, NULL, NULL, NULL, NULL, NULL),
(51, 'mokhtar@inceif.edu.my', 'Mokhtar ', 'Benhadria', 'Director of Quality Management', '000256', 9, '', '', '', '', '$2a$08$PnJ1NMqX1iKaV0PulSknYeqNGai1vyV1ZkHPtL/tUOgooNmAvDGPy', '2026-01-11 15:06:52', NULL, '172.69.85.157', '2026-01-27 10:37:13', '2026-01-27 10:52:50', NULL, NULL, NULL, 0, 2, 1, '', '', 'mokhtar-benhadria', 0, 0.00, 0, NULL, NULL, '', NULL, NULL, NULL, NULL, NULL, NULL, NULL, NULL, NULL, NULL, NULL, NULL, NULL, NULL, NULL, NULL, NULL, NULL, NULL, NULL, NULL, NULL, 0, NULL, NULL, NULL, NULL, NULL),
(52, 'shafawi@inceif.edu.my', 'Mohd Shafawi ', 'Bin Sarbini', 'Manager of Quality Management', '000223', 51, '', '', '', '', '$2a$08$gCp6RUO2IUhTLRgapEMd4Ok/gUxG2uVeRGffNJsHDEevqQHNJeTv6', '2026-01-11 15:07:57', NULL, '172.69.85.157', '2026-01-27 08:42:05', '2026-01-27 08:47:15', NULL, NULL, NULL, 0, 2, 1, '', '', 'mohd-shafawi-bin-sarbini', 0, 0.00, 0, NULL, NULL, '', NULL, NULL, NULL, NULL, NULL, NULL, NULL, NULL, NULL, NULL, NULL, NULL, NULL, NULL, NULL, NULL, NULL, NULL, NULL, NULL, NULL, NULL, 0, NULL, NULL, NULL, NULL, NULL),
(53, 'irwan@inceif.edu.my', 'Irwan ', 'Bin Md Zin', 'Driver', '000226', 11, '', '', '', '', '$2a$08$OnERL.123ALEqJoqY/urY.s/OOdEsRI13JMt3DeUkW/Qzh08Ftyoi', '2026-01-11 15:09:19', NULL, '172.70.92.152', '2026-01-30 17:47:14', '2026-01-30 17:56:47', NULL, NULL, NULL, 0, 2, 1, '', '', 'irwan-bin-md-zin', 0, 0.00, 0, NULL, NULL, '', NULL, NULL, NULL, NULL, NULL, NULL, NULL, NULL, NULL, NULL, NULL, NULL, NULL, NULL, NULL, NULL, NULL, NULL, NULL, NULL, NULL, NULL, 0, NULL, NULL, NULL, NULL, NULL),
(54, 'akhbari@inceif.edu.my', 'Akhbari ', 'Bin Harun', 'Driver', '000227', 11, '', '', '', '', '$2a$08$5Zo9RX8S6YFQDhB96MXf5Oua8q.x266nkLWh5hlseZVevlXC0dYKG', '2026-01-11 15:10:22', NULL, '162.158.192.182', '2026-01-31 19:35:30', '2026-01-31 19:35:30', NULL, NULL, NULL, 0, 2, 1, '', '', 'akhbari-bin-harun', 0, 0.00, 0, NULL, NULL, '', NULL, NULL, NULL, NULL, NULL, NULL, NULL, NULL, NULL, NULL, NULL, NULL, NULL, NULL, NULL, NULL, NULL, NULL, NULL, NULL, NULL, NULL, 0, NULL, NULL, NULL, NULL, NULL),
(55, 'nazira@inceif.edu.my', 'Nor Nazira ', 'Binti Rosli', 'Executive, Examination', '000229', 21, '', '', '', '', '$2a$08$NDkVby7mU7oNVmMI/v.8A.YHfZVSolda7rRcVBJDEsPyCwGpNLom6', '2026-01-11 15:11:30', NULL, '172.69.85.156', '2026-01-19 13:49:38', '2026-01-19 15:48:15', NULL, NULL, NULL, 0, 2, 1, '', '', 'nor-nazira-binti-rosli', 0, 0.00, 0, NULL, NULL, '', NULL, NULL, NULL, NULL, NULL, NULL, NULL, NULL, NULL, NULL, NULL, NULL, NULL, NULL, NULL, NULL, NULL, NULL, NULL, NULL, NULL, NULL, 0, NULL, NULL, NULL, NULL, NULL),
(56, 'adil@inceif.edu.my', 'Mohamad Adil ', 'Bin Jamaludin', 'Building & Facilities Maintenance Technician', '000230', 11, '', '', '', '', '$2a$08$eCiZGehHrbcEnAHvnQkhm.4EZauEAmkEr7mW62mLpUlxIanRUC9sa', '2026-01-11 15:13:09', NULL, '172.69.85.156', '2026-01-30 15:11:15', '2026-01-30 20:20:21', NULL, NULL, NULL, 0, 2, 1, '', '', 'mohamad-adil-bin-jamaludin', 0, 0.00, 0, NULL, NULL, '', NULL, NULL, NULL, NULL, NULL, NULL, NULL, NULL, NULL, NULL, NULL, NULL, NULL, NULL, NULL, NULL, NULL, NULL, NULL, NULL, NULL, NULL, 0, NULL, NULL, NULL, NULL, NULL),
(57, 'nurshakira@inceif.edu.my', 'Nurshakira ', 'Binti Hairuddin', 'Assistant Manager, Action Based Learning', '000235', 18, '', '', '', '', '$2a$08$JOQNUgyV8lk/CUtBlrOyr.HZFhSb0lUSot9T6Q9aUCPviFN7/Vw2K', '2026-01-11 15:15:03', NULL, '162.158.163.249', '2026-01-27 07:49:25', '2026-01-27 07:53:45', NULL, NULL, NULL, 0, 2, 1, '', '', 'nurshakira-binti-hairuddin', 0, 0.00, 0, NULL, NULL, '', NULL, NULL, NULL, NULL, NULL, NULL, NULL, NULL, NULL, NULL, NULL, NULL, NULL, NULL, NULL, NULL, NULL, NULL, NULL, NULL, NULL, NULL, 0, NULL, NULL, NULL, NULL, NULL),
(58, 'fareeza@inceif.edu.my', 'Fareeza Marican ', 'Bt Abu Backer Maricar', 'Manager of e-Learning', '000349', 14, '', '', '', '', '$2a$08$N6dMnlB3hfsEGdcem3hNhuEthmgYF13M7XYDUcOX8iw63Wz.6nsHu', '2026-01-11 15:16:38', NULL, '162.158.192.182', '2026-01-30 17:34:41', '2026-01-30 17:34:52', NULL, NULL, NULL, 0, 2, 1, '', '', 'fareeza-marican-bt-abu-backer-maricar', 0, 0.00, 0, NULL, NULL, '', NULL, NULL, NULL, NULL, NULL, NULL, NULL, NULL, NULL, NULL, NULL, NULL, NULL, NULL, NULL, NULL, NULL, NULL, NULL, NULL, NULL, NULL, 0, NULL, NULL, NULL, NULL, NULL),
(59, 'norazlan@inceif.edu.my', 'Norazlan ', 'Bin Johardo', 'Learning Management System Analyst', '000238', 58, '', '', '', '', '$2a$08$.e2Xs4C1QIVyOJFz9LH/S.wEpYH7c8CBYXOj4iBoHH1ZFVTbrdek2', '2026-01-11 15:17:52', NULL, '162.158.170.164', '2026-01-28 09:00:06', '2026-01-28 09:14:10', NULL, NULL, NULL, 0, 2, 1, '', '', 'norazlan-bin-johardo', 0, 0.00, 0, NULL, NULL, '', NULL, NULL, NULL, NULL, NULL, NULL, NULL, NULL, NULL, NULL, NULL, NULL, NULL, NULL, NULL, NULL, NULL, NULL, NULL, NULL, NULL, NULL, 0, NULL, NULL, NULL, NULL, NULL),
(60, 'fahmi@inceif.edu.my', 'Ahmad Fahmi ', 'Bin Jelani', 'Assistant Manager,  Communications, Branding & Sal', '000241', 29, '', '', '', '', '$2a$08$s4tZkDIQcjWaeFrNwDqPtOLj74ojgYrP0pD6mJzymU3u5yVU1tMPS', '2026-01-11 15:19:05', NULL, '172.68.164.160', '2026-01-20 08:59:01', '2026-01-20 09:09:17', NULL, NULL, NULL, 0, 2, 1, '', '', 'ahmad-fahmi-bin-jelani', 0, 0.00, 0, NULL, NULL, '', NULL, NULL, NULL, NULL, NULL, NULL, NULL, NULL, NULL, NULL, NULL, NULL, NULL, NULL, NULL, NULL, NULL, NULL, NULL, NULL, NULL, NULL, 0, NULL, NULL, NULL, NULL, NULL),
(61, 'noreen@inceif.edu.my', 'Noreen Natasha ', 'Binti Azmee', 'Executive, Knowledge Management', '000242', 20, '', '', '', '', '$2a$08$90vH..oLsPywdegSqeZkfeAerejZxYVYC0W8Fg6JgbdHzt2uZ/h8S', '2026-01-11 15:20:04', NULL, '172.69.85.157', '2026-01-28 17:05:56', '2026-01-28 17:06:59', NULL, NULL, NULL, 0, 2, 1, '', '', 'noreen-natasha-binti-azmee', 0, 0.00, 0, NULL, NULL, '', NULL, NULL, NULL, NULL, NULL, NULL, NULL, NULL, NULL, NULL, NULL, NULL, NULL, NULL, NULL, NULL, NULL, NULL, NULL, NULL, NULL, NULL, 0, NULL, NULL, NULL, NULL, NULL),
(62, 'marjan-isra@inceif.edu.my', 'Dr. Marjan ', 'Binti Muhammad', 'Deputy President Research', 'IS029', 9, '', '', '', '', '$2a$08$AixDgRTL72e3R2orbYI5e.utOjitPdF23yVFIxNnO9j5ivR1L4g8q', '2026-01-11 15:22:46', NULL, '172.71.124.15', '2026-02-02 07:42:38', '2026-02-02 08:38:15', NULL, NULL, NULL, 0, 2, 1, '', '', 'dr-marjan-binti-muhammad', 0, 0.00, 0, NULL, NULL, '', NULL, NULL, NULL, NULL, NULL, NULL, NULL, NULL, NULL, NULL, NULL, NULL, NULL, NULL, NULL, NULL, NULL, NULL, NULL, NULL, NULL, NULL, 0, NULL, NULL, NULL, NULL, NULL),
(63, 'amir.shaharuddin-isra@inceif.edu.my', 'Prof. Dr. Amir ', 'Bin Shaharuddin', 'Professor', '000395', 62, '', '', '', '', '$2a$08$ZDysPhuK6lX/qRPpyYxrZO2v4U6lDVQewibvyXfQlSRaaY41aZaMK', '2026-01-11 15:24:17', NULL, '172.69.176.171', '2026-01-31 20:16:58', '2026-01-31 20:33:48', NULL, NULL, NULL, 0, 2, 1, '', '', 'amir-bin-shaharuddin', 0, 0.00, 0, NULL, NULL, '', NULL, NULL, NULL, NULL, NULL, NULL, NULL, NULL, NULL, NULL, NULL, NULL, NULL, NULL, NULL, NULL, NULL, NULL, NULL, NULL, NULL, NULL, 0, NULL, NULL, NULL, NULL, NULL),
(64, 'intan-isra@inceif.edu.my', 'Intan Salmiah ', 'Binti Othman', 'Administrative Executive', '000246', 63, '', '', '', '', '$2a$08$4eewpxIYWZHDG3Nz3nDpg.4Z/iIKDZzhwEBFTKOgI0rz5V00q.zWi', '2026-01-11 15:25:34', NULL, '104.23.175.217', '2026-01-27 10:26:55', '2026-01-27 10:30:51', NULL, NULL, NULL, 0, 2, 1, '', '', 'intan-salmiah-binti-othman', 0, 0.00, 0, NULL, NULL, '', NULL, NULL, NULL, NULL, NULL, NULL, NULL, NULL, NULL, NULL, NULL, NULL, NULL, NULL, NULL, NULL, NULL, NULL, NULL, NULL, NULL, NULL, 0, NULL, NULL, NULL, NULL, NULL),
(65, 'zulkarnain@inceif.edu.my', 'Prof. Dr. Zulkarnain ', 'Bin Muhamad Sori', 'Professor', '000248', 14, '', '', '', '', '$2a$08$pblLS.GEJaBqvuOrAJiFkeJVgJ9eZba54.cZoG9xbZ/IDkn08FraS', '2026-01-11 15:27:48', NULL, '172.69.85.156', '2026-01-30 15:05:10', '2026-01-30 15:23:52', NULL, NULL, NULL, 0, 2, 1, '', '', 'prof-dr-zulkarnain-bin-muhamad-sori', 0, 0.00, 0, NULL, NULL, '', NULL, NULL, NULL, NULL, NULL, NULL, NULL, NULL, NULL, NULL, NULL, NULL, NULL, NULL, NULL, NULL, NULL, NULL, NULL, NULL, NULL, NULL, 0, NULL, NULL, NULL, NULL, NULL),
(66, 'shaidatul-ic@inceif.edu.my', 'Shaidatul Ilyanie ', 'Binti Abdul Wahab', 'Consultant', '000249', 28, '', '', '', '', '$2a$08$q2lKXMnJnqf1m9xnrOpwGOdPVnbnXYM.YOFx/2t3bCU/h6kEZ4wOO', '2026-01-11 15:28:54', NULL, '172.69.85.157', '2026-01-27 09:17:54', '2026-01-27 09:25:11', NULL, NULL, NULL, 0, 2, 1, '', '', 'shaidatul-ilyanie-binti-abdul-wahab', 0, 0.00, 0, NULL, NULL, '', NULL, NULL, NULL, NULL, NULL, NULL, NULL, NULL, NULL, NULL, NULL, NULL, NULL, NULL, NULL, NULL, NULL, NULL, NULL, NULL, NULL, NULL, 0, NULL, NULL, NULL, NULL, NULL),
(67, 'sharizal@inceif.edu.my', 'Sharizal ', 'Bin Ithman', 'Multimedia Specialist', '000251', 58, '', '', '', '', '$2a$08$nGVeXMfXpXTbsrMrr3uGy.lwVov.C9o7riXQCkCmXEk0fUb52dRdC', '2026-01-11 15:30:15', NULL, '172.69.85.157', '2026-01-30 17:29:57', '2026-01-30 17:30:31', NULL, NULL, NULL, 0, 2, 1, '', '', 'sharizal-bin-ithman', 0, 0.00, 0, NULL, NULL, '', NULL, NULL, NULL, NULL, NULL, NULL, NULL, NULL, NULL, NULL, NULL, NULL, NULL, NULL, NULL, NULL, NULL, NULL, NULL, NULL, NULL, NULL, 0, NULL, NULL, NULL, NULL, NULL),
(68, 'Iziati@inceif.edu.my', 'Iziati ', 'Binti Mohd Azmi', 'Assistant Manager, Bursary & Procurement', '000253', 38, '', '', '', '', '$2a$08$b3Y9DExOnUqCXyEe9c6f.uLegjNj3tT.QxyNrfhbjP8qniw1ZmfGy', '2026-01-11 15:31:53', NULL, '172.69.85.157', '2026-01-30 08:56:50', '2026-01-30 09:04:52', NULL, NULL, NULL, 0, 2, 1, '', '', 'iziati-binti-mohd-azmi', 0, 0.00, 0, NULL, NULL, '', NULL, NULL, NULL, NULL, NULL, NULL, NULL, NULL, NULL, NULL, NULL, NULL, NULL, NULL, NULL, NULL, NULL, NULL, NULL, NULL, NULL, NULL, 0, NULL, NULL, NULL, NULL, NULL),
(69, 'idayu@inceif.edu.my', 'Norakmal Idayu ', 'Binti Ramli', 'Executive, Bursary & Procurement Office', '000254', 38, '', '', '', '', '$2a$08$kmt5lCqcaAiOPePl1dGPK.Xpt6SkaApxDWzgHsHx8Ib.nCS7awH82', '2026-01-11 15:33:06', NULL, '172.69.85.156', '2026-01-27 10:28:24', '2026-01-27 10:34:01', NULL, NULL, NULL, 0, 2, 1, '', '', 'norakmal-idayu-binti-ramli', 0, 0.00, 0, NULL, NULL, '', NULL, NULL, NULL, NULL, NULL, NULL, NULL, NULL, NULL, NULL, NULL, NULL, NULL, NULL, NULL, NULL, NULL, NULL, NULL, NULL, NULL, NULL, 0, NULL, NULL, NULL, NULL, NULL),
(70, 'baharom@inceif.edu.my', 'Prof. Dr. Baharom ', 'Bin Abdul Hamid', 'Professor', '000260', 14, '', '', '', '', '$2a$08$ZlIHz/bVQ0LLxTlRdwJsk./4oe0RJcvQqemm26lbKvh7sKzAJS.za', '2026-01-12 06:42:03', NULL, '172.70.142.87', '2026-01-29 15:17:32', '2026-01-29 16:26:07', NULL, NULL, NULL, 0, 2, 1, '', '', 'prof-dr-baharom-bin-abdul-hamid', 0, 0.00, 0, NULL, NULL, '', NULL, NULL, NULL, NULL, NULL, NULL, NULL, NULL, NULL, NULL, NULL, NULL, NULL, NULL, NULL, NULL, NULL, NULL, NULL, NULL, NULL, NULL, 0, NULL, NULL, NULL, NULL, NULL),
(71, 'khairunnisa@inceif.edu.my', 'Khairun Nisa ', 'Binti Kamal', 'Executive, Knowledge Management', '000265', 20, '', '', '', '', '$2a$08$KF4NcvsPx24uPcDQ0k.Cm.Veyi3mO3pYd.N7ns/CSmnKptxYdVgBK', '2026-01-12 06:43:21', NULL, '172.69.85.157', '2026-01-29 10:42:50', '2026-01-29 10:42:50', NULL, NULL, NULL, 0, 2, 1, '', '', 'khairun-nisa-binti-kamal', 0, 0.00, 0, NULL, NULL, '', NULL, NULL, NULL, NULL, NULL, NULL, NULL, NULL, NULL, NULL, NULL, NULL, NULL, NULL, NULL, NULL, NULL, NULL, NULL, NULL, NULL, NULL, 0, NULL, NULL, NULL, NULL, NULL),
(72, 'mariff@inceif.edu.my', 'Muhammad Ariff ', 'Bin Idris', 'System Analyst', '000266', 42, '', '', '', '', '$2a$08$4pPuUmknzZlqlLnxn7fjheFCWsjexBHmMjsiI8Dtj/Q2F1LodlEQy', '2026-01-12 06:44:18', NULL, '162.158.88.37', '2026-01-19 16:29:38', '2026-01-19 16:32:10', NULL, NULL, NULL, 0, 2, 1, '', '', 'muhammad-ariff-bin-idris', 0, 0.00, 0, NULL, NULL, '', NULL, NULL, NULL, NULL, NULL, NULL, NULL, NULL, NULL, NULL, NULL, NULL, NULL, NULL, NULL, NULL, NULL, NULL, NULL, NULL, NULL, NULL, 0, NULL, NULL, NULL, NULL, NULL),
(73, 'musle@inceif.edu.my', 'Muhammad Amer Musle ', 'Bin Mustaffa', 'Senior Executive, Curriculum & Accreditation', '000273', 18, '', '', '', '', '$2a$08$JP5DOmY8lSl4wEmCzMOD6O5R91V/rS9uKAywT196u2NIYIT5YdvEu', '2026-01-12 06:45:27', NULL, '172.68.164.135', '2026-01-21 11:25:27', '2026-01-21 11:29:51', NULL, NULL, NULL, 0, 2, 1, '', '', 'muhammad-amer-musle-bin-mustaffa', 0, 0.00, 0, NULL, NULL, '', NULL, NULL, NULL, NULL, NULL, NULL, NULL, NULL, NULL, NULL, NULL, NULL, NULL, NULL, NULL, NULL, NULL, NULL, NULL, NULL, NULL, NULL, 0, NULL, NULL, NULL, NULL, NULL),
(74, 'firdhaus@inceif.edu.my', 'Mohd Firdhaus ', 'Bin Norzamani', 'Campus Services Officer', '000278', 11, '', '', '', '', '$2a$08$tBA.kXt0.DStBLwstl0gp.ktc3XWQKn1fZgt/JpC8qGvdWZejRKCC', '2026-01-12 06:46:34', NULL, '162.158.88.37', '2026-01-30 15:22:33', '2026-01-30 15:22:33', NULL, NULL, NULL, 0, 2, 1, '', '', 'mohd-firdhaus-bin-norzamani', 0, 0.00, 0, NULL, NULL, '', NULL, NULL, NULL, NULL, NULL, NULL, NULL, NULL, NULL, NULL, NULL, NULL, NULL, NULL, NULL, NULL, NULL, NULL, NULL, NULL, NULL, NULL, 0, NULL, NULL, NULL, NULL, NULL),
(75, 'syazana@inceif.edu.my', 'Nur Syazana ', 'Binti Kamaruzaman', 'Manager of Governance, Compliance & Integrity', '000279', 34, '', '', '', '', '$2a$08$yh9UadmdN6lNo5WnjeYqIOgZH2/Pswn5vQOF3S348h3sX7X.G3MuS', '2026-01-12 06:48:02', NULL, '172.71.152.9', '2026-01-20 09:44:07', '2026-01-20 09:47:12', NULL, NULL, NULL, 0, 2, 1, '', '', 'nur-syazana-binti-kamaruzaman', 0, 0.00, 0, NULL, NULL, '', NULL, NULL, NULL, NULL, NULL, NULL, NULL, NULL, NULL, NULL, NULL, NULL, NULL, NULL, NULL, NULL, NULL, NULL, NULL, NULL, NULL, NULL, 0, NULL, NULL, NULL, NULL, NULL),
(76, 'norzaini@inceif.edu.my', 'Norzaini ', 'Binti Hashim', 'Executive Assistant', '000282', 14, '', '', '', '', '$2a$08$SXdjf5cG6C/Gk/mz6YPGoe9.Yc3zlPJstHiKdz6dIa9uqFLxSrMTm', '2026-01-12 06:49:13', NULL, '172.69.85.157', '2026-01-30 15:52:11', '2026-01-30 17:06:46', NULL, NULL, NULL, 0, 2, 1, '', '', 'norzaini-binti-hashim', 0, 0.00, 0, NULL, NULL, '', NULL, NULL, NULL, NULL, NULL, NULL, NULL, NULL, NULL, NULL, NULL, NULL, NULL, NULL, NULL, NULL, NULL, NULL, NULL, NULL, NULL, NULL, 0, NULL, NULL, NULL, NULL, NULL),
(77, 'nursuhana@inceif.edu.my', 'Nursuhana ', 'Binti Mohd Azmi', 'Senior Executive, Group Financial Management Offic', '000288', 38, '', '', '', '', '$2a$08$cJjEe.xOh4JK0xFqme7FaOXv3pSp0wQYCBBkl5KO3kJwxf44/Q69K', '2026-01-12 06:50:21', NULL, '162.158.190.35', '2026-01-30 09:05:14', '2026-01-30 09:31:58', NULL, NULL, NULL, 0, 2, 1, '', '', 'nursuhana-binti-mohd-azmi', 0, 0.00, 0, NULL, NULL, '', NULL, NULL, NULL, NULL, NULL, NULL, NULL, NULL, NULL, NULL, NULL, NULL, NULL, NULL, NULL, NULL, NULL, NULL, NULL, NULL, NULL, NULL, 0, NULL, NULL, NULL, NULL, NULL),
(78, 'ziyaad@inceif.edu.my', 'Dr. Ziyaad', 'Mahome', 'Associate Professor', '000289', 14, '', '', '', '', '$2a$08$vWZx6tgSt3jPYeKBJSRJjuxk77.Lwh.yWYYezjItNST2IkyIz96XG', '2026-01-12 06:51:50', NULL, '172.70.142.213', '2026-01-31 12:12:01', '2026-01-31 13:11:08', NULL, NULL, NULL, 0, 2, 1, '', '', 'dr-ziyaad-mahome', 0, 0.00, 0, NULL, NULL, '', NULL, NULL, NULL, NULL, NULL, NULL, NULL, NULL, NULL, NULL, NULL, NULL, NULL, NULL, NULL, NULL, NULL, NULL, NULL, NULL, NULL, NULL, 0, NULL, NULL, NULL, NULL, NULL),
(79, 'kinan@inceif.edu.my', 'Dr. Kinan ', 'Salim', 'Associate Professor', '000291', 14, '', '', '', '', '$2a$08$GG1ohVCwJ.qWlpSCVeN/5ehqwuFcNmNDvIK6UDdacj8EqceBINiOG', '2026-01-12 06:52:53', NULL, '162.158.170.165', '2026-02-06 08:11:06', '2026-02-06 08:11:09', NULL, NULL, NULL, 0, 2, 1, '', '', 'dr-kinan-salim', 0, 0.00, 0, NULL, NULL, '', NULL, NULL, NULL, NULL, NULL, NULL, NULL, NULL, NULL, NULL, NULL, NULL, NULL, NULL, NULL, NULL, NULL, NULL, NULL, NULL, NULL, NULL, 0, NULL, NULL, NULL, NULL, NULL),
(80, 'lidiana@inceif.edu.my', 'Wan Lidiana Lidia ', 'Binti Wan Abu Bakar', 'Assistant Manager, e-Learning', '000302', 58, '', '', '', '', '$2a$08$fK9z2GU9e6W88GHmyr03leOqD6GbiAg.r1l1NOrsoH03O2mW9q542', '2026-01-12 06:57:14', NULL, '162.158.192.182', '2026-01-28 08:51:52', '2026-01-28 09:02:45', NULL, NULL, NULL, 0, 2, 1, '', '', 'wan-lidiana-lidia-binti-wan-abu-bakar', 0, 0.00, 0, NULL, NULL, '', NULL, NULL, NULL, NULL, NULL, NULL, NULL, NULL, NULL, NULL, NULL, NULL, NULL, NULL, NULL, NULL, NULL, NULL, NULL, NULL, NULL, NULL, 0, NULL, NULL, NULL, NULL, NULL),
(81, 'siti.shafawati@inceif.edu.my', 'Siti Shafawati ', 'Binti Zakaria', 'Executive, Registration', '000303', 21, '', '', '', '', '$2a$08$wfPd7SbRew.zcqc.cm.mgejsF8Xl9XX4oXu2HklSVooX6i5aZmLwW', '2026-01-12 06:58:23', NULL, '162.158.108.171', '2026-01-27 09:09:53', '2026-01-27 09:20:03', NULL, NULL, NULL, 0, 2, 1, '', '', 'siti-shafawati-binti-zakaria', 0, 0.00, 0, NULL, NULL, '', NULL, NULL, NULL, NULL, NULL, NULL, NULL, NULL, NULL, NULL, NULL, NULL, NULL, NULL, NULL, NULL, NULL, NULL, NULL, NULL, NULL, NULL, 0, NULL, NULL, NULL, NULL, NULL),
(82, 'mazura@inceif.edu.my', 'Mazura ', 'Binti Baharom', 'Executive, Facilities and Logistics Management', '000309', 11, '', '', '', '', '$2a$08$z59YHlniuGB1KOAr9JlNHuVm/L/yEpwO30HQSYQmhv6EvJpuQJ7nK', '2026-01-12 06:59:21', NULL, '162.158.170.165', '2026-01-30 18:58:29', '2026-01-30 18:59:50', NULL, NULL, NULL, 0, 2, 1, '', '', 'mazura-binti-baharom', 0, 0.00, 0, NULL, NULL, '', NULL, NULL, NULL, NULL, NULL, NULL, NULL, NULL, NULL, NULL, NULL, NULL, NULL, NULL, NULL, NULL, NULL, NULL, NULL, NULL, NULL, NULL, 0, NULL, NULL, NULL, NULL, NULL),
(83, 'nursyakirin@inceif.edu.my', 'Nur Syakirin ', 'Binti Mohamad Ali', 'Senior Programme Counsellor', '000315', 29, '', '', '', '', '$2a$08$xUp218r5JKXoyr/QW09QOej/FMq2VFPfTjtWO8k0in/8vPuKLzufa', '2026-01-12 07:01:35', NULL, '172.69.85.156', '2026-01-28 07:35:25', '2026-01-28 07:37:50', NULL, NULL, NULL, 0, 2, 1, '', '', 'nur-syakirin-binti-mohamad-ali', 0, 0.00, 0, NULL, NULL, '', NULL, NULL, NULL, NULL, NULL, NULL, NULL, NULL, NULL, NULL, NULL, NULL, NULL, NULL, NULL, NULL, NULL, NULL, NULL, NULL, NULL, NULL, 0, NULL, NULL, NULL, NULL, NULL),
(84, 'turalay.kenc@inceif.edu.my', 'Prof. Dr. Turalay ', 'Kenc', 'Professor', '000320', 14, '', '', '', '', '$2a$08$HIyGtAnItms7ACI8.vUHtOQDuY3gMhRxHpO.dzgUrhhksSpyEa9l2', '2026-01-12 07:02:51', NULL, '172.69.85.156', '2026-01-30 17:52:00', '2026-01-30 17:58:36', NULL, NULL, NULL, 0, 2, 1, '', '', 'prof-dr-turalay-kenc', 0, 0.00, 0, NULL, NULL, '', NULL, NULL, NULL, NULL, NULL, NULL, NULL, NULL, NULL, NULL, NULL, NULL, NULL, NULL, NULL, NULL, NULL, NULL, NULL, NULL, NULL, NULL, 0, NULL, NULL, NULL, NULL, NULL),
(85, 'noramalina@inceif.edu.my', 'Noramalina ', 'Binti Baharuddin', 'Director of Internal Audit', '000321', 9, '', '', '', '', '$2a$08$O32mC09tlo91B6/lyl27DOUV3I3jjZ8cEmB.nPe5Le.IkTNpq8tnu', '2026-01-12 07:03:53', NULL, '172.16.150.1', '2026-03-04 10:53:02', '2026-03-04 14:04:21', '2026-03-04 10:52:54', NULL, NULL, 0, 2, 1, '', '', 'noramalina-binti-baharuddin', 0, 0.00, 0, NULL, NULL, '', NULL, NULL, NULL, NULL, NULL, NULL, NULL, NULL, NULL, NULL, NULL, NULL, NULL, NULL, NULL, NULL, NULL, NULL, NULL, NULL, NULL, NULL, 0, NULL, NULL, NULL, NULL, NULL),
(86, 'rahman@inceif.edu.my', 'Abdul Rahman ', 'Bin Mohd Yusoff', 'Teaching Fellow', '000322', 14, '', '', '', '', '$2a$08$uahzssVjSxKax65A3h0TeOQib686YTImvstcbyQjR56eic/wR/htG', '2026-01-12 07:05:02', NULL, '172.70.208.166', '2026-01-31 06:38:23', '2026-01-31 06:38:57', NULL, NULL, NULL, 0, 2, 1, '', '', 'abdul-rahman-bin-mohd-yusoff', 0, 0.00, 0, NULL, NULL, '', NULL, NULL, NULL, NULL, NULL, NULL, NULL, NULL, NULL, NULL, NULL, NULL, NULL, NULL, NULL, NULL, NULL, NULL, NULL, NULL, NULL, NULL, 0, NULL, NULL, NULL, NULL, NULL),
(87, 'nurfara@inceif.edu.my', 'Nur Fara Melissa ', 'Binti Mohd Mujab', 'Executive, Knowledge Management', '000325', 20, '', '', '', '', '$2a$08$sdQw/D8WCZU20gxaNDQBf.2FDMqFeLDQFWJ5kH7ZYi/BiZA.5LUD2', '2026-01-12 07:07:30', NULL, '162.158.108.170', '2026-01-20 16:11:50', '2026-01-20 16:23:36', NULL, NULL, NULL, 0, 2, 1, '', '', 'nur-fara-melissa-binti-mohd-mujab', 0, 0.00, 0, NULL, NULL, '', NULL, NULL, NULL, NULL, NULL, NULL, NULL, NULL, NULL, NULL, NULL, NULL, NULL, NULL, NULL, NULL, NULL, NULL, NULL, NULL, NULL, NULL, 0, NULL, NULL, NULL, NULL, NULL),
(88, 'najmi-isra@inceif.edu.my', 'Khairun Najmi ', 'Bin Saripudin', 'Senior Researcher', '000330', 62, '', '', '', '', '$2a$08$OjXUhgU8TpMA4pTy8CO0k.8htdBdkzuuDD8loK3TnigUnHZg9E8.O', '2026-01-12 07:08:33', NULL, '172.71.124.14', '2026-02-02 09:52:08', '2026-02-02 09:54:24', NULL, NULL, NULL, 0, 2, 1, '', '', 'khairun-najmi-bin-saripudin', 0, 0.00, 0, NULL, NULL, '', NULL, NULL, NULL, NULL, NULL, NULL, NULL, NULL, NULL, NULL, NULL, NULL, NULL, NULL, NULL, NULL, NULL, NULL, NULL, NULL, NULL, NULL, 0, NULL, NULL, NULL, NULL, NULL),
(89, 'nurhakimah@inceif.edu.my', 'Nur Hakimah ', 'Binti Mohd Zamri', 'Account Assistant, Bursary & Procurement Office', '000334', 38, '', '', '', '', '$2a$08$dd4ZcJTMz8DumtFlwI2EkOT/YlllzK7k1iQS2c2HxnHGsnTsV9ND2', '2026-01-12 07:09:35', NULL, '162.158.88.37', '2026-01-30 09:44:50', '2026-01-30 15:39:14', NULL, NULL, NULL, 0, 2, 1, '', '', 'nur-hakimah-binti-mohd-zamri', 0, 0.00, 0, NULL, NULL, '', NULL, NULL, NULL, NULL, NULL, NULL, NULL, NULL, NULL, NULL, NULL, NULL, NULL, NULL, NULL, NULL, NULL, NULL, NULL, NULL, NULL, NULL, 0, NULL, NULL, NULL, NULL, NULL),
(90, 'bsaid-isra@inceif.edu.my', 'Prof. Dr. Said ', 'Bouheraoua', 'Professor', 'IS024', 62, '', '', '', '', '$2a$08$LLLQO.bSesthCGfWMeikxOjOMiCwMj4j241uCOql1jN2BtkyL8aJq', '2026-01-12 07:11:20', NULL, '172.70.208.167', '2026-02-05 12:35:15', '2026-02-05 12:35:44', NULL, NULL, NULL, 0, 2, 1, '', '', 'prof-dr-said-bouheraoua', 0, 0.00, 0, NULL, NULL, '', NULL, NULL, NULL, NULL, NULL, NULL, NULL, NULL, NULL, NULL, NULL, NULL, NULL, NULL, NULL, NULL, NULL, NULL, NULL, NULL, NULL, NULL, 0, NULL, NULL, NULL, NULL, NULL),
(91, 'athirah-isra@inceif.edu.my', 'Ummi Athirah ', 'Binti Mohd Yatim', 'Executive, Project Management & Admin', '000335', 90, '', '', '', '', '$2a$08$NhT21g71Wuk3PJ6QeU3RpedYUnj9u.MTSdLGwMLVY6UjDpEey2pza', '2026-01-12 07:12:29', NULL, '172.69.85.157', '2026-01-26 10:24:35', '2026-01-26 10:26:49', NULL, NULL, NULL, 0, 2, 1, '', '', 'ummi-athirah-binti-mohd-yatim', 0, 0.00, 0, NULL, NULL, '', NULL, NULL, NULL, NULL, NULL, NULL, NULL, NULL, NULL, NULL, NULL, NULL, NULL, NULL, NULL, NULL, NULL, NULL, NULL, NULL, NULL, NULL, 0, NULL, NULL, NULL, NULL, NULL);
INSERT INTO `tblstaff` (`staffid`, `email`, `firstname`, `lastname`, `position`, `inceif_staff_id`, `hod`, `facebook`, `linkedin`, `phonenumber`, `skype`, `password`, `datecreated`, `profile_image`, `last_ip`, `last_login`, `last_activity`, `last_password_change`, `new_pass_key`, `new_pass_key_requested`, `admin`, `role`, `active`, `default_language`, `direction`, `media_path_slug`, `is_not_staff`, `hourly_rate`, `two_factor_auth_enabled`, `two_factor_auth_code`, `two_factor_auth_code_requested`, `email_signature`, `birthday`, `birthplace`, `sex`, `marital_status`, `nation`, `religion`, `identification`, `days_for_identity`, `home_town`, `resident`, `current_address`, `literacy`, `orther_infor`, `job_position`, `workplace`, `place_of_issue`, `account_number`, `name_account`, `issue_bank`, `records_received`, `Personal_tax_code`, `google_auth_secret`, `team_manage`, `staff_identifi`, `status_work`, `date_update`, `epf_no`, `social_security_no`) VALUES
(92, 'norazan@inceif.edu.my', 'Nor Azan ', 'Bin Arifin', 'Building Supevisor & Chargeman', '000337', 11, '', '', '', '', '$2a$08$bF4813t9fAWwM1mYu/O7P.r502.u2mInOn6Yx1sHEU.ItLsd0qPua', '2026-01-12 07:13:27', NULL, '172.69.85.157', '2026-01-30 15:04:52', '2026-01-30 15:22:28', NULL, NULL, NULL, 0, 2, 1, '', '', 'nor-azan-bin-arifin', 0, 0.00, 0, NULL, NULL, '', NULL, NULL, NULL, NULL, NULL, NULL, NULL, NULL, NULL, NULL, NULL, NULL, NULL, NULL, NULL, NULL, NULL, NULL, NULL, NULL, NULL, NULL, 0, NULL, NULL, NULL, NULL, NULL),
(93, 'farizal@inceif.edu.my', 'Mohd Farizal ', 'Bin Mohd Fadzil', 'Driver', '000338', 11, '', '', '', '', '$2a$08$wzouvwuNebo4hdo27i1LEe24GO.12DjinSByK4um4gBAam09B5toW', '2026-01-12 07:14:34', NULL, '172.69.176.171', '2026-01-31 21:11:31', '2026-01-31 21:12:07', NULL, NULL, NULL, 0, 2, 1, '', '', 'mohd-farizal-bin-mohd-fadzil', 0, 0.00, 0, NULL, NULL, '', NULL, NULL, NULL, NULL, NULL, NULL, NULL, NULL, NULL, NULL, NULL, NULL, NULL, NULL, NULL, NULL, NULL, NULL, NULL, NULL, NULL, NULL, 0, NULL, NULL, NULL, NULL, NULL),
(94, 'haziq@inceif.edu.my', 'Haziq ', 'Bin Sanuri', 'Executive, IT Support & Helpdesk', '000341', 42, '', '', '', '', '$2a$08$QnYz6mrzCWWUUGSi1t61U.m5OEpIW9akDx7jYe8pOWc3GAtdrhjgK', '2026-01-12 07:17:24', NULL, '108.162.227.78', '2026-03-05 15:25:12', '2026-03-05 15:25:26', NULL, NULL, NULL, 0, 2, 1, '', '', 'haziq-bin-sanuri', 0, 0.00, 0, NULL, NULL, '', NULL, NULL, NULL, NULL, NULL, NULL, NULL, NULL, NULL, NULL, NULL, NULL, NULL, NULL, NULL, NULL, NULL, NULL, NULL, NULL, NULL, NULL, 0, NULL, NULL, NULL, NULL, NULL),
(95, 'amira.mustaffa@inceif.edu.my', 'Amira ', 'Binti Mustaffa', 'Programme Executive', '000342', 25, '', '', '', '', '$2a$08$VdDqwhVDi0Nr/3zVQdHOgO3QSe/QK191JouQKvPCf8KTNsQL6lYLy', '2026-01-12 07:18:30', NULL, '172.69.85.156', '2026-01-30 09:17:56', '2026-01-30 09:29:11', NULL, NULL, NULL, 0, 2, 1, '', '', 'amira-binti-mustaffa', 0, 0.00, 0, NULL, NULL, '', NULL, NULL, NULL, NULL, NULL, NULL, NULL, NULL, NULL, NULL, NULL, NULL, NULL, NULL, NULL, NULL, NULL, NULL, NULL, NULL, NULL, NULL, 0, NULL, NULL, NULL, NULL, NULL),
(96, 'zulhani@inceif.edu.my', 'Zulhani ', 'Binti Zulkifli', 'Executive Assistant', '000343', 9, '', '', '', '', '$2a$08$OapSaOST8hUxfEkvQKNBheoifYNc7Yt1IvWuKc500Zp830o7U75gm', '2026-01-12 07:19:30', NULL, '172.69.176.150', '2026-01-21 09:03:21', '2026-01-21 17:26:08', NULL, NULL, NULL, 0, 2, 1, '', '', 'zulhani-binti-zulkifli', 0, 0.00, 0, NULL, NULL, '', NULL, NULL, NULL, NULL, NULL, NULL, NULL, NULL, NULL, NULL, NULL, NULL, NULL, NULL, NULL, NULL, NULL, NULL, NULL, NULL, NULL, NULL, 0, NULL, NULL, NULL, NULL, NULL),
(97, 'rizaidy-ic@inceif.edu.my', 'Wan Rizaidy ', 'Bin W Mamat Saufi', 'Director of Philanthropic Relations', '000346', 10, '', '', '', '', '$2a$08$BwG4Wai3UYmvh.WISt.QT.8/PD76incoqzfhtOnoES9PTn9enfnxu', '2026-01-12 07:21:42', NULL, NULL, NULL, NULL, NULL, NULL, NULL, 0, 2, 0, '', '', 'wan-rizaidy-bin-w-mamat-saufi', 0, 0.00, 0, NULL, NULL, '', NULL, NULL, NULL, NULL, NULL, NULL, NULL, NULL, NULL, NULL, NULL, NULL, NULL, NULL, NULL, NULL, NULL, NULL, NULL, NULL, NULL, NULL, 0, NULL, NULL, NULL, NULL, NULL),
(98, 'zhang@inceif.edu.my', 'Dr. Zhang ', 'Hengchao', 'Assistant Professor', '000351', 14, '', '', '', '', '$2a$08$C8EA5FlB/XyI.iQUuE57YO7hiy3B7Xr6Sn16PwS3a7H6byiiqOl.q', '2026-01-12 07:23:02', NULL, '104.23.175.217', '2026-01-27 15:27:04', '2026-01-27 15:32:08', NULL, NULL, NULL, 0, 2, 1, '', '', 'dr-zhang-hengchao', 0, 0.00, 0, NULL, NULL, '', NULL, NULL, NULL, NULL, NULL, NULL, NULL, NULL, NULL, NULL, NULL, NULL, NULL, NULL, NULL, NULL, NULL, NULL, NULL, NULL, NULL, NULL, 0, NULL, NULL, NULL, NULL, NULL),
(99, 'syedsalleh-ic@inceif.edu.my', 'Syed Muhammad Salleh ', 'Bin Syed Nasir', 'Lead Consultant', '000414', 28, '', '', '', '', '$2a$08$H2AIEPZtiJ2xgOoLxDMHUeVs5N6Z0f0okKNAKUSr0jrpLUCBqiYZq', '2026-01-12 07:24:35', NULL, '172.69.85.156', '2026-01-30 11:31:08', '2026-01-30 12:19:38', NULL, NULL, NULL, 0, 2, 1, '', '', 'syed-muhammad-salleh-bin-syed-nasir', 0, 0.00, 0, NULL, NULL, '', NULL, NULL, NULL, NULL, NULL, NULL, NULL, NULL, NULL, NULL, NULL, NULL, NULL, NULL, NULL, NULL, NULL, NULL, NULL, NULL, NULL, NULL, 0, NULL, NULL, NULL, NULL, NULL),
(100, 'amirul-ic@inceif.edu.my', 'Amirul Aizzat ', 'Bin Zulkhari', 'Associate Consultant', '000355', 28, '', '', '', '', '$2a$08$asrlQt5wAQYoofbSY7mSk.rejGnYLizvlfQCW5CfAy.CN9xJpEoFO', '2026-01-12 07:25:45', NULL, '172.69.85.156', '2026-01-29 10:10:13', '2026-01-29 10:33:59', NULL, NULL, NULL, 0, 2, 1, '', '', 'amirul-aizzat-bin-zulkhari', 0, 0.00, 0, NULL, NULL, '', NULL, NULL, NULL, NULL, NULL, NULL, NULL, NULL, NULL, NULL, NULL, NULL, NULL, NULL, NULL, NULL, NULL, NULL, NULL, NULL, NULL, NULL, 0, NULL, NULL, NULL, NULL, NULL),
(101, 'hussaini@inceif.edu.my', 'Mohamed Hussaini ', 'bin Abdullah', 'Manager of Student Experience & Alumni', '000402', 21, '', '', '', '', '$2a$08$Jarp7cfZA9C8eBfnj9FdH.X29N8qfZ2BjtSwaWoK4CO1ShaeIzM0.', '2026-01-12 07:27:07', NULL, '162.158.88.36', '2026-01-30 11:02:13', '2026-01-30 11:08:50', NULL, NULL, NULL, 0, 2, 1, '', '', 'mohamed-hussaini-bin-abdullah', 0, 0.00, 0, NULL, NULL, '', NULL, NULL, NULL, NULL, NULL, NULL, NULL, NULL, NULL, NULL, NULL, NULL, NULL, NULL, NULL, NULL, NULL, NULL, NULL, NULL, NULL, NULL, 0, NULL, NULL, NULL, NULL, NULL),
(102, 'azril@inceif.edu.my', 'Azril Hazwan ', 'Bin Hanif', 'Executive, Student Affairs', '000356', 21, '', '', '', '', '$2a$08$0MHjsXMC38Can7ZT62dLEuVN.F3V7gvqAPC2W8bwDla/KTdZtP.bS', '2026-01-12 07:28:27', NULL, '172.70.208.167', '2026-01-31 16:36:05', '2026-01-31 21:31:52', NULL, NULL, NULL, 0, 2, 1, '', '', 'azril-hazwan-bin-hanif', 0, 0.00, 0, NULL, NULL, '', NULL, NULL, NULL, NULL, NULL, NULL, NULL, NULL, NULL, NULL, NULL, NULL, NULL, NULL, NULL, NULL, NULL, NULL, NULL, NULL, NULL, NULL, 0, NULL, NULL, NULL, NULL, NULL),
(103, 'shamimi-isra@inceif.edu.my', 'Shamimi ', 'Binti Mohd Zulkarnaini', 'Associate Researcher', '000359', 63, '', '', '', '', '$2a$08$eojJAvFS2tKMGd86Du489uG6OabzlETpEEJnf41lFUZ42vfGX.4Im', '2026-01-12 07:29:33', NULL, '162.158.108.170', '2026-01-29 09:00:48', '2026-01-29 09:04:23', NULL, NULL, NULL, 0, 2, 1, '', '', 'shamimi-binti-mohd-zulkarnaini', 0, 0.00, 0, NULL, NULL, '', NULL, NULL, NULL, NULL, NULL, NULL, NULL, NULL, NULL, NULL, NULL, NULL, NULL, NULL, NULL, NULL, NULL, NULL, NULL, NULL, NULL, NULL, 0, NULL, NULL, NULL, NULL, NULL),
(104, 'faisal-isra@inceif.edu.my', 'Ahmad Faisal ', 'Bin Pauzer', 'Research Officer', '000361', 63, '', '', '', '', '$2a$08$B2ZP.vi/gVV.IYGfVhBDyugT//gTQJXqL.I2YHTJ28STxEjvJTyjm', '2026-01-12 07:31:32', NULL, '172.69.176.170', '2026-01-22 14:23:14', '2026-01-22 15:19:34', NULL, NULL, NULL, 0, 2, 1, '', '', 'ahmad-faisal-bin-pauzer', 0, 0.00, 0, NULL, NULL, '', NULL, NULL, NULL, NULL, NULL, NULL, NULL, NULL, NULL, NULL, NULL, NULL, NULL, NULL, NULL, NULL, NULL, NULL, NULL, NULL, NULL, NULL, 0, NULL, NULL, NULL, NULL, NULL),
(105, 'nizam@inceif.edu.my', 'Mohammad Nizam ', 'Bin Md Daud', 'Executive, International Student Service', '000363', 21, '', '', '', '', '$2a$08$k555q81EIQoj/mSG/iLf7Ol50xAutPvpgTk0R5b1wiUHbGJC9qjJu', '2026-01-12 07:32:34', NULL, '172.70.208.167', '2026-01-27 09:45:53', '2026-01-27 09:48:12', NULL, NULL, NULL, 0, 2, 1, '', '', 'mohammad-nizam-bin-md-daud', 0, 0.00, 0, NULL, NULL, '', NULL, NULL, NULL, NULL, NULL, NULL, NULL, NULL, NULL, NULL, NULL, NULL, NULL, NULL, NULL, NULL, NULL, NULL, NULL, NULL, NULL, NULL, 0, NULL, NULL, NULL, NULL, NULL),
(106, 'bahroddin-ic@inceif.edu.my', 'Mohd Bahroddin ', 'Bin Badri', 'Principal Consultant', 'IS048', 28, '', '', '', '', '$2a$08$ZNwRFTUPOs2n15j8I49QLOdBtaL/pfCxRguWx4YH3NqmTgCh52sLC', '2026-01-12 07:33:50', NULL, '172.71.81.209', '2026-02-03 08:10:42', '2026-02-03 16:01:32', NULL, NULL, NULL, 0, 2, 1, '', '', 'mohd-bahroddin-bin-badri', 0, 0.00, 0, NULL, NULL, '', NULL, NULL, NULL, NULL, NULL, NULL, NULL, NULL, NULL, NULL, NULL, NULL, NULL, NULL, NULL, NULL, NULL, NULL, NULL, NULL, NULL, NULL, 0, NULL, NULL, NULL, NULL, NULL),
(107, 'faqihuddin-ic@inceif.edu.my', 'Ahmad Faqihuddin ', 'Bin Muhammad Norizan', 'Associate Consultant', '000364', 28, '', '', '', '', '$2a$08$K/w.BTi4lwBl7edPBP2ZsORjdDdbq.2nPR07aUQCb14AS/MR17L7S', '2026-01-12 07:35:11', NULL, '172.69.85.156', '2026-01-20 09:58:36', '2026-01-20 10:11:41', NULL, NULL, NULL, 0, 2, 1, '', '', 'ahmad-faqihuddin-bin-muhammad-norizan', 0, 0.00, 0, NULL, NULL, '', NULL, NULL, NULL, NULL, NULL, NULL, NULL, NULL, NULL, NULL, NULL, NULL, NULL, NULL, NULL, NULL, NULL, NULL, NULL, NULL, NULL, NULL, 0, NULL, NULL, NULL, NULL, NULL),
(108, 'hafiz-ic@inceif.edu.my', 'Muhammad Hafiz ', 'Bin Zamri', 'Associate Consultant', '000365', 28, '', '', '', '', '$2a$08$dEaqzgSGTqBFSaSVo/0LY.UyYO0ksk1uWhWrCVzAXcA410DONVBce', '2026-01-12 07:36:29', NULL, '172.68.164.74', '2026-01-30 06:29:17', '2026-01-30 07:43:28', NULL, NULL, NULL, 0, 2, 1, '', '', 'muhammad-hafiz-bin-zamri', 0, 0.00, 0, NULL, NULL, '', NULL, NULL, NULL, NULL, NULL, NULL, NULL, NULL, NULL, NULL, NULL, NULL, NULL, NULL, NULL, NULL, NULL, NULL, NULL, NULL, NULL, NULL, 0, NULL, NULL, NULL, NULL, NULL),
(109, 'ameerul-isra@inceif.edu.my', 'Ameerul Izudin ', 'Bin Noor Haslan', 'Research Officer', '000369', 63, '', '', '', '', '$2a$08$urgBGvqu/K5kgHop/2rDN.0WG.Cq0.UV3TyZzB65wiCQBwSgI2CV.', '2026-01-12 07:37:40', NULL, '172.71.124.103', '2026-01-22 09:31:17', '2026-01-22 09:34:46', NULL, NULL, NULL, 0, 2, 1, '', '', 'ameerul-izudin-bin-noor-haslan', 0, 0.00, 0, NULL, NULL, '', NULL, NULL, NULL, NULL, NULL, NULL, NULL, NULL, NULL, NULL, NULL, NULL, NULL, NULL, NULL, NULL, NULL, NULL, NULL, NULL, NULL, NULL, 0, NULL, NULL, NULL, NULL, NULL),
(110, 'jasmin@inceif.edu.my', 'Jasmin ', 'Binti Mohd Shariff', 'Executive, Business Development', '000370', 29, '', '', '', '', '$2a$08$eufBrySyXpTBkDnpwLspQ.iG89Y6abzoqDBJpKvwLPnisgiU1REay', '2026-01-12 07:39:24', NULL, '172.69.85.157', '2026-01-28 13:44:17', '2026-01-28 14:19:22', NULL, NULL, NULL, 0, 2, 1, '', '', 'jasmin-binti-mohd-shariff', 0, 0.00, 0, NULL, NULL, '', NULL, NULL, NULL, NULL, NULL, NULL, NULL, NULL, NULL, NULL, NULL, NULL, NULL, NULL, NULL, NULL, NULL, NULL, NULL, NULL, NULL, NULL, 0, NULL, NULL, NULL, NULL, NULL),
(111, 'norehayati@inceif.edu.my', 'Norehayati ', 'Binti Sarkawi', 'Executive Assistant', '000371', 9, '', '', '', '', '$2a$08$9Ljk061Ed5mbh2n6v094YezeBbf5dcylm2hgpazGywjf8UZxe2VZ2', '2026-01-12 07:41:46', NULL, '162.158.88.36', '2026-02-04 08:36:37', '2026-02-04 08:37:52', NULL, NULL, NULL, 0, 2, 1, '', '', 'norehayati-binti-sarkawi', 0, 0.00, 0, NULL, NULL, '', NULL, NULL, NULL, NULL, NULL, NULL, NULL, NULL, NULL, NULL, NULL, NULL, NULL, NULL, NULL, NULL, NULL, NULL, NULL, NULL, NULL, NULL, 0, NULL, NULL, NULL, NULL, NULL),
(112, 'ismail@inceif.edu.my', 'Dr. Ismail ', 'Nizam', 'Associate Professor', '000373', 14, '', '', '', '', '$2a$08$8c7CnhLQ/FQsfS9ztq7IceGRyl9/Ef4AAm1S4ZYZa6KK3C0aCNMSK', '2026-01-12 07:43:07', NULL, '172.69.85.156', '2026-01-27 12:02:12', '2026-01-27 12:06:38', NULL, NULL, NULL, 0, 2, 1, '', '', 'dr-ismail-nizam', 0, 0.00, 0, NULL, NULL, '', NULL, NULL, NULL, NULL, NULL, NULL, NULL, NULL, NULL, NULL, NULL, NULL, NULL, NULL, NULL, NULL, NULL, NULL, NULL, NULL, NULL, NULL, 0, NULL, NULL, NULL, NULL, NULL),
(113, 'shafiq@inceif.edu.my', 'Mohamad Shafiq ', 'Bin Mahbob', 'Content Creator', '000378', 29, '', '', '', '', '$2a$08$vneO6Z0AZ2PKcnUUJ7dJRevur5KGZ5nzHSHbkJego8fhesvVP0sia', '2026-01-12 07:44:27', NULL, '172.69.176.170', '2026-01-30 11:44:27', '2026-01-30 11:49:55', NULL, NULL, NULL, 0, 2, 1, '', '', 'mohamad-shafiq-bin-mahbob', 0, 0.00, 0, NULL, NULL, '', NULL, NULL, NULL, NULL, NULL, NULL, NULL, NULL, NULL, NULL, NULL, NULL, NULL, NULL, NULL, NULL, NULL, NULL, NULL, NULL, NULL, NULL, 0, NULL, NULL, NULL, NULL, NULL),
(114, 'izwayu@inceif.edu.my', 'Izwayu ', 'Binti Abdul Aziz', 'Teaching Fellow', '000381', 14, '', '', '', '', '$2a$08$4KvC3oNp8thp5UEpCkikSO/AN6uj4mmnKjXvHqaIYXyce3EJP.B2C', '2026-01-12 07:45:39', NULL, '172.70.92.153', '2026-01-30 02:17:58', '2026-01-30 09:13:56', NULL, NULL, NULL, 0, 2, 1, '', '', 'izwayu-binti-abdul-aziz', 0, 0.00, 0, NULL, NULL, '', NULL, NULL, NULL, NULL, NULL, NULL, NULL, NULL, NULL, NULL, NULL, NULL, NULL, NULL, NULL, NULL, NULL, NULL, NULL, NULL, NULL, NULL, 0, NULL, NULL, NULL, NULL, NULL),
(115, 'aiman@inceif.edu.my', 'Aiman Syaffiq ', 'Bin Mohd Yunus', 'Senior Executive,  Legal & Secretarial', '000383', 34, '', '', '', '', '$2a$08$8blJ1Fyp78vpB07GlLa/x.rDNNp3PqcRbnAK28/ezAshAZ.J1tmde', '2026-01-12 07:50:55', NULL, '172.16.150.1', '2026-03-04 10:52:30', '2026-03-04 11:21:01', '2026-03-04 10:52:10', NULL, NULL, 0, 2, 1, '', '', 'aiman-syaffiq-bin-mohd-yunus', 0, 0.00, 0, NULL, NULL, '', NULL, NULL, NULL, NULL, NULL, NULL, NULL, NULL, NULL, NULL, NULL, NULL, NULL, NULL, NULL, NULL, NULL, NULL, NULL, NULL, NULL, NULL, 0, NULL, NULL, NULL, NULL, NULL),
(116, 'luqman@inceif.edu.my', 'Luqman Hidayat ', 'Bin Jamil', 'Senior Internal Auditor', '000384', 85, '', '', '', '', '$2a$08$lBqByaYmOt8y5G7aYg.ibObYQ3.NvRraFRP/vHwZgoZVFzD5xeIWq', '2026-01-12 07:52:04', NULL, '172.16.150.1', '2026-03-04 10:53:00', '2026-03-04 11:22:20', '2026-03-04 10:52:30', NULL, NULL, 0, 2, 1, '', '', 'luqman-hidayat-bin-jamil', 0, 0.00, 0, NULL, NULL, '', NULL, NULL, NULL, NULL, NULL, NULL, NULL, NULL, NULL, NULL, NULL, NULL, NULL, NULL, NULL, NULL, NULL, NULL, NULL, NULL, NULL, NULL, 0, NULL, NULL, NULL, NULL, NULL),
(117, 'shakir-isra@inceif.edu.my', 'Muhammad Shakir Aizat ', 'Bin Azman', 'Research Officer', '000385', 90, '', '', '', '', '$2a$08$wsThnH/Z4.uEgwUAerviMevl7nFZJUEMwJZQSLJbzxlsvYhUNxE7a', '2026-01-12 07:53:16', NULL, '162.158.163.249', '2026-01-27 10:23:56', '2026-01-27 10:28:39', NULL, NULL, NULL, 0, 2, 1, '', '', 'muhammad-shakir-aizat-bin-azman', 0, 0.00, 0, NULL, NULL, '', NULL, NULL, NULL, NULL, NULL, NULL, NULL, NULL, NULL, NULL, NULL, NULL, NULL, NULL, NULL, NULL, NULL, NULL, NULL, NULL, NULL, NULL, 0, NULL, NULL, NULL, NULL, NULL),
(118, 'firdaus-isra@inceif.edu.my', 'Muhammad Firdaus ', 'Bin Nasir', 'Research Officer', '000386', 62, '', '', '', '', '$2a$08$0Iq.9tyLuNVfa4zSNiFsfecrt2lS1zJiq3ys7QBFaDPFPihhIwUVi', '2026-01-12 07:54:14', NULL, '172.71.14.146', '2026-01-30 21:01:07', '2026-01-30 21:04:21', NULL, NULL, NULL, 0, 2, 1, '', '', 'muhammad-firdaus-bin-nasir', 0, 0.00, 0, NULL, NULL, '', NULL, NULL, NULL, NULL, NULL, NULL, NULL, NULL, NULL, NULL, NULL, NULL, NULL, NULL, NULL, NULL, NULL, NULL, NULL, NULL, NULL, NULL, 0, NULL, NULL, NULL, NULL, NULL),
(119, 'falah-ic@inceif.edu.my', 'Khairul Falah ', 'Bin Shamsul Bahrain', 'Associate Consultant', '000387', 28, '', '', '', '', '$2a$08$7XaSH0SeiZ2tLkWyjpDySeWBruzbZsYzAhQ35Egi2JtQ/s5aApQVW', '2026-01-12 07:55:37', NULL, '172.69.85.156', '2026-01-21 16:57:03', '2026-01-21 16:57:04', NULL, NULL, NULL, 0, 2, 1, '', '', 'khairul-falah-bin-shamsul-bahrain', 0, 0.00, 0, NULL, NULL, '', NULL, NULL, NULL, NULL, NULL, NULL, NULL, NULL, NULL, NULL, NULL, NULL, NULL, NULL, NULL, NULL, NULL, NULL, NULL, NULL, NULL, NULL, 0, NULL, NULL, NULL, NULL, NULL),
(120, 'alyamaisarah@inceif.edu.my', 'Alya Maisarah ', 'Binti Zailan', 'Senior Executive, Corporate Communications', '000389', 29, '', '', '', '', '$2a$08$8v0x5aRKthDQFALcKdplq.mh5cmmdcDu8jV8wLPF4r51gzJiAPBm.', '2026-01-12 07:56:40', NULL, '172.69.85.157', '2026-01-28 09:00:42', '2026-01-28 14:49:05', NULL, NULL, NULL, 0, 2, 1, '', '', 'alya-maisarah-binti-zailan', 0, 0.00, 0, NULL, NULL, '', NULL, NULL, NULL, NULL, NULL, NULL, NULL, NULL, NULL, NULL, NULL, NULL, NULL, NULL, NULL, NULL, NULL, NULL, NULL, NULL, NULL, NULL, 0, NULL, NULL, NULL, NULL, NULL),
(121, 'mohdazmi@inceif.edu.my', 'Mohd Azmi ', 'Bin Mohd Dzaki', 'Senior Executive, Digital Marketing & Analytics', '000391', 29, '', '', '', '', '$2a$08$3IZ7hgASZfsij1pTqcQOOOgQS6vPVJdSVcRxh4UtPbzMcRBH4aV0q', '2026-01-12 07:57:56', NULL, '172.69.85.156', '2026-01-28 10:20:53', '2026-01-28 10:35:21', NULL, NULL, NULL, 0, 2, 1, '', '', 'mohd-azmi-bin-mohd-dzaki', 0, 0.00, 0, NULL, NULL, '', NULL, NULL, NULL, NULL, NULL, NULL, NULL, NULL, NULL, NULL, NULL, NULL, NULL, NULL, NULL, NULL, NULL, NULL, NULL, NULL, NULL, NULL, 0, NULL, NULL, NULL, NULL, NULL),
(122, 'nurhuda-isra@inceif.edu.my', 'Nurhuda ', 'Binti Othman', 'Research Fellow', '000392', 62, '', '', '', '', '$2a$08$ClfAIEA80SjU52DnAP83H.lStP2e9d4KH/HW2sId1UiknE34JB.cu', '2026-01-12 07:58:52', NULL, '162.158.192.183', '2026-01-30 15:38:39', '2026-01-30 18:29:34', NULL, NULL, NULL, 0, 2, 1, '', '', 'nurhuda-binti-othman', 0, 0.00, 0, NULL, NULL, '', NULL, NULL, NULL, NULL, NULL, NULL, NULL, NULL, NULL, NULL, NULL, NULL, NULL, NULL, NULL, NULL, NULL, NULL, NULL, NULL, NULL, NULL, 0, NULL, NULL, NULL, NULL, NULL),
(123, 'afiq@inceif.edu.my', 'Muhammad Afiq ', 'Bin Md Ali', 'KM Assistant', '000394', 20, '', '', '', '', '$2a$08$mbZBG0kPlC1KfVuplS6ECu.xzWPBLOv9LUewst0hM.YoGI/Sh3BAG', '2026-01-12 07:59:52', NULL, '172.69.85.157', '2026-01-28 12:24:12', '2026-01-28 12:32:30', NULL, NULL, NULL, 0, 2, 1, '', '', 'muhammad-afiq-bin-md-ali', 0, 0.00, 0, NULL, NULL, '', NULL, NULL, NULL, NULL, NULL, NULL, NULL, NULL, NULL, NULL, NULL, NULL, NULL, NULL, NULL, NULL, NULL, NULL, NULL, NULL, NULL, NULL, 0, NULL, NULL, NULL, NULL, NULL),
(124, 'muthalib-isra@inceif.edu.my', 'Wan Abdul Muthalib ', 'Bin Wan Shahriman', 'Researcher', '000396', 88, '', '', '', '', '$2a$08$HpAtjOY1x9848sjsDFD5SeRHgXNhnnQ.Q30lKU3T5wzOXfyEeL.P2', '2026-01-12 08:01:41', NULL, '162.158.163.250', '2026-01-30 16:47:30', '2026-01-30 16:48:14', NULL, NULL, NULL, 0, 2, 1, '', '', 'wan-abdul-muthalib-bin-wan-shahriman', 0, 0.00, 0, NULL, NULL, '', NULL, NULL, NULL, NULL, NULL, NULL, NULL, NULL, NULL, NULL, NULL, NULL, NULL, NULL, NULL, NULL, NULL, NULL, NULL, NULL, NULL, NULL, 0, NULL, NULL, NULL, NULL, NULL),
(125, 'nadzri-isra@inceif.edu.my', 'Muhammad Nadzri ', 'Bin Ahmad Jailani', 'Research Officer', '000398', 122, '', '', '', '', '$2a$08$P1LYd/pikWQ0I8KiQaxKMu9EZeIis/aT9vNIbxo4lVlUmMxAqgOUS', '2026-01-12 08:04:57', NULL, '172.69.85.157', '2026-01-27 09:45:50', '2026-01-27 10:21:33', NULL, NULL, NULL, 0, 2, 1, '', '', 'muhammad-nadzri-bin-ahmad-jailani', 0, 0.00, 0, NULL, NULL, '', NULL, NULL, NULL, NULL, NULL, NULL, NULL, NULL, NULL, NULL, NULL, NULL, NULL, NULL, NULL, NULL, NULL, NULL, NULL, NULL, NULL, NULL, 0, NULL, NULL, NULL, NULL, NULL),
(126, 'imanruzain-isra@inceif.edu.my', 'Muhammad Iman Ruzain ', 'Bin Azhar', 'Administrative Executive', '000397', 88, '', '', '', '', '$2a$08$vbQQ0Ka9MaeBE/tE6z.vpeYdgJPb.nRaeHM4gnbTLhTrJ8NHrsngq', '2026-01-12 08:06:52', NULL, '172.69.85.156', '2026-01-29 09:09:35', '2026-01-29 10:44:28', NULL, NULL, NULL, 0, 2, 1, '', '', 'muhammad-iman-ruzain-bin-azhar', 0, 0.00, 0, NULL, NULL, '', NULL, NULL, NULL, NULL, NULL, NULL, NULL, NULL, NULL, NULL, NULL, NULL, NULL, NULL, NULL, NULL, NULL, NULL, NULL, NULL, NULL, NULL, 0, NULL, NULL, NULL, NULL, NULL),
(127, 'sarah@inceif.edu.my', 'Sarah Hanis ', 'binti Khalili', 'Executive, Strategic Planning', '000399', 49, '', '', '', '', '$2a$08$/gQmL5bCK6jlrkZeni7yQO5qveawNyglKpFVhuDvi4kK0ojZtVZHS', '2026-01-12 08:08:29', NULL, '172.71.124.14', '2026-01-28 08:59:33', '2026-01-28 08:59:33', NULL, NULL, NULL, 0, 2, 1, '', '', 'sarah-hanis-binti-khalili', 0, 0.00, 0, NULL, NULL, '', NULL, NULL, NULL, NULL, NULL, NULL, NULL, NULL, NULL, NULL, NULL, NULL, NULL, NULL, NULL, NULL, NULL, NULL, NULL, NULL, NULL, NULL, 0, NULL, NULL, NULL, NULL, NULL),
(128, 'aqilah@inceif.edu.my', 'Balqis \'Aqilah ', 'binti Che\' Zahari', 'Associate Consultant', '000400', 28, '', '', '', '', '$2a$08$8P0sl24t0BKVj75WHZFol.MBYR2kwcRP4gUoyUks9bRyPj1ZScfsy', '2026-01-12 08:10:09', NULL, '172.71.14.147', '2026-01-30 07:14:06', '2026-01-30 07:20:19', NULL, NULL, NULL, 0, 2, 1, '', '', 'balqis-aqilah-binti-che-zahari', 0, 0.00, 0, NULL, NULL, '', NULL, NULL, NULL, NULL, NULL, NULL, NULL, NULL, NULL, NULL, NULL, NULL, NULL, NULL, NULL, NULL, NULL, NULL, NULL, NULL, NULL, NULL, 0, NULL, NULL, NULL, NULL, NULL),
(129, 'naziha@inceif.edu.my', 'Naziha ', 'binti Tasin', 'Senior Executive, Quality Management', '000401', 51, '', '', '', '', '$2a$08$bxPK8D3tWLZJgloJx5bxa.vCpBLjUA2ymmf7NaKa46WT1ww2aeeGa', '2026-01-12 08:12:00', NULL, '172.69.176.170', '2026-01-27 09:34:17', '2026-01-27 14:37:45', NULL, NULL, NULL, 0, 2, 1, '', '', 'naziha-binti-tasin', 0, 0.00, 0, NULL, NULL, '', NULL, NULL, NULL, NULL, NULL, NULL, NULL, NULL, NULL, NULL, NULL, NULL, NULL, NULL, NULL, NULL, NULL, NULL, NULL, NULL, NULL, NULL, 0, NULL, NULL, NULL, NULL, NULL),
(130, 'norizah@inceif.edu.my', 'Norizah ', 'binti Dolah', 'Manager of Business Operations', '000403', 28, '', '', '', '', '$2a$08$JLt.Kft6aUPmZhRc/hikpOt6fVaB/vDSl2n/.EirCQfb4gIKfE3qS', '2026-01-12 08:13:09', NULL, '162.158.88.36', '2026-01-29 15:15:19', '2026-01-29 15:26:56', NULL, NULL, NULL, 0, 2, 1, '', '', 'norizah-binti-dolah', 0, 0.00, 0, NULL, NULL, '', NULL, NULL, NULL, NULL, NULL, NULL, NULL, NULL, NULL, NULL, NULL, NULL, NULL, NULL, NULL, NULL, NULL, NULL, NULL, NULL, NULL, NULL, 0, NULL, NULL, NULL, NULL, NULL),
(131, 'nita@inceif.edu.my', 'Nita Aidura ', 'binti Mokhtar', 'Senior Executive, Risk Management', '000404', 49, '', '', '', '', '$2a$08$eU3hDgsCyCltBpx3uMLcYeWPaILVlW.okXnZDxzHr/.5KirQJBV7a', '2026-01-12 08:14:39', NULL, '172.70.142.86', '2026-03-13 09:19:57', '2026-03-13 09:20:46', '2026-03-04 10:53:35', NULL, NULL, 1, 3, 1, '', '', 'nita-aidura-binti-mokhtar', 0, 0.00, 0, NULL, NULL, '', NULL, NULL, NULL, NULL, NULL, NULL, NULL, NULL, NULL, NULL, NULL, NULL, NULL, NULL, NULL, NULL, NULL, NULL, NULL, NULL, NULL, NULL, 0, NULL, NULL, NULL, NULL, NULL),
(132, 'amelia-isra@inceif.edu.my', 'Amelia Nur Natasha ', 'binti Nazeri', 'Post-Doctoral Fellow', '000405', 63, '', '', '', '', '$2a$08$f7V5UoQ/uAEJBJQj73cnsObm5Sij5CTIY6x719obDBsKFL8zK9N/e', '2026-01-12 08:16:08', NULL, '172.69.85.156', '2026-01-31 08:26:46', '2026-01-31 11:33:47', NULL, NULL, NULL, 0, 2, 1, '', '', 'amelia-nur-natasha-binti-nazeri', 0, 0.00, 0, NULL, NULL, '', NULL, NULL, NULL, NULL, NULL, NULL, NULL, NULL, NULL, NULL, NULL, NULL, NULL, NULL, NULL, NULL, NULL, NULL, NULL, NULL, NULL, NULL, 0, NULL, NULL, NULL, NULL, NULL),
(133, 'najeeb-isra@inceif.edu.my', 'Dr. Najeeb ', 'Zada', 'Research Fellow', '000406', 90, '', '', '', '', '$2a$08$4.l4EFLbYN/QMtevSiOzt.mO/WMdMpy0HPjV7sV8CprF46GuKZU2e', '2026-01-12 08:17:36', NULL, '172.71.81.210', '2026-01-29 16:12:38', '2026-01-29 16:37:57', NULL, NULL, NULL, 0, 2, 1, '', '', 'dr-najeeb-zada', 0, 0.00, 0, NULL, NULL, '', NULL, NULL, NULL, NULL, NULL, NULL, NULL, NULL, NULL, NULL, NULL, NULL, NULL, NULL, NULL, NULL, NULL, NULL, NULL, NULL, NULL, NULL, 0, NULL, NULL, NULL, NULL, NULL),
(134, 'tengku.farhana@inceif.edu.my', 'Tengku Nur Farhana ', 'binti Tengku Abdul Rahman', 'Senior Learning Designer', '000407', 58, '', '', '', '', '$2a$08$TgPTMsC8k2t36MRfPzs9Eui.HTHFpVY3EAKXiyGkVAD3vSL9LSVGq', '2026-01-12 08:18:47', NULL, '172.69.85.157', '2026-01-28 08:06:08', '2026-01-28 09:04:12', NULL, NULL, NULL, 0, 2, 1, '', '', 'tengku-nur-farhana-binti-tengku-abdul-rahman', 0, 0.00, 0, NULL, NULL, '', NULL, NULL, NULL, NULL, NULL, NULL, NULL, NULL, NULL, NULL, NULL, NULL, NULL, NULL, NULL, NULL, NULL, NULL, NULL, NULL, NULL, NULL, 0, NULL, NULL, NULL, NULL, NULL),
(135, 'azreen-isra@inceif.edu.my', 'Dr. Azreen Hamiza ', 'binti Abdul Aziz', 'Research Fellow', '000408', 122, '', '', '', '', '$2a$08$TWopmELwIB6e7iiUJI5DteyBPCd6YXm6GTvE2dP/rFurN0Uefer/q', '2026-01-12 08:20:06', NULL, '104.23.175.88', '2026-01-29 05:49:26', '2026-01-29 07:31:49', NULL, NULL, NULL, 0, 2, 1, '', '', 'dr-azreen-hamiza-binti-abdul-aziz', 0, 0.00, 0, NULL, NULL, '', NULL, NULL, NULL, NULL, NULL, NULL, NULL, NULL, NULL, NULL, NULL, NULL, NULL, NULL, NULL, NULL, NULL, NULL, NULL, NULL, NULL, NULL, 0, NULL, NULL, NULL, NULL, NULL),
(136, 'nadhiirah@inceif.edu.my', 'Nur Nadhiirah ', 'binti Noor Faizal', 'Admin Assistant RSA', '000409', 21, '', '', '', '', '$2a$08$i1kj6XAyeJb1YMj6YJde4ehX/GYT0l5WIuctGBobgDZnEXXEKwl.m', '2026-01-12 08:21:10', NULL, '172.69.85.157', '2026-01-30 09:30:14', '2026-01-30 09:33:03', NULL, NULL, NULL, 0, 2, 1, '', '', 'nur-nadhiirah-binti-noor-faizal', 0, 0.00, 0, NULL, NULL, '', NULL, NULL, NULL, NULL, NULL, NULL, NULL, NULL, NULL, NULL, NULL, NULL, NULL, NULL, NULL, NULL, NULL, NULL, NULL, NULL, NULL, NULL, 0, NULL, NULL, NULL, NULL, NULL),
(137, 'syamimi-isra@inceif.edu.my', 'Syamimi ', 'binti Aznan', 'Administrative Executive', '000412', 122, '', '', '', '', '$2a$08$ufciwvmZ39ND4hFB1iw9vupGLlnWhJsFsfGefFXwllWW.q7P0mjDG', '2026-01-12 08:22:45', NULL, '172.70.142.87', '2026-01-30 15:37:19', '2026-01-30 15:39:40', NULL, NULL, NULL, 0, 2, 1, '', '', 'syamimi-binti-aznan', 0, 0.00, 0, NULL, NULL, '', NULL, NULL, NULL, NULL, NULL, NULL, NULL, NULL, NULL, NULL, NULL, NULL, NULL, NULL, NULL, NULL, NULL, NULL, NULL, NULL, NULL, NULL, 0, NULL, NULL, NULL, NULL, NULL),
(138, 'afzol@inceif.edu.my', 'Dr. Afzol ', 'Husain', 'Post-Doctoral fellow', '000413', 14, '', '', '', '', '$2a$08$CcecNQ5.WoVPJXvhL7etoOi2a.GfdAxVUIM.eBm3wUACF1IgzjsOm', '2026-01-12 08:24:00', NULL, '172.69.85.157', '2026-01-27 18:05:22', '2026-01-27 18:17:14', NULL, NULL, NULL, 0, 2, 1, '', '', 'dr-afzol-husain', 0, 0.00, 0, NULL, NULL, '', NULL, NULL, NULL, NULL, NULL, NULL, NULL, NULL, NULL, NULL, NULL, NULL, NULL, NULL, NULL, NULL, NULL, NULL, NULL, NULL, NULL, NULL, 0, NULL, NULL, NULL, NULL, NULL),
(139, 'najah@inceif.edu.my', 'Khairunnajah ', 'binti Abd Khalid', 'Senior Executive, Philanthropic Relations Office', '000415', 38, '', '', '', '', '$2a$08$vO2CpEjOtdaLyI7vM2OAcOtwylntUhegWycwmNrNshxhECAeoQYs6', '2026-01-12 08:25:19', NULL, '172.71.81.210', '2026-01-27 10:27:12', '2026-01-27 10:34:19', NULL, NULL, NULL, 0, 2, 1, '', '', 'khairunnajah-binti-abd-khalid', 0, 0.00, 0, NULL, NULL, '', NULL, NULL, NULL, NULL, NULL, NULL, NULL, NULL, NULL, NULL, NULL, NULL, NULL, NULL, NULL, NULL, NULL, NULL, NULL, NULL, NULL, NULL, 0, NULL, NULL, NULL, NULL, NULL),
(140, 'nik.muna@inceif.edu.my', 'Nik Muna Iffah ', 'binti Nik Hilmizam', 'Executive, Research Management', '000416', 88, '', '', '', '', '$2a$08$SVzkeXUGph2E47i7t2V0cOYcUqe7lSvQb7zrkBxrT1vtb51OS0tn2', '2026-01-12 08:26:29', NULL, '172.69.85.157', '2026-01-27 09:21:33', '2026-01-27 15:27:06', NULL, NULL, NULL, 0, 2, 1, '', '', 'nik-muna-iffah-binti-nik-hilmizam', 0, 0.00, 0, NULL, NULL, '', NULL, NULL, NULL, NULL, NULL, NULL, NULL, NULL, NULL, NULL, NULL, NULL, NULL, NULL, NULL, NULL, NULL, NULL, NULL, NULL, NULL, NULL, 0, NULL, NULL, NULL, NULL, NULL),
(141, 'samiha-isra@inceif.edu.my', 'Siti Samiha ', 'binti Mohamad Shokri', 'Senior Executive (Project Management)', '000417', 122, '', '', '', '', '$2a$08$g8gUTSMsklHIvqFygIT/aOFECAxyaLMsi20Zp/LgHyF85Z/2OBcYe', '2026-01-12 08:27:59', NULL, '172.69.176.170', '2026-01-29 05:47:31', '2026-01-29 05:49:29', NULL, NULL, NULL, 0, 2, 1, '', '', 'siti-samiha-binti-mohamad-shokri', 0, 0.00, 0, NULL, NULL, '', NULL, NULL, NULL, NULL, NULL, NULL, NULL, NULL, NULL, NULL, NULL, NULL, NULL, NULL, NULL, NULL, NULL, NULL, NULL, NULL, NULL, NULL, 0, NULL, NULL, NULL, NULL, NULL),
(142, 'fazrina@inceif.edu.my', 'Fazrina ', 'binti Ab Aziz', 'Senior Associate Consultant', '000418', 28, '', '', '', '', '$2a$08$Iih00q0FjtuSufD9kBxGg.U9gqU3WE3FWnx.plwWbsCM0J2gPZSQm', '2026-01-12 08:29:32', NULL, '172.70.189.119', '2026-01-29 18:33:42', '2026-01-29 19:28:36', NULL, NULL, NULL, 0, 2, 1, '', '', 'fazrina-binti-ab-aziz', 0, 0.00, 0, NULL, NULL, '', NULL, NULL, NULL, NULL, NULL, NULL, NULL, NULL, NULL, NULL, NULL, NULL, NULL, NULL, NULL, NULL, NULL, NULL, NULL, NULL, NULL, NULL, 0, NULL, NULL, NULL, NULL, NULL),
(143, 'zalena-isra@inceif.edu.my', 'Zalena Devi ', 'binti Abd Rahman', 'Executive Assistant', '000419', 62, '', '', '', '', '$2a$08$S5aPC36FA2lgh6Nxjp7nuuhfUVWk/zbqBP/yQhB/2azr0mINudWfS', '2026-01-12 08:31:03', NULL, '172.69.176.170', '2026-01-31 08:20:27', '2026-01-31 08:26:01', NULL, NULL, NULL, 0, 2, 1, '', '', 'zalena-devi-binti-abd-rahman', 0, 0.00, 0, NULL, NULL, '', NULL, NULL, NULL, NULL, NULL, NULL, NULL, NULL, NULL, NULL, NULL, NULL, NULL, NULL, NULL, NULL, NULL, NULL, NULL, NULL, NULL, NULL, 0, NULL, NULL, NULL, NULL, NULL),
(144, 'faris@inceif.edu.my', 'Faris Aimullah ', 'bin Azri', 'Executive, Publications & Merchandise Sales', '000420', 29, '', '', '', '', '$2a$08$rYuuRkAN6UVPI7Jht3HgH.pXcxjQpeqAdcgtirpa09YCh4j7iGhKC', '2026-01-12 08:32:12', NULL, '172.69.85.156', '2026-01-29 08:50:55', '2026-01-29 09:16:39', NULL, NULL, NULL, 0, 2, 1, '', '', 'faris-aimullah-bin-azri', 0, 0.00, 0, NULL, NULL, '', NULL, NULL, NULL, NULL, NULL, NULL, NULL, NULL, NULL, NULL, NULL, NULL, NULL, NULL, NULL, NULL, NULL, NULL, NULL, NULL, NULL, NULL, 0, NULL, NULL, NULL, NULL, NULL),
(145, 'umizakiah-isra@inceif.edu.my', 'Umi Zakiah ', 'binti Norazman', 'Researcher', '000421', 122, '', '', '', '', '$2a$08$P.RmUxd2kytJI0s0U4ZXVOnBiX7No6JHwYPBsGBFYB9bfWq6Z60ee', '2026-01-12 08:33:31', NULL, '162.158.163.249', '2026-02-03 00:15:24', '2026-02-03 00:15:30', NULL, NULL, NULL, 0, 2, 1, '', '', 'umi-zakiah-binti-norazman', 0, 0.00, 0, NULL, NULL, '', NULL, NULL, NULL, NULL, NULL, NULL, NULL, NULL, NULL, NULL, NULL, NULL, NULL, NULL, NULL, NULL, NULL, NULL, NULL, NULL, NULL, NULL, 0, NULL, NULL, NULL, NULL, NULL),
(146, 'Hamizah@inceif.edu.my', 'Hamizah ', 'binti Abdul Hamid', 'Executive, Group Financial Management Office', '000422', 38, '', '', '', '', '$2a$08$8MItF1ugRIAXodse9AxQFOMpf0Hgww9lgRWSJR705moNZwk/7JILi', '2026-01-12 08:34:59', NULL, '162.158.163.166', '2026-01-30 09:29:50', '2026-01-30 09:31:59', NULL, NULL, NULL, 0, 2, 1, '', '', 'hamizah-binti-abdul-hamid', 0, 0.00, 0, NULL, NULL, '', NULL, NULL, NULL, NULL, NULL, NULL, NULL, NULL, NULL, NULL, NULL, NULL, NULL, NULL, NULL, NULL, NULL, NULL, NULL, NULL, NULL, NULL, 0, NULL, NULL, NULL, NULL, NULL),
(147, 'sitifatimah-isra@inceif.edu.my', 'Dr. Siti Fatimah ', 'binti Mohamed Noor', 'Post-Doctoral Fellow', '000423', 63, '', '', '', '', '$2a$08$G9Oojf4RT7oT6OVAlzzdJOE0nrLYGTEl7FxsFd3fMVCMiSs3BxqKa', '2026-01-12 08:40:09', NULL, '172.69.85.157', '2026-01-27 08:27:09', '2026-01-27 08:32:32', NULL, NULL, NULL, 0, 2, 1, '', '', 'dr-siti-fatimah-binti-mohamed-noor', 0, 0.00, 0, NULL, NULL, '', NULL, NULL, NULL, NULL, NULL, NULL, NULL, NULL, NULL, NULL, NULL, NULL, NULL, NULL, NULL, NULL, NULL, NULL, NULL, NULL, NULL, NULL, 0, NULL, NULL, NULL, NULL, NULL),
(148, 'adam-ic@inceif.edu.my', 'Adam Yusuf ', 'Bin Daud', 'Associate Consultant', '000424', 28, '', '', '', '', '$2a$08$Bnb866R7kCaU.IfFmXKvyOymIj9SgnQuSu3wwn3E3trVsDkWJdG6.', '2026-01-12 08:41:48', NULL, '172.69.85.157', '2026-01-20 11:29:56', '2026-01-20 11:36:23', NULL, NULL, NULL, 0, 2, 1, '', '', 'adam-yusuf-bin-daud', 0, 0.00, 0, NULL, NULL, '', NULL, NULL, NULL, NULL, NULL, NULL, NULL, NULL, NULL, NULL, NULL, NULL, NULL, NULL, NULL, NULL, NULL, NULL, NULL, NULL, NULL, NULL, 0, NULL, NULL, NULL, NULL, NULL),
(149, 'safwah-isra@inceif.edu.my', 'Safwah ', 'binti Ahmad Zikri', 'Admin Assistant', 'CS0004', 122, '', '', '', '', '$2a$08$A1G47M80U1P6SVDUvkKm5e.1JRoEh2.ThWUDdq2EgXMnXfEcrEB96', '2026-01-12 08:43:21', NULL, '162.158.192.183', '2026-01-30 19:10:24', '2026-01-30 19:30:50', NULL, NULL, NULL, 0, 2, 1, '', '', 'safwah-binti-ahmad-zikri', 0, 0.00, 0, NULL, NULL, '', NULL, NULL, NULL, NULL, NULL, NULL, NULL, NULL, NULL, NULL, NULL, NULL, NULL, NULL, NULL, NULL, NULL, NULL, NULL, NULL, NULL, NULL, 0, NULL, NULL, NULL, NULL, NULL),
(150, 'skamar@inceif.edu.my', 'Shamsol Kamar ', 'Bin Abd Karim', 'Driver', 'IS013', 11, '', '', '', '', '$2a$08$.VkbPQPZFmAyWZXg1ihSceXwSHt3.8UfRFmRbZluaT2IgS12xmh9K', '2026-01-12 08:44:26', NULL, '172.69.85.157', '2026-01-30 17:34:14', '2026-01-30 18:06:23', NULL, NULL, NULL, 0, 2, 1, '', '', 'shamsol-kamar-bin-abd-karim', 0, 0.00, 0, NULL, NULL, '', NULL, NULL, NULL, NULL, NULL, NULL, NULL, NULL, NULL, NULL, NULL, NULL, NULL, NULL, NULL, NULL, NULL, NULL, NULL, NULL, NULL, NULL, 0, NULL, NULL, NULL, NULL, NULL),
(151, 'aznir-isra@inceif.edu.my', 'Noor Aznir Nizam ', 'Bin Noordin', 'Manager of Digital Resources & Event Management', 'IS014', 88, '', '', '', '', '$2a$08$W8PjOKAXo500kHVStOl4ne8oDk.WsbT76ZXRg6FuMNfmpKuk26sNK', '2026-01-12 08:45:33', NULL, '162.158.114.181', '2026-01-28 21:35:03', '2026-01-28 21:35:41', NULL, NULL, NULL, 0, 2, 1, '', '', 'noor-aznir-nizam-bin-noordin', 0, 0.00, 0, NULL, NULL, '', NULL, NULL, NULL, NULL, NULL, NULL, NULL, NULL, NULL, NULL, NULL, NULL, NULL, NULL, NULL, NULL, NULL, NULL, NULL, NULL, NULL, NULL, 0, NULL, NULL, NULL, NULL, NULL),
(152, 'zakiah-isra@inceif.edu.my', 'Zakiah ', 'Binti Pawanteh', 'Senior Executive, Project Management & Admin', 'IS015', 90, '', '', '', '', '$2a$08$wYN0xZhXmH4.s3.3yP/1B.OjyD1RviDUgPAn6zO0ZhRqSuNHFVNni', '2026-01-12 08:46:38', NULL, '172.69.85.156', '2026-01-30 09:38:46', '2026-01-30 09:41:17', NULL, NULL, NULL, 0, 2, 1, '', '', 'zakiah-binti-pawanteh', 0, 0.00, 0, NULL, NULL, '', NULL, NULL, NULL, NULL, NULL, NULL, NULL, NULL, NULL, NULL, NULL, NULL, NULL, NULL, NULL, NULL, NULL, NULL, NULL, NULL, NULL, NULL, 0, NULL, NULL, NULL, NULL, NULL),
(153, 'sheila@inceif.edu.my', 'Sheila ', 'Binti Din', 'Assistant Manager,  Philanthropic Relations Office', 'IS026', 38, '', '', '', '', '$2a$08$God7.v2gdpqdk/nfSmKzXeik4hFr.X5/jcFdCSZ1MK8liy1.vx7R.', '2026-01-12 08:47:36', NULL, '172.69.85.157', '2026-01-27 08:36:53', '2026-01-27 08:38:37', NULL, NULL, NULL, 0, 2, 1, '', '', 'sheila-binti-din', 0, 0.00, 0, NULL, NULL, '', NULL, NULL, NULL, NULL, NULL, NULL, NULL, NULL, NULL, NULL, NULL, NULL, NULL, NULL, NULL, NULL, NULL, NULL, NULL, NULL, NULL, NULL, 0, NULL, NULL, NULL, NULL, NULL),
(154, 'wanarif@inceif.edu.my', 'Wan Arif ', 'Bin Wan Ahmad', 'Senior Executive, Alumni Relations & Career Servic', 'IS037', 21, '', '', '', '', '$2a$08$eptBx4cB3wvVOgkLSZYmqe7hKsdwKrEy3iEZYxt5dzqZXHsXJT74.', '2026-01-12 08:48:45', NULL, '172.69.176.117', '2026-01-20 08:34:24', '2026-01-20 08:43:06', NULL, NULL, NULL, 0, 2, 1, '', '', 'wan-arif-bin-wan-ahmad', 0, 0.00, 0, NULL, NULL, '', NULL, NULL, NULL, NULL, NULL, NULL, NULL, NULL, NULL, NULL, NULL, NULL, NULL, NULL, NULL, NULL, NULL, NULL, NULL, NULL, NULL, NULL, 0, NULL, NULL, NULL, NULL, NULL),
(155, 'shuhir@inceif.edu.my', 'Muhammad Shuhir ', 'Bin Idris', 'Senior System Analyst', 'IS038', 42, '', '', '', '', '$2a$08$/xvqxqn2Xf0tUuSxgpppyuCXYXvFuT4r/NTn0bDmovbSosgDHksmm', '2026-01-12 08:49:38', NULL, '172.69.85.156', '2026-01-23 09:33:08', '2026-01-23 09:39:35', NULL, NULL, NULL, 0, 2, 1, '', '', 'muhammad-shuhir-bin-idris', 0, 0.00, 0, NULL, NULL, '', NULL, NULL, NULL, NULL, NULL, NULL, NULL, NULL, NULL, NULL, NULL, NULL, NULL, NULL, NULL, NULL, NULL, NULL, NULL, NULL, NULL, NULL, 0, NULL, NULL, NULL, NULL, NULL),
(156, 'arleena@inceif.edu.my', 'Noor Arleena ', 'Binti Ismail', 'Senior Executive, Admission & Scholarship', 'IS039', 21, '', '', '', '', '$2a$08$sFUIddCbfYRLJn7lFUy8.O.4j0QWzRgQridpEXs75ZS6B0Oby7VNy', '2026-01-12 08:50:51', NULL, '172.69.85.157', '2026-01-27 09:26:53', '2026-01-27 09:47:54', NULL, NULL, NULL, 0, 2, 1, '', '', 'noor-arleena-binti-ismail', 0, 0.00, 0, NULL, NULL, '', NULL, NULL, NULL, NULL, NULL, NULL, NULL, NULL, NULL, NULL, NULL, NULL, NULL, NULL, NULL, NULL, NULL, NULL, NULL, NULL, NULL, NULL, 0, NULL, NULL, NULL, NULL, NULL),
(157, 'saidmikail-isra@inceif.edu.my', 'Assoc. Prof. Dr. Sa\'id Adekunle ', 'Mikail', 'Associate Professor', 'IS058', 90, '', '', '', '', '$2a$08$skpYtpY9B3abEHEao9nOyu35GkaXLcP5k9Iy1uXPure4oPP8YWy.2', '2026-01-12 08:52:10', NULL, '172.70.143.252', '2026-01-31 08:25:09', '2026-01-31 09:17:08', NULL, NULL, NULL, 0, 2, 1, '', '', 'assoc-prof-dr-sa-id-adekunle-mikail', 0, 0.00, 0, NULL, NULL, '', NULL, NULL, NULL, NULL, NULL, NULL, NULL, NULL, NULL, NULL, NULL, NULL, NULL, NULL, NULL, NULL, NULL, NULL, NULL, NULL, NULL, NULL, 0, NULL, NULL, NULL, NULL, NULL),
(158, 'noor-isra@inceif.edu.my', 'Dr. Noor Suhaida ', 'Binti Kasri', 'Senior Research Fellow', 'IS059', 90, '', '', '', '', '$2a$08$hY1ljJZD7TcAcGQgRqgCfuFzbXPWSYnbAWJKEOYtzrFRciga5MRum', '2026-01-12 08:53:19', NULL, '172.69.85.157', '2026-01-30 12:59:04', '2026-01-30 13:07:28', NULL, NULL, NULL, 0, 2, 1, '', '', 'dr-noor-suhaida-binti-kasri', 0, 0.00, 0, NULL, NULL, '', NULL, NULL, NULL, NULL, NULL, NULL, NULL, NULL, NULL, NULL, NULL, NULL, NULL, NULL, NULL, NULL, NULL, NULL, NULL, NULL, NULL, NULL, 0, NULL, NULL, NULL, NULL, NULL),
(159, 'mzaki@inceif.edu.my', 'Mohd Zaki ', 'Bin Peli', 'Driver', 'IS065', 11, '', '', '', '', '$2a$08$qPvtOkeWrx./u3NpLEhcA.ZTw.WNKvvroZeymVuo09F19Qc190l4O', '2026-01-12 08:54:35', NULL, '162.158.88.36', '2026-01-30 16:01:26', '2026-01-30 16:10:23', NULL, NULL, NULL, 0, 2, 1, '', '', 'mohd-zaki-bin-peli', 0, 0.00, 0, NULL, NULL, '', NULL, NULL, NULL, NULL, NULL, NULL, NULL, NULL, NULL, NULL, NULL, NULL, NULL, NULL, NULL, NULL, NULL, NULL, NULL, NULL, NULL, NULL, 0, NULL, NULL, NULL, NULL, NULL),
(160, 'fuzana-isra@inceif.edu.my', 'Noor Fuzana ', 'Binti Yaakob', 'Editor', 'IS066', 88, '', '', '', '', '$2a$08$e/x9Ew9zVavc4TQJtlzE8ewb47GcHxNDCWh0e047mHtEsyGbViBGa', '2026-01-12 08:55:54', NULL, '162.158.192.183', '2026-01-28 10:00:57', '2026-01-28 10:05:22', NULL, NULL, NULL, 0, 2, 1, '', '', 'noor-fuzana-binti-yaakob', 0, 0.00, 0, NULL, NULL, '', NULL, NULL, NULL, NULL, NULL, NULL, NULL, NULL, NULL, NULL, NULL, NULL, NULL, NULL, NULL, NULL, NULL, NULL, NULL, NULL, NULL, NULL, 0, NULL, NULL, NULL, NULL, NULL),
(161, 'farhana@inceif.edu.my', 'Nurul Farhana ', 'Binti Ahmad Sa\'ad', 'Senior Executive, Publications & Merchandise Sales', 'IS068', 29, '', '', '', '', '$2a$08$EynzrR1uoi8D4cDcEccmJ.bCbNizGPqfXlZ/NbnW94ktXK9xx3TPq', '2026-01-12 08:57:16', NULL, '172.69.85.156', '2026-01-30 21:33:00', '2026-01-30 21:38:09', NULL, NULL, NULL, 0, 2, 1, '', '', 'nurul-farhana-binti-ahmad-sa-ad', 0, 0.00, 0, NULL, NULL, '', NULL, NULL, NULL, NULL, NULL, NULL, NULL, NULL, NULL, NULL, NULL, NULL, NULL, NULL, NULL, NULL, NULL, NULL, NULL, NULL, NULL, NULL, 0, NULL, NULL, NULL, NULL, NULL),
(162, 'younes-isra@inceif.edu.my', 'Prof. Dr. Younes ', 'Soualhi', 'Professor', 'IS069', 90, '', '', '', '', '$2a$08$HqZE3jLfSVXGZv6T5W2FrOwP2oqsVZnVkTr/y./GajSFu1AKAc3Ke', '2026-01-12 08:58:21', NULL, '172.68.164.74', '2026-01-28 13:21:22', '2026-01-28 18:56:23', NULL, NULL, NULL, 0, 2, 1, '', '', 'prof-dr-younes-soualhi', 0, 0.00, 0, NULL, NULL, '', NULL, NULL, NULL, NULL, NULL, NULL, NULL, NULL, NULL, NULL, NULL, NULL, NULL, NULL, NULL, NULL, NULL, NULL, NULL, NULL, NULL, NULL, 0, NULL, NULL, NULL, NULL, NULL),
(163, 'mezbah-isra@inceif.edu.my', 'Mezbah Uddin', ' Ahmed', 'Research Fellow', 'IS072', 90, '', '', '', '', '$2a$08$1YCUOkk92PVoXZyMkU9wnOx3GvmIc9Va.C6EiQxLUXL0Q/PCw84su', '2026-01-12 08:59:24', NULL, '162.158.108.170', '2026-02-06 10:29:28', '2026-02-06 10:29:30', NULL, NULL, NULL, 0, 2, 1, '', '', 'mezbah-uddin-ahmed', 0, 0.00, 0, NULL, NULL, '', NULL, NULL, NULL, NULL, NULL, NULL, NULL, NULL, NULL, NULL, NULL, NULL, NULL, NULL, NULL, NULL, NULL, NULL, NULL, NULL, NULL, NULL, 0, NULL, NULL, NULL, NULL, NULL),
(164, 'Aizuddin@inceif.edu.my', 'Aizuddin ', 'Bin Othman', 'Senior Executive, Business Development', 'IS079', 29, '', '', '', '', '$2a$08$FIkhTMtRpU.ERnDaOXBtIulyhOFTyxIZBKhRxo7oEJwIRZ6q9TvbC', '2026-01-12 09:00:36', NULL, '104.23.175.250', '2026-01-30 22:04:49', '2026-01-30 22:12:33', NULL, NULL, NULL, 0, 2, 1, '', '', 'aizuddin-bin-othman', 0, 0.00, 0, NULL, NULL, '', NULL, NULL, NULL, NULL, NULL, NULL, NULL, NULL, NULL, NULL, NULL, NULL, NULL, NULL, NULL, NULL, NULL, NULL, NULL, NULL, NULL, NULL, 0, NULL, NULL, NULL, NULL, NULL),
(165, 'fares-isra@inceif.edu.my', 'Dr. Fares ', 'Djafri', 'Associate Professor', 'IS080', 90, '', '', '', '', '$2a$08$Zy6teV7ZiYNBHvNritBKGeCnMomacO1VeqRQxklARahPUDx9ZSGgG', '2026-01-12 09:01:37', NULL, '172.70.208.167', '2026-01-27 09:32:42', '2026-01-27 15:30:19', NULL, NULL, NULL, 0, 2, 1, '', '', 'dr-fares-djafri', 0, 0.00, 0, NULL, NULL, '', NULL, NULL, NULL, NULL, NULL, NULL, NULL, NULL, NULL, NULL, NULL, NULL, NULL, NULL, NULL, NULL, NULL, NULL, NULL, NULL, NULL, NULL, 0, NULL, NULL, NULL, NULL, NULL),
(166, 'megawati-ic@inceif.edu.my', 'Megawati ', 'Binti Harun', 'Senior Associate Consultant', 'IS090', 28, '', '', '', '', '$2a$08$x5H5nqKYeQ.Rn7KD9as6Me7G6Nv9wx7jaVGcHe1XqdmRpuAKjbqG2', '2026-01-12 09:02:40', NULL, '172.69.85.156', '2026-01-28 11:16:39', '2026-01-28 11:24:21', NULL, NULL, NULL, 0, 2, 1, '', '', 'megawati-binti-harun', 0, 0.00, 0, NULL, NULL, '', NULL, NULL, NULL, NULL, NULL, NULL, NULL, NULL, NULL, NULL, NULL, NULL, NULL, NULL, NULL, NULL, NULL, NULL, NULL, NULL, NULL, NULL, 0, NULL, NULL, NULL, NULL, NULL),
(167, 'julieheng-ic@inceif.edu.my', 'Heng Mei ', 'Ching', 'Lead Consultant, Accreditation', '000425', 28, '', '', '', '', '$2a$08$F.v/WlE5yNbDJd5Iiw9Uuu0eEytGHCQY.diR.GXXpPhPI5E2ed6Uy', '2026-01-26 15:09:26', NULL, '172.69.85.157', '2026-01-30 08:39:17', '2026-01-30 15:41:28', NULL, NULL, NULL, 0, 2, 1, NULL, '', 'heng-mei-ching', 0, 0.00, 0, NULL, NULL, '', NULL, NULL, NULL, NULL, NULL, NULL, NULL, NULL, NULL, NULL, NULL, NULL, NULL, NULL, NULL, NULL, NULL, NULL, NULL, NULL, NULL, NULL, 0, NULL, NULL, NULL, NULL, NULL),
(168, 'wani-isra@inceif.edu.my', 'Syazwani ', 'binti Abu Bakar', 'Senior Executive', ' 00042', 62, '', '', '', '', '$2a$08$nWCcDCAyX.h9.4BpsSIe/O0kQgkG.qwP0prOgSTo3IXR9MCWyrUKu', '2026-01-26 15:11:45', NULL, '172.69.176.170', '2026-01-29 09:24:32', '2026-01-29 09:36:44', NULL, NULL, NULL, 0, 2, 1, NULL, '', 'syazwani-binti-abu-bakar', 0, 0.00, 0, NULL, NULL, '', NULL, NULL, NULL, NULL, NULL, NULL, NULL, NULL, NULL, NULL, NULL, NULL, NULL, NULL, NULL, NULL, NULL, NULL, NULL, NULL, NULL, NULL, 0, NULL, NULL, NULL, NULL, NULL),
(169, 'my8srs3@gmail.com', 'TEST HOD', 'TEST HOD', 'HOD Test', '123456', 1, '', '', '', '', '$2a$08$InazHvCTvL6zdXwxbBgeieYwL/nxxUKGXOEGoIhT9HNvUvd5IqK6O', '2026-02-20 08:50:09', NULL, '172.16.150.1', '2026-03-04 09:24:20', '2026-03-04 10:37:27', NULL, NULL, NULL, 0, 2, 1, NULL, '', 'test-hod-test-hod', 0, 0.00, 0, NULL, NULL, '', NULL, NULL, NULL, NULL, NULL, NULL, NULL, NULL, NULL, NULL, NULL, NULL, NULL, NULL, NULL, NULL, NULL, NULL, NULL, NULL, NULL, NULL, 0, NULL, NULL, NULL, NULL, NULL);

-- --------------------------------------------------------

--
-- Table structure for table `tblstaff_departments`
--

CREATE TABLE `tblstaff_departments` (
  `staffdepartmentid` int(11) NOT NULL,
  `staffid` int(11) NOT NULL,
  `departmentid` int(11) NOT NULL
) ENGINE=InnoDB DEFAULT CHARSET=utf8mb4 COLLATE=utf8mb4_unicode_ci;

--
-- Dumping data for table `tblstaff_departments`
--

INSERT INTO `tblstaff_departments` (`staffdepartmentid`, `staffid`, `departmentid`) VALUES
(37, 9, 2),
(41, 12, 13),
(42, 13, 13),
(43, 14, 4),
(45, 15, 4),
(47, 16, 4),
(48, 17, 13),
(49, 18, 4),
(50, 19, 4),
(51, 20, 6),
(52, 21, 5),
(53, 22, 5),
(55, 7, 9),
(57, 25, 4),
(59, 26, 4),
(60, 27, 4),
(62, 29, 12),
(63, 30, 12),
(64, 31, 4),
(65, 32, 13),
(66, 33, 4),
(67, 34, 10),
(68, 35, 10),
(70, 37, 6),
(71, 38, 14),
(72, 39, 14),
(73, 40, 4),
(74, 36, 4),
(75, 41, 6),
(76, 42, 1),
(77, 43, 1),
(78, 44, 12),
(79, 45, 14),
(80, 46, 1),
(81, 47, 4),
(82, 48, 13),
(85, 50, 4),
(86, 51, 11),
(87, 52, 11),
(88, 53, 13),
(89, 54, 13),
(91, 56, 13),
(92, 57, 4),
(93, 58, 15),
(94, 59, 15),
(95, 60, 12),
(96, 61, 6),
(102, 65, 4),
(104, 67, 15),
(105, 68, 14),
(106, 69, 14),
(107, 70, 4),
(108, 71, 6),
(109, 72, 1),
(110, 73, 4),
(111, 74, 13),
(112, 75, 10),
(113, 76, 4),
(114, 77, 14),
(115, 78, 4),
(116, 79, 4),
(117, 80, 15),
(119, 82, 13),
(120, 3, 9),
(121, 83, 12),
(122, 84, 4),
(124, 86, 4),
(125, 87, 6),
(127, 89, 14),
(130, 92, 13),
(131, 93, 13),
(133, 94, 1),
(134, 95, 4),
(135, 96, 2),
(136, 97, 14),
(137, 98, 4),
(138, 99, 7),
(140, 101, 5),
(150, 110, 12),
(151, 111, 2),
(152, 112, 4),
(153, 113, 12),
(154, 114, 4),
(155, 6, 9),
(161, 120, 12),
(164, 123, 6),
(168, 127, 16),
(170, 129, 11),
(171, 130, 7),
(175, 134, 15),
(179, 138, 4),
(180, 139, 14),
(181, 140, 8),
(185, 144, 12),
(187, 146, 14),
(188, 147, 8),
(191, 150, 13),
(194, 153, 14),
(196, 155, 1),
(200, 159, 13),
(202, 161, 12),
(205, 164, 16),
(215, 5, 9),
(216, 23, 5),
(217, 55, 5),
(218, 81, 5),
(220, 102, 5),
(221, 105, 5),
(223, 108, 7),
(226, 136, 5),
(228, 148, 7),
(229, 154, 5),
(230, 156, 5),
(235, 10, 14),
(240, 166, 7),
(241, 119, 7),
(243, 107, 7),
(244, 28, 7),
(245, 106, 7),
(246, 100, 7),
(247, 66, 7),
(250, 103, 8),
(251, 62, 8),
(252, 90, 8),
(253, 158, 8),
(254, 162, 8),
(255, 165, 8),
(256, 157, 8),
(257, 163, 8),
(258, 91, 8),
(259, 152, 8),
(260, 88, 8),
(261, 151, 8),
(262, 160, 8),
(263, 135, 8),
(264, 145, 8),
(265, 125, 8),
(266, 137, 8),
(267, 132, 8),
(268, 109, 8),
(269, 104, 8),
(270, 167, 7),
(271, 168, 8),
(272, 126, 8),
(273, 117, 8),
(274, 118, 8),
(275, 64, 8),
(276, 124, 8),
(277, 141, 8),
(278, 121, 12),
(279, 122, 8),
(280, 4, 9),
(281, 143, 8),
(283, 133, 8),
(284, 142, 7),
(285, 128, 7),
(286, 11, 13),
(289, 149, 8),
(290, 63, 8),
(291, 24, 13),
(293, 169, 1),
(296, 115, 10),
(297, 116, 17),
(298, 85, 17),
(308, 49, 1),
(310, 131, 16),
(311, 8, 1),
(312, 1, 16);

-- --------------------------------------------------------

--
-- Table structure for table `tblstaff_permissions`
--

CREATE TABLE `tblstaff_permissions` (
  `staff_id` int(11) NOT NULL,
  `feature` varchar(40) NOT NULL,
  `capability` varchar(100) NOT NULL
) ENGINE=InnoDB DEFAULT CHARSET=utf8mb4 COLLATE=utf8mb4_unicode_ci;

--
-- Dumping data for table `tblstaff_permissions`
--

INSERT INTO `tblstaff_permissions` (`staff_id`, `feature`, `capability`) VALUES
(9, 'annual_external_engagement', 'view'),
(9, 'annual_external_engagement', 'create'),
(9, 'annual_external_engagement', 'edit'),
(9, 'coi_special_approval', 'view'),
(9, 'coi_special_approval', 'create'),
(9, 'coi_special_approval', 'edit'),
(9, 'coi_special_approval', 'approve'),
(9, 'integrity_pact', 'view_own'),
(9, 'integrity_pact', 'create'),
(9, 'integrity_pact', 'edit'),
(9, 'staff_declaration', 'view'),
(9, 'staff_declaration', 'create'),
(9, 'staff_declaration', 'edit'),
(9, 'staff_declaration', 'approve'),
(9, 'coi_disclosure', 'view_own'),
(9, 'coi_disclosure', 'create'),
(9, 'coi_disclosure', 'edit'),
(9, 'staff_external_engagement', 'view'),
(9, 'staff_external_engagement', 'create'),
(9, 'staff_external_engagement', 'edit'),
(3, 'hc_compliance', 'view'),
(3, 'annual_external_engagement', 'view'),
(3, 'annual_external_engagement', 'create'),
(3, 'coi_special_approval', 'view'),
(3, 'coi_special_approval', 'create'),
(3, 'coi_special_approval', 'approve'),
(3, 'integrity_pact', 'view'),
(3, 'integrity_pact', 'create'),
(3, 'integrity_pact', 'edit'),
(3, 'staff_declaration', 'view'),
(3, 'staff_declaration', 'create'),
(3, 'coi_disclosure', 'view'),
(3, 'coi_disclosure', 'create'),
(3, 'staff_external_engagement', 'view'),
(3, 'staff_external_engagement', 'create'),
(7, 'hc_compliance', 'view'),
(7, 'annual_external_engagement', 'view'),
(7, 'annual_external_engagement', 'create'),
(7, 'coi_special_approval', 'view'),
(7, 'coi_special_approval', 'create'),
(7, 'coi_special_approval', 'approve'),
(7, 'integrity_pact', 'view'),
(7, 'integrity_pact', 'create'),
(7, 'integrity_pact', 'edit'),
(7, 'staff_declaration', 'view'),
(7, 'staff_declaration', 'create'),
(7, 'coi_disclosure', 'view'),
(7, 'coi_disclosure', 'create'),
(7, 'staff_external_engagement', 'view'),
(7, 'staff_external_engagement', 'create'),
(4, 'hc_compliance', 'view'),
(4, 'annual_external_engagement', 'view'),
(4, 'annual_external_engagement', 'create'),
(4, 'coi_special_approval', 'view'),
(4, 'coi_special_approval', 'create'),
(4, 'coi_special_approval', 'approve'),
(4, 'integrity_pact', 'view'),
(4, 'integrity_pact', 'create'),
(4, 'integrity_pact', 'edit'),
(4, 'staff_declaration', 'view'),
(4, 'staff_declaration', 'create'),
(4, 'coi_disclosure', 'view'),
(4, 'coi_disclosure', 'create'),
(4, 'staff_external_engagement', 'view'),
(4, 'staff_external_engagement', 'create'),
(96, 'appointment_manager', 'view'),
(96, 'appointment_manager', 'create'),
(96, 'appointment_manager', 'edit'),
(96, 'appointment_manager', 'delete'),
(11, 'appointment_manager', 'view'),
(11, 'appointment_manager', 'create'),
(11, 'appointment_manager', 'edit'),
(11, 'appointment_manager', 'delete'),
(143, 'appointment_manager', 'view'),
(143, 'appointment_manager', 'create'),
(143, 'appointment_manager', 'edit'),
(143, 'appointment_manager', 'delete'),
(152, 'appointment_manager', 'view'),
(152, 'appointment_manager', 'create'),
(152, 'appointment_manager', 'edit'),
(152, 'appointment_manager', 'delete'),
(97, 'appointment_manager', 'view'),
(97, 'appointment_manager', 'create'),
(97, 'appointment_manager', 'edit'),
(97, 'appointment_manager', 'delete'),
(80, 'appointment_manager', 'view'),
(80, 'appointment_manager', 'create'),
(80, 'appointment_manager', 'edit'),
(80, 'appointment_manager', 'delete'),
(19, 'appointment_manager', 'view'),
(19, 'appointment_manager', 'create'),
(19, 'appointment_manager', 'edit'),
(19, 'appointment_manager', 'delete'),
(154, 'appointment_manager', 'view'),
(154, 'appointment_manager', 'create'),
(154, 'appointment_manager', 'edit'),
(154, 'appointment_manager', 'delete'),
(124, 'appointment_manager', 'view'),
(124, 'appointment_manager', 'create'),
(124, 'appointment_manager', 'edit'),
(124, 'appointment_manager', 'delete'),
(91, 'appointment_manager', 'view'),
(91, 'appointment_manager', 'create'),
(91, 'appointment_manager', 'edit'),
(91, 'appointment_manager', 'delete'),
(145, 'appointment_manager', 'view'),
(145, 'appointment_manager', 'create'),
(145, 'appointment_manager', 'edit'),
(145, 'appointment_manager', 'delete'),
(48, 'appointment_manager', 'view'),
(48, 'appointment_manager', 'create'),
(48, 'appointment_manager', 'edit'),
(48, 'appointment_manager', 'delete'),
(169, 'appointment_manager', 'view'),
(169, 'appointment_manager', 'create'),
(169, 'appointment_manager', 'edit'),
(169, 'appointment_manager', 'delete'),
(134, 'appointment_manager', 'view'),
(134, 'appointment_manager', 'create'),
(134, 'appointment_manager', 'edit'),
(134, 'appointment_manager', 'delete'),
(99, 'appointment_manager', 'view'),
(99, 'appointment_manager', 'create'),
(99, 'appointment_manager', 'edit'),
(99, 'appointment_manager', 'delete'),
(168, 'appointment_manager', 'view'),
(168, 'appointment_manager', 'create'),
(168, 'appointment_manager', 'edit'),
(168, 'appointment_manager', 'delete'),
(137, 'appointment_manager', 'view'),
(137, 'appointment_manager', 'create'),
(137, 'appointment_manager', 'edit'),
(137, 'appointment_manager', 'delete'),
(23, 'appointment_manager', 'view'),
(23, 'appointment_manager', 'create'),
(23, 'appointment_manager', 'edit'),
(23, 'appointment_manager', 'delete'),
(81, 'appointment_manager', 'view'),
(81, 'appointment_manager', 'create'),
(81, 'appointment_manager', 'edit'),
(81, 'appointment_manager', 'delete'),
(141, 'appointment_manager', 'view'),
(141, 'appointment_manager', 'create'),
(141, 'appointment_manager', 'edit'),
(141, 'appointment_manager', 'delete'),
(39, 'appointment_manager', 'view'),
(39, 'appointment_manager', 'create'),
(39, 'appointment_manager', 'edit'),
(39, 'appointment_manager', 'delete'),
(21, 'appointment_manager', 'view'),
(21, 'appointment_manager', 'create'),
(21, 'appointment_manager', 'edit'),
(21, 'appointment_manager', 'delete'),
(153, 'appointment_manager', 'view'),
(153, 'appointment_manager', 'create'),
(153, 'appointment_manager', 'edit'),
(153, 'appointment_manager', 'delete'),
(67, 'appointment_manager', 'view'),
(67, 'appointment_manager', 'create'),
(67, 'appointment_manager', 'edit'),
(67, 'appointment_manager', 'delete'),
(27, 'appointment_manager', 'view'),
(27, 'appointment_manager', 'create'),
(27, 'appointment_manager', 'edit'),
(27, 'appointment_manager', 'delete'),
(150, 'appointment_manager', 'view'),
(150, 'appointment_manager', 'create'),
(150, 'appointment_manager', 'edit'),
(150, 'appointment_manager', 'delete'),
(103, 'appointment_manager', 'view'),
(103, 'appointment_manager', 'create'),
(103, 'appointment_manager', 'edit'),
(103, 'appointment_manager', 'delete'),
(66, 'appointment_manager', 'view'),
(66, 'appointment_manager', 'create'),
(66, 'appointment_manager', 'edit'),
(66, 'appointment_manager', 'delete'),
(127, 'appointment_manager', 'view'),
(127, 'appointment_manager', 'create'),
(127, 'appointment_manager', 'edit'),
(127, 'appointment_manager', 'delete'),
(149, 'appointment_manager', 'view'),
(149, 'appointment_manager', 'create'),
(149, 'appointment_manager', 'edit'),
(149, 'appointment_manager', 'delete'),
(10, 'appointment_manager', 'view'),
(10, 'appointment_manager', 'create'),
(10, 'appointment_manager', 'edit'),
(10, 'appointment_manager', 'delete'),
(65, 'appointment_manager', 'view'),
(65, 'appointment_manager', 'create'),
(65, 'appointment_manager', 'edit'),
(65, 'appointment_manager', 'delete'),
(162, 'appointment_manager', 'view'),
(162, 'appointment_manager', 'create'),
(162, 'appointment_manager', 'edit'),
(162, 'appointment_manager', 'delete'),
(84, 'appointment_manager', 'view'),
(84, 'appointment_manager', 'create'),
(84, 'appointment_manager', 'edit'),
(84, 'appointment_manager', 'delete'),
(15, 'appointment_manager', 'view'),
(15, 'appointment_manager', 'create'),
(15, 'appointment_manager', 'edit'),
(15, 'appointment_manager', 'delete'),
(50, 'appointment_manager', 'view'),
(50, 'appointment_manager', 'create'),
(50, 'appointment_manager', 'edit'),
(50, 'appointment_manager', 'delete'),
(90, 'appointment_manager', 'view'),
(90, 'appointment_manager', 'create'),
(90, 'appointment_manager', 'edit'),
(90, 'appointment_manager', 'delete'),
(31, 'appointment_manager', 'view'),
(31, 'appointment_manager', 'create'),
(31, 'appointment_manager', 'edit'),
(31, 'appointment_manager', 'delete'),
(14, 'appointment_manager', 'view'),
(14, 'appointment_manager', 'create'),
(14, 'appointment_manager', 'edit'),
(14, 'appointment_manager', 'delete'),
(70, 'appointment_manager', 'view'),
(70, 'appointment_manager', 'create'),
(70, 'appointment_manager', 'edit'),
(70, 'appointment_manager', 'delete'),
(63, 'appointment_manager', 'view'),
(63, 'appointment_manager', 'create'),
(63, 'appointment_manager', 'edit'),
(63, 'appointment_manager', 'delete'),
(25, 'appointment_manager', 'view'),
(25, 'appointment_manager', 'create'),
(25, 'appointment_manager', 'edit'),
(25, 'appointment_manager', 'delete'),
(161, 'appointment_manager', 'view'),
(161, 'appointment_manager', 'create'),
(161, 'appointment_manager', 'edit'),
(161, 'appointment_manager', 'delete'),
(12, 'appointment_manager', 'view'),
(12, 'appointment_manager', 'create'),
(12, 'appointment_manager', 'edit'),
(12, 'appointment_manager', 'delete'),
(77, 'appointment_manager', 'view'),
(77, 'appointment_manager', 'create'),
(77, 'appointment_manager', 'edit'),
(77, 'appointment_manager', 'delete'),
(57, 'appointment_manager', 'view'),
(57, 'appointment_manager', 'create'),
(57, 'appointment_manager', 'edit'),
(57, 'appointment_manager', 'delete'),
(122, 'appointment_manager', 'view'),
(122, 'appointment_manager', 'create'),
(122, 'appointment_manager', 'edit'),
(122, 'appointment_manager', 'delete'),
(75, 'appointment_manager', 'view'),
(75, 'appointment_manager', 'create'),
(75, 'appointment_manager', 'edit'),
(75, 'appointment_manager', 'delete'),
(83, 'appointment_manager', 'view'),
(83, 'appointment_manager', 'create'),
(83, 'appointment_manager', 'edit'),
(83, 'appointment_manager', 'delete'),
(136, 'appointment_manager', 'view'),
(136, 'appointment_manager', 'create'),
(136, 'appointment_manager', 'edit'),
(136, 'appointment_manager', 'delete'),
(89, 'appointment_manager', 'view'),
(89, 'appointment_manager', 'create'),
(89, 'appointment_manager', 'edit'),
(89, 'appointment_manager', 'delete'),
(87, 'appointment_manager', 'view'),
(87, 'appointment_manager', 'create'),
(87, 'appointment_manager', 'edit'),
(87, 'appointment_manager', 'delete'),
(20, 'appointment_manager', 'view'),
(20, 'appointment_manager', 'create'),
(20, 'appointment_manager', 'edit'),
(20, 'appointment_manager', 'delete'),
(76, 'appointment_manager', 'view'),
(76, 'appointment_manager', 'create'),
(76, 'appointment_manager', 'edit'),
(76, 'appointment_manager', 'delete'),
(6, 'appointment_manager', 'view'),
(6, 'appointment_manager', 'create'),
(6, 'appointment_manager', 'edit'),
(6, 'appointment_manager', 'delete'),
(34, 'appointment_manager', 'view'),
(34, 'appointment_manager', 'create'),
(34, 'appointment_manager', 'edit'),
(34, 'appointment_manager', 'delete'),
(44, 'appointment_manager', 'view'),
(44, 'appointment_manager', 'create'),
(44, 'appointment_manager', 'edit'),
(44, 'appointment_manager', 'delete'),
(130, 'appointment_manager', 'view'),
(130, 'appointment_manager', 'create'),
(130, 'appointment_manager', 'edit'),
(130, 'appointment_manager', 'delete'),
(111, 'appointment_manager', 'view'),
(111, 'appointment_manager', 'create'),
(111, 'appointment_manager', 'edit'),
(111, 'appointment_manager', 'delete'),
(61, 'appointment_manager', 'view'),
(61, 'appointment_manager', 'create'),
(61, 'appointment_manager', 'edit'),
(61, 'appointment_manager', 'delete'),
(59, 'appointment_manager', 'view'),
(59, 'appointment_manager', 'create'),
(59, 'appointment_manager', 'edit'),
(59, 'appointment_manager', 'delete'),
(85, 'appointment_manager', 'view'),
(85, 'appointment_manager', 'create'),
(85, 'appointment_manager', 'edit'),
(85, 'appointment_manager', 'delete'),
(69, 'appointment_manager', 'view'),
(69, 'appointment_manager', 'create'),
(69, 'appointment_manager', 'edit'),
(69, 'appointment_manager', 'delete'),
(38, 'appointment_manager', 'view'),
(38, 'appointment_manager', 'create'),
(38, 'appointment_manager', 'edit'),
(38, 'appointment_manager', 'delete'),
(55, 'appointment_manager', 'view'),
(55, 'appointment_manager', 'create'),
(55, 'appointment_manager', 'edit'),
(55, 'appointment_manager', 'delete'),
(92, 'appointment_manager', 'view'),
(92, 'appointment_manager', 'create'),
(92, 'appointment_manager', 'edit'),
(92, 'appointment_manager', 'delete'),
(32, 'appointment_manager', 'view'),
(32, 'appointment_manager', 'create'),
(32, 'appointment_manager', 'edit'),
(32, 'appointment_manager', 'delete'),
(22, 'appointment_manager', 'view'),
(22, 'appointment_manager', 'create'),
(22, 'appointment_manager', 'edit'),
(22, 'appointment_manager', 'delete'),
(160, 'appointment_manager', 'view'),
(160, 'appointment_manager', 'create'),
(160, 'appointment_manager', 'edit'),
(160, 'appointment_manager', 'delete'),
(151, 'appointment_manager', 'view'),
(151, 'appointment_manager', 'create'),
(151, 'appointment_manager', 'edit'),
(151, 'appointment_manager', 'delete'),
(156, 'appointment_manager', 'view'),
(156, 'appointment_manager', 'create'),
(156, 'appointment_manager', 'edit'),
(156, 'appointment_manager', 'delete'),
(35, 'appointment_manager', 'view'),
(35, 'appointment_manager', 'create'),
(35, 'appointment_manager', 'edit'),
(35, 'appointment_manager', 'delete'),
(140, 'appointment_manager', 'view'),
(140, 'appointment_manager', 'create'),
(140, 'appointment_manager', 'edit'),
(140, 'appointment_manager', 'delete'),
(129, 'appointment_manager', 'view'),
(129, 'appointment_manager', 'create'),
(129, 'appointment_manager', 'edit'),
(129, 'appointment_manager', 'delete'),
(155, 'appointment_manager', 'view'),
(155, 'appointment_manager', 'create'),
(155, 'appointment_manager', 'edit'),
(155, 'appointment_manager', 'delete'),
(117, 'appointment_manager', 'view'),
(117, 'appointment_manager', 'create'),
(117, 'appointment_manager', 'edit'),
(117, 'appointment_manager', 'delete'),
(125, 'appointment_manager', 'view'),
(125, 'appointment_manager', 'create'),
(125, 'appointment_manager', 'edit'),
(125, 'appointment_manager', 'delete'),
(126, 'appointment_manager', 'view'),
(126, 'appointment_manager', 'create'),
(126, 'appointment_manager', 'edit'),
(126, 'appointment_manager', 'delete'),
(108, 'appointment_manager', 'view'),
(108, 'appointment_manager', 'create'),
(108, 'appointment_manager', 'edit'),
(108, 'appointment_manager', 'delete'),
(118, 'appointment_manager', 'view'),
(118, 'appointment_manager', 'create'),
(118, 'appointment_manager', 'edit'),
(118, 'appointment_manager', 'delete'),
(72, 'appointment_manager', 'view'),
(72, 'appointment_manager', 'create'),
(72, 'appointment_manager', 'edit'),
(72, 'appointment_manager', 'delete'),
(73, 'appointment_manager', 'view'),
(73, 'appointment_manager', 'create'),
(73, 'appointment_manager', 'edit'),
(73, 'appointment_manager', 'delete'),
(123, 'appointment_manager', 'view'),
(123, 'appointment_manager', 'create'),
(123, 'appointment_manager', 'edit'),
(123, 'appointment_manager', 'delete'),
(51, 'appointment_manager', 'view'),
(51, 'appointment_manager', 'create'),
(51, 'appointment_manager', 'edit'),
(51, 'appointment_manager', 'delete'),
(159, 'appointment_manager', 'view'),
(159, 'appointment_manager', 'create'),
(159, 'appointment_manager', 'edit'),
(159, 'appointment_manager', 'delete'),
(52, 'appointment_manager', 'view'),
(52, 'appointment_manager', 'create'),
(52, 'appointment_manager', 'edit'),
(52, 'appointment_manager', 'delete'),
(24, 'appointment_manager', 'view'),
(24, 'appointment_manager', 'create'),
(24, 'appointment_manager', 'edit'),
(24, 'appointment_manager', 'delete'),
(33, 'appointment_manager', 'view'),
(33, 'appointment_manager', 'create'),
(33, 'appointment_manager', 'edit'),
(33, 'appointment_manager', 'delete'),
(13, 'appointment_manager', 'view'),
(13, 'appointment_manager', 'create'),
(13, 'appointment_manager', 'edit'),
(13, 'appointment_manager', 'delete'),
(29, 'appointment_manager', 'view'),
(29, 'appointment_manager', 'create'),
(29, 'appointment_manager', 'edit'),
(29, 'appointment_manager', 'delete'),
(37, 'appointment_manager', 'view'),
(37, 'appointment_manager', 'create'),
(37, 'appointment_manager', 'edit'),
(37, 'appointment_manager', 'delete'),
(74, 'appointment_manager', 'view'),
(74, 'appointment_manager', 'create'),
(74, 'appointment_manager', 'edit'),
(74, 'appointment_manager', 'delete'),
(93, 'appointment_manager', 'view'),
(93, 'appointment_manager', 'create'),
(93, 'appointment_manager', 'edit'),
(93, 'appointment_manager', 'delete'),
(106, 'appointment_manager', 'view'),
(106, 'appointment_manager', 'create'),
(106, 'appointment_manager', 'edit'),
(106, 'appointment_manager', 'delete'),
(121, 'appointment_manager', 'view'),
(121, 'appointment_manager', 'create'),
(121, 'appointment_manager', 'edit'),
(121, 'appointment_manager', 'delete'),
(105, 'appointment_manager', 'view'),
(105, 'appointment_manager', 'create'),
(105, 'appointment_manager', 'edit'),
(105, 'appointment_manager', 'delete'),
(101, 'appointment_manager', 'view'),
(101, 'appointment_manager', 'create'),
(101, 'appointment_manager', 'edit'),
(101, 'appointment_manager', 'delete'),
(28, 'appointment_manager', 'view'),
(28, 'appointment_manager', 'create'),
(28, 'appointment_manager', 'edit'),
(28, 'appointment_manager', 'delete'),
(113, 'appointment_manager', 'view'),
(113, 'appointment_manager', 'create'),
(113, 'appointment_manager', 'edit'),
(113, 'appointment_manager', 'delete'),
(56, 'appointment_manager', 'view'),
(56, 'appointment_manager', 'create'),
(56, 'appointment_manager', 'edit'),
(56, 'appointment_manager', 'delete'),
(163, 'appointment_manager', 'view'),
(163, 'appointment_manager', 'create'),
(163, 'appointment_manager', 'edit'),
(163, 'appointment_manager', 'delete'),
(166, 'appointment_manager', 'view'),
(166, 'appointment_manager', 'create'),
(166, 'appointment_manager', 'edit'),
(166, 'appointment_manager', 'delete'),
(82, 'appointment_manager', 'view'),
(82, 'appointment_manager', 'create'),
(82, 'appointment_manager', 'edit'),
(82, 'appointment_manager', 'delete'),
(116, 'appointment_manager', 'view'),
(116, 'appointment_manager', 'create'),
(116, 'appointment_manager', 'edit'),
(116, 'appointment_manager', 'delete'),
(47, 'appointment_manager', 'view'),
(47, 'appointment_manager', 'create'),
(47, 'appointment_manager', 'edit'),
(47, 'appointment_manager', 'delete'),
(139, 'appointment_manager', 'view'),
(139, 'appointment_manager', 'create'),
(139, 'appointment_manager', 'edit'),
(139, 'appointment_manager', 'delete'),
(71, 'appointment_manager', 'view'),
(71, 'appointment_manager', 'create'),
(71, 'appointment_manager', 'edit'),
(71, 'appointment_manager', 'delete'),
(88, 'appointment_manager', 'view'),
(88, 'appointment_manager', 'create'),
(88, 'appointment_manager', 'edit'),
(88, 'appointment_manager', 'delete'),
(119, 'appointment_manager', 'view'),
(119, 'appointment_manager', 'create'),
(119, 'appointment_manager', 'edit'),
(119, 'appointment_manager', 'delete'),
(45, 'appointment_manager', 'view'),
(45, 'appointment_manager', 'create'),
(45, 'appointment_manager', 'edit'),
(45, 'appointment_manager', 'delete'),
(110, 'appointment_manager', 'view'),
(110, 'appointment_manager', 'create'),
(110, 'appointment_manager', 'edit'),
(110, 'appointment_manager', 'delete'),
(17, 'appointment_manager', 'view'),
(17, 'appointment_manager', 'create'),
(17, 'appointment_manager', 'edit'),
(17, 'appointment_manager', 'delete'),
(114, 'appointment_manager', 'view'),
(114, 'appointment_manager', 'create'),
(114, 'appointment_manager', 'edit'),
(114, 'appointment_manager', 'delete'),
(68, 'appointment_manager', 'view'),
(68, 'appointment_manager', 'create'),
(68, 'appointment_manager', 'edit'),
(68, 'appointment_manager', 'delete'),
(53, 'appointment_manager', 'view'),
(53, 'appointment_manager', 'create'),
(53, 'appointment_manager', 'edit'),
(53, 'appointment_manager', 'delete'),
(64, 'appointment_manager', 'view'),
(64, 'appointment_manager', 'create'),
(64, 'appointment_manager', 'edit'),
(64, 'appointment_manager', 'delete'),
(167, 'appointment_manager', 'view'),
(167, 'appointment_manager', 'create'),
(167, 'appointment_manager', 'edit'),
(167, 'appointment_manager', 'delete'),
(8, 'appointment_manager', 'view'),
(8, 'appointment_manager', 'create'),
(8, 'appointment_manager', 'edit'),
(8, 'appointment_manager', 'delete'),
(94, 'appointment_manager', 'view'),
(94, 'appointment_manager', 'create'),
(94, 'appointment_manager', 'edit'),
(94, 'appointment_manager', 'delete'),
(146, 'appointment_manager', 'view'),
(146, 'appointment_manager', 'create'),
(146, 'appointment_manager', 'edit'),
(146, 'appointment_manager', 'delete'),
(142, 'appointment_manager', 'view'),
(142, 'appointment_manager', 'create'),
(142, 'appointment_manager', 'edit'),
(142, 'appointment_manager', 'delete'),
(46, 'appointment_manager', 'view'),
(46, 'appointment_manager', 'create'),
(46, 'appointment_manager', 'edit'),
(46, 'appointment_manager', 'delete'),
(41, 'appointment_manager', 'view'),
(41, 'appointment_manager', 'create'),
(41, 'appointment_manager', 'edit'),
(41, 'appointment_manager', 'delete'),
(144, 'appointment_manager', 'view'),
(144, 'appointment_manager', 'create'),
(144, 'appointment_manager', 'edit'),
(144, 'appointment_manager', 'delete'),
(58, 'appointment_manager', 'view'),
(58, 'appointment_manager', 'create'),
(58, 'appointment_manager', 'edit'),
(58, 'appointment_manager', 'delete'),
(36, 'appointment_manager', 'view'),
(36, 'appointment_manager', 'create'),
(36, 'appointment_manager', 'edit'),
(36, 'appointment_manager', 'delete'),
(78, 'appointment_manager', 'view'),
(78, 'appointment_manager', 'create'),
(78, 'appointment_manager', 'edit'),
(78, 'appointment_manager', 'delete'),
(98, 'appointment_manager', 'view'),
(98, 'appointment_manager', 'create'),
(98, 'appointment_manager', 'edit'),
(98, 'appointment_manager', 'delete'),
(147, 'appointment_manager', 'view'),
(147, 'appointment_manager', 'create'),
(147, 'appointment_manager', 'edit'),
(147, 'appointment_manager', 'delete'),
(158, 'appointment_manager', 'view'),
(158, 'appointment_manager', 'create'),
(158, 'appointment_manager', 'edit'),
(158, 'appointment_manager', 'delete'),
(133, 'appointment_manager', 'view'),
(133, 'appointment_manager', 'create'),
(133, 'appointment_manager', 'edit'),
(133, 'appointment_manager', 'delete'),
(18, 'appointment_manager', 'view'),
(18, 'appointment_manager', 'create'),
(18, 'appointment_manager', 'edit'),
(18, 'appointment_manager', 'delete'),
(62, 'appointment_manager', 'view'),
(62, 'appointment_manager', 'create'),
(62, 'appointment_manager', 'edit'),
(62, 'appointment_manager', 'delete'),
(16, 'appointment_manager', 'view'),
(16, 'appointment_manager', 'create'),
(16, 'appointment_manager', 'edit'),
(16, 'appointment_manager', 'delete'),
(79, 'appointment_manager', 'view'),
(79, 'appointment_manager', 'create'),
(79, 'appointment_manager', 'edit'),
(79, 'appointment_manager', 'delete'),
(112, 'appointment_manager', 'view'),
(112, 'appointment_manager', 'create'),
(112, 'appointment_manager', 'edit'),
(112, 'appointment_manager', 'delete'),
(165, 'appointment_manager', 'view'),
(165, 'appointment_manager', 'create'),
(165, 'appointment_manager', 'edit'),
(165, 'appointment_manager', 'delete'),
(135, 'appointment_manager', 'view'),
(135, 'appointment_manager', 'create'),
(135, 'appointment_manager', 'edit'),
(135, 'appointment_manager', 'delete'),
(138, 'appointment_manager', 'view'),
(138, 'appointment_manager', 'create'),
(138, 'appointment_manager', 'edit'),
(138, 'appointment_manager', 'delete'),
(128, 'appointment_manager', 'view'),
(128, 'appointment_manager', 'create'),
(128, 'appointment_manager', 'edit'),
(128, 'appointment_manager', 'delete'),
(102, 'appointment_manager', 'view'),
(102, 'appointment_manager', 'create'),
(102, 'appointment_manager', 'edit'),
(102, 'appointment_manager', 'delete'),
(42, 'appointment_manager', 'view'),
(42, 'appointment_manager', 'create'),
(42, 'appointment_manager', 'edit'),
(42, 'appointment_manager', 'delete'),
(157, 'appointment_manager', 'view'),
(157, 'appointment_manager', 'create'),
(157, 'appointment_manager', 'edit'),
(157, 'appointment_manager', 'delete'),
(40, 'appointment_manager', 'view'),
(40, 'appointment_manager', 'create'),
(40, 'appointment_manager', 'edit'),
(40, 'appointment_manager', 'delete'),
(100, 'appointment_manager', 'view'),
(100, 'appointment_manager', 'create'),
(100, 'appointment_manager', 'edit'),
(100, 'appointment_manager', 'delete'),
(95, 'appointment_manager', 'view'),
(95, 'appointment_manager', 'create'),
(95, 'appointment_manager', 'edit'),
(95, 'appointment_manager', 'delete'),
(132, 'appointment_manager', 'view'),
(132, 'appointment_manager', 'create'),
(132, 'appointment_manager', 'edit'),
(132, 'appointment_manager', 'delete'),
(109, 'appointment_manager', 'view'),
(109, 'appointment_manager', 'create'),
(109, 'appointment_manager', 'edit'),
(109, 'appointment_manager', 'delete'),
(120, 'appointment_manager', 'view'),
(120, 'appointment_manager', 'create'),
(120, 'appointment_manager', 'edit'),
(120, 'appointment_manager', 'delete'),
(54, 'appointment_manager', 'view'),
(54, 'appointment_manager', 'create'),
(54, 'appointment_manager', 'edit'),
(54, 'appointment_manager', 'delete'),
(164, 'appointment_manager', 'view'),
(164, 'appointment_manager', 'create'),
(164, 'appointment_manager', 'edit'),
(164, 'appointment_manager', 'delete'),
(115, 'appointment_manager', 'view'),
(115, 'appointment_manager', 'create'),
(115, 'appointment_manager', 'edit'),
(115, 'appointment_manager', 'delete'),
(30, 'appointment_manager', 'view'),
(30, 'appointment_manager', 'create'),
(30, 'appointment_manager', 'edit'),
(30, 'appointment_manager', 'delete'),
(43, 'appointment_manager', 'view'),
(43, 'appointment_manager', 'create'),
(43, 'appointment_manager', 'edit'),
(43, 'appointment_manager', 'delete'),
(107, 'appointment_manager', 'view'),
(107, 'appointment_manager', 'create'),
(107, 'appointment_manager', 'edit'),
(107, 'appointment_manager', 'delete'),
(104, 'appointment_manager', 'view'),
(104, 'appointment_manager', 'create'),
(104, 'appointment_manager', 'edit'),
(104, 'appointment_manager', 'delete'),
(60, 'appointment_manager', 'view'),
(60, 'appointment_manager', 'create'),
(60, 'appointment_manager', 'edit'),
(60, 'appointment_manager', 'delete'),
(26, 'appointment_manager', 'view'),
(26, 'appointment_manager', 'create'),
(26, 'appointment_manager', 'edit'),
(26, 'appointment_manager', 'delete'),
(5, 'appointment_manager', 'view'),
(5, 'appointment_manager', 'create'),
(5, 'appointment_manager', 'edit'),
(5, 'appointment_manager', 'delete'),
(148, 'appointment_manager', 'view'),
(148, 'appointment_manager', 'create'),
(148, 'appointment_manager', 'edit'),
(148, 'appointment_manager', 'delete'),
(49, 'appointment_manager', 'view'),
(49, 'appointment_manager', 'create'),
(49, 'appointment_manager', 'edit'),
(49, 'appointment_manager', 'delete'),
(86, 'appointment_manager', 'view'),
(86, 'appointment_manager', 'create'),
(86, 'appointment_manager', 'edit'),
(86, 'appointment_manager', 'delete');

-- --------------------------------------------------------

--
-- Table structure for table `tblsubscriptions`
--

CREATE TABLE `tblsubscriptions` (
  `id` int(11) NOT NULL,
  `name` varchar(191) NOT NULL,
  `description` mediumtext DEFAULT NULL,
  `description_in_item` tinyint(1) NOT NULL DEFAULT 0,
  `clientid` int(11) NOT NULL,
  `date` date DEFAULT NULL,
  `terms` mediumtext DEFAULT NULL,
  `currency` int(11) NOT NULL,
  `tax_id` int(11) NOT NULL DEFAULT 0,
  `stripe_tax_id` varchar(50) DEFAULT NULL,
  `tax_id_2` int(11) NOT NULL DEFAULT 0,
  `stripe_tax_id_2` varchar(50) DEFAULT NULL,
  `stripe_plan_id` mediumtext DEFAULT NULL,
  `stripe_subscription_id` mediumtext NOT NULL,
  `next_billing_cycle` bigint(20) DEFAULT NULL,
  `ends_at` bigint(20) DEFAULT NULL,
  `status` varchar(50) DEFAULT NULL,
  `quantity` int(11) NOT NULL DEFAULT 1,
  `project_id` int(11) NOT NULL DEFAULT 0,
  `hash` varchar(32) NOT NULL,
  `created` datetime NOT NULL,
  `created_from` int(11) NOT NULL,
  `date_subscribed` datetime DEFAULT NULL,
  `in_test_environment` int(11) DEFAULT NULL,
  `last_sent_at` datetime DEFAULT NULL
) ENGINE=InnoDB DEFAULT CHARSET=utf8mb4 COLLATE=utf8mb4_unicode_ci;

-- --------------------------------------------------------

--
-- Table structure for table `tbltaggables`
--

CREATE TABLE `tbltaggables` (
  `rel_id` int(11) NOT NULL,
  `rel_type` varchar(20) NOT NULL,
  `tag_id` int(11) NOT NULL,
  `tag_order` int(11) NOT NULL DEFAULT 0
) ENGINE=InnoDB DEFAULT CHARSET=utf8mb4 COLLATE=utf8mb4_unicode_ci;

--
-- Dumping data for table `tbltaggables`
--

INSERT INTO `tbltaggables` (`rel_id`, `rel_type`, `tag_id`, `tag_order`) VALUES
(1, 'appmgr_location', 3, 1),
(2, 'appmgr_location', 4, 1),
(3, 'appmgr_location', 5, 1),
(4, 'appmgr_location', 6, 1);

-- --------------------------------------------------------

--
-- Table structure for table `tbltags`
--

CREATE TABLE `tbltags` (
  `id` int(11) NOT NULL,
  `name` varchar(100) NOT NULL
) ENGINE=InnoDB DEFAULT CHARSET=utf8mb4 COLLATE=utf8mb4_unicode_ci;

--
-- Dumping data for table `tbltags`
--

INSERT INTO `tbltags` (`id`, `name`) VALUES
(1, 'Council Room (Level 1'),
(3, 'Council Room (Level 1 Zone B)'),
(4, 'Meeting Room 1 (Ground Floor Zone A)'),
(5, 'Meeting Room 2 (Ground Floor Zone C)'),
(6, 'Meeting Room 4 (Level 1 Main Lobby)'),
(2, 'Zone B)');

-- --------------------------------------------------------

--
-- Table structure for table `tbltasks`
--

CREATE TABLE `tbltasks` (
  `id` int(11) NOT NULL,
  `name` longtext DEFAULT NULL,
  `description` mediumtext DEFAULT NULL,
  `priority` int(11) DEFAULT NULL,
  `dateadded` datetime NOT NULL,
  `startdate` date NOT NULL,
  `duedate` date DEFAULT NULL,
  `datefinished` datetime DEFAULT NULL,
  `addedfrom` int(11) NOT NULL,
  `is_added_from_contact` tinyint(1) NOT NULL DEFAULT 0,
  `status` int(11) NOT NULL DEFAULT 0,
  `recurring_type` varchar(10) DEFAULT NULL,
  `repeat_every` int(11) DEFAULT NULL,
  `recurring` int(11) NOT NULL DEFAULT 0,
  `is_recurring_from` int(11) DEFAULT NULL,
  `cycles` int(11) NOT NULL DEFAULT 0,
  `total_cycles` int(11) NOT NULL DEFAULT 0,
  `custom_recurring` tinyint(1) NOT NULL DEFAULT 0,
  `last_recurring_date` date DEFAULT NULL,
  `rel_id` int(11) DEFAULT NULL,
  `rel_type` varchar(30) DEFAULT NULL,
  `is_public` tinyint(1) NOT NULL DEFAULT 0,
  `billable` tinyint(1) NOT NULL DEFAULT 0,
  `billed` tinyint(1) NOT NULL DEFAULT 0,
  `invoice_id` int(11) NOT NULL DEFAULT 0,
  `hourly_rate` decimal(15,2) NOT NULL DEFAULT 0.00,
  `milestone` int(11) DEFAULT 0,
  `kanban_order` int(11) DEFAULT 1,
  `milestone_order` int(11) NOT NULL DEFAULT 0,
  `visible_to_client` tinyint(1) NOT NULL DEFAULT 0,
  `deadline_notified` int(11) NOT NULL DEFAULT 0
) ENGINE=InnoDB DEFAULT CHARSET=utf8mb4 COLLATE=utf8mb4_unicode_ci;

-- --------------------------------------------------------

--
-- Table structure for table `tbltaskstimers`
--

CREATE TABLE `tbltaskstimers` (
  `id` int(11) NOT NULL,
  `task_id` int(11) NOT NULL,
  `start_time` varchar(64) NOT NULL,
  `end_time` varchar(64) DEFAULT NULL,
  `staff_id` int(11) NOT NULL,
  `hourly_rate` decimal(15,2) NOT NULL DEFAULT 0.00,
  `note` mediumtext DEFAULT NULL
) ENGINE=InnoDB DEFAULT CHARSET=utf8mb4 COLLATE=utf8mb4_unicode_ci;

--
-- Dumping data for table `tbltaskstimers`
--

INSERT INTO `tbltaskstimers` (`id`, `task_id`, `start_time`, `end_time`, `staff_id`, `hourly_rate`, `note`) VALUES
(2, 0, '1772594086', NULL, 1, 0.00, NULL);

-- --------------------------------------------------------

--
-- Table structure for table `tbltasks_checklist_templates`
--

CREATE TABLE `tbltasks_checklist_templates` (
  `id` int(11) NOT NULL,
  `description` mediumtext DEFAULT NULL
) ENGINE=InnoDB DEFAULT CHARSET=utf8mb4 COLLATE=utf8mb4_unicode_ci;

-- --------------------------------------------------------

--
-- Table structure for table `tbltask_assigned`
--

CREATE TABLE `tbltask_assigned` (
  `id` int(11) NOT NULL,
  `staffid` int(11) NOT NULL,
  `taskid` int(11) NOT NULL,
  `assigned_from` int(11) NOT NULL DEFAULT 0,
  `is_assigned_from_contact` tinyint(1) NOT NULL DEFAULT 0
) ENGINE=InnoDB DEFAULT CHARSET=utf8mb4 COLLATE=utf8mb4_unicode_ci;

-- --------------------------------------------------------

--
-- Table structure for table `tbltask_checklist_items`
--

CREATE TABLE `tbltask_checklist_items` (
  `id` int(11) NOT NULL,
  `taskid` int(11) NOT NULL,
  `description` mediumtext NOT NULL,
  `finished` int(11) NOT NULL DEFAULT 0,
  `dateadded` datetime NOT NULL,
  `addedfrom` int(11) NOT NULL,
  `finished_from` int(11) DEFAULT 0,
  `list_order` int(11) NOT NULL DEFAULT 0,
  `assigned` int(11) DEFAULT NULL
) ENGINE=InnoDB DEFAULT CHARSET=utf8mb4 COLLATE=utf8mb4_unicode_ci;

-- --------------------------------------------------------

--
-- Table structure for table `tbltask_comments`
--

CREATE TABLE `tbltask_comments` (
  `id` int(11) NOT NULL,
  `content` mediumtext NOT NULL,
  `taskid` int(11) NOT NULL,
  `staffid` int(11) NOT NULL,
  `contact_id` int(11) NOT NULL DEFAULT 0,
  `file_id` int(11) NOT NULL DEFAULT 0,
  `dateadded` datetime NOT NULL,
  `type` varchar(50) DEFAULT 'task'
) ENGINE=InnoDB DEFAULT CHARSET=utf8mb4 COLLATE=utf8mb4_unicode_ci;

-- --------------------------------------------------------

--
-- Table structure for table `tbltask_followers`
--

CREATE TABLE `tbltask_followers` (
  `id` int(11) NOT NULL,
  `staffid` int(11) NOT NULL,
  `taskid` int(11) NOT NULL
) ENGINE=InnoDB DEFAULT CHARSET=utf8mb4 COLLATE=utf8mb4_unicode_ci;

-- --------------------------------------------------------

--
-- Table structure for table `tbltaxes`
--

CREATE TABLE `tbltaxes` (
  `id` int(11) NOT NULL,
  `name` varchar(100) NOT NULL,
  `taxrate` decimal(15,2) NOT NULL
) ENGINE=InnoDB DEFAULT CHARSET=utf8mb4 COLLATE=utf8mb4_unicode_ci;

-- --------------------------------------------------------

--
-- Table structure for table `tbltemplates`
--

CREATE TABLE `tbltemplates` (
  `id` int(10) UNSIGNED NOT NULL,
  `name` varchar(255) NOT NULL,
  `type` varchar(100) NOT NULL,
  `addedfrom` int(11) NOT NULL,
  `content` longtext DEFAULT NULL,
  `content_type` varchar(20) NOT NULL DEFAULT 'html'
) ENGINE=InnoDB DEFAULT CHARSET=utf8mb4 COLLATE=utf8mb4_unicode_ci;

-- --------------------------------------------------------

--
-- Table structure for table `tbltickets`
--

CREATE TABLE `tbltickets` (
  `ticketid` int(11) NOT NULL,
  `ref_year` int(11) DEFAULT NULL,
  `ref_seq` int(11) DEFAULT NULL,
  `ref` varchar(20) DEFAULT NULL,
  `adminreplying` int(11) NOT NULL DEFAULT 0,
  `userid` int(11) NOT NULL,
  `contactid` int(11) NOT NULL DEFAULT 0,
  `merged_ticket_id` int(11) DEFAULT NULL,
  `email` mediumtext DEFAULT NULL,
  `name` mediumtext DEFAULT NULL,
  `department` int(11) NOT NULL,
  `hod_id` int(11) DEFAULT NULL,
  `hod_status` varchar(20) DEFAULT NULL,
  `hod_date` datetime DEFAULT NULL,
  `hod_comment` text DEFAULT NULL,
  `notify_hod` int(11) NOT NULL,
  `resubmit_to_hod` int(11) DEFAULT NULL,
  `department_display` varchar(100) DEFAULT NULL,
  `incident_department` varchar(150) NOT NULL,
  `incident_department_id` int(11) NOT NULL,
  `staff_code` varchar(11) DEFAULT NULL,
  `staff_position` varchar(50) DEFAULT NULL,
  `priority` int(11) NOT NULL,
  `status` int(11) NOT NULL,
  `service` int(11) DEFAULT NULL,
  `incident_type` varchar(50) DEFAULT NULL,
  `root_cause` varchar(20) DEFAULT NULL,
  `ticketkey` varchar(32) NOT NULL,
  `subject` varchar(191) NOT NULL,
  `message` mediumtext DEFAULT NULL,
  `incident_causes` mediumtext NOT NULL,
  `incident_resolved` varchar(4) DEFAULT NULL,
  `recommended_action_plans` mediumtext NOT NULL,
  `admin` int(11) DEFAULT NULL,
  `date` datetime NOT NULL,
  `project_id` int(11) NOT NULL DEFAULT 0,
  `lastreply` datetime DEFAULT NULL,
  `clientread` int(11) NOT NULL DEFAULT 0,
  `adminread` int(11) NOT NULL DEFAULT 0,
  `assigned` int(11) NOT NULL DEFAULT 0,
  `staff_id_replying` int(11) DEFAULT NULL,
  `cc` varchar(191) DEFAULT NULL,
  `created_at` timestamp NOT NULL DEFAULT current_timestamp() ON UPDATE current_timestamp(),
  `created_by` int(11) NOT NULL DEFAULT 0,
  `updated_at` datetime DEFAULT NULL
) ENGINE=InnoDB DEFAULT CHARSET=utf8mb4 COLLATE=utf8mb4_unicode_ci;

-- --------------------------------------------------------

--
-- Table structure for table `tbltickets_pipe_log`
--

CREATE TABLE `tbltickets_pipe_log` (
  `id` int(11) NOT NULL,
  `date` datetime NOT NULL,
  `email_to` varchar(100) NOT NULL,
  `name` varchar(191) NOT NULL,
  `subject` varchar(191) NOT NULL,
  `message` longtext NOT NULL,
  `email` varchar(100) NOT NULL,
  `status` varchar(100) NOT NULL
) ENGINE=InnoDB DEFAULT CHARSET=utf8mb4 COLLATE=utf8mb4_unicode_ci;

-- --------------------------------------------------------

--
-- Table structure for table `tbltickets_predefined_replies`
--

CREATE TABLE `tbltickets_predefined_replies` (
  `id` int(11) NOT NULL,
  `name` varchar(191) NOT NULL,
  `message` mediumtext NOT NULL
) ENGINE=InnoDB DEFAULT CHARSET=utf8mb4 COLLATE=utf8mb4_unicode_ci;

-- --------------------------------------------------------

--
-- Table structure for table `tbltickets_priorities`
--

CREATE TABLE `tbltickets_priorities` (
  `priorityid` int(11) NOT NULL,
  `name` varchar(50) NOT NULL
) ENGINE=InnoDB DEFAULT CHARSET=utf8mb4 COLLATE=utf8mb4_unicode_ci;

--
-- Dumping data for table `tbltickets_priorities`
--

INSERT INTO `tbltickets_priorities` (`priorityid`, `name`) VALUES
(1, 'Low'),
(2, 'Medium'),
(3, 'High');

-- --------------------------------------------------------

--
-- Table structure for table `tbltickets_status`
--

CREATE TABLE `tbltickets_status` (
  `ticketstatusid` int(11) NOT NULL,
  `name` varchar(50) NOT NULL,
  `isdefault` int(11) NOT NULL DEFAULT 0,
  `statuscolor` varchar(7) DEFAULT NULL,
  `statusorder` int(11) DEFAULT NULL
) ENGINE=InnoDB DEFAULT CHARSET=utf8mb4 COLLATE=utf8mb4_unicode_ci;

--
-- Dumping data for table `tbltickets_status`
--

INSERT INTO `tbltickets_status` (`ticketstatusid`, `name`, `isdefault`, `statuscolor`, `statusorder`) VALUES
(1, 'New', 1, '#332ba5', 1),
(2, 'In progress', 1, '#22c55e', 2),
(3, 'Awaiting Reply', 1, '#2563eb', 3),
(4, 'On Hold', 1, '#64748b', 4),
(5, 'Closed', 1, '#03a9f4', 5),
(6, 'Pending HOD', 0, '#cc4b99', 6),
(7, 'Rejected by HOD', 0, '#b00505', 7),
(8, 'None Incident', 0, '#26b02a', 8);

-- --------------------------------------------------------

--
-- Table structure for table `tblticket_attachments`
--

CREATE TABLE `tblticket_attachments` (
  `id` int(11) NOT NULL,
  `ticketid` int(11) NOT NULL,
  `replyid` int(11) DEFAULT NULL,
  `file_name` varchar(191) NOT NULL,
  `filetype` varchar(50) DEFAULT NULL,
  `dateadded` datetime NOT NULL
) ENGINE=InnoDB DEFAULT CHARSET=utf8mb4 COLLATE=utf8mb4_unicode_ci;

-- --------------------------------------------------------

--
-- Table structure for table `tblticket_replies`
--

CREATE TABLE `tblticket_replies` (
  `id` int(11) NOT NULL,
  `ticketid` int(11) NOT NULL,
  `userid` int(11) DEFAULT NULL,
  `contactid` int(11) NOT NULL DEFAULT 0,
  `name` mediumtext DEFAULT NULL,
  `email` mediumtext DEFAULT NULL,
  `date` datetime NOT NULL,
  `message` mediumtext DEFAULT NULL,
  `attachment` int(11) DEFAULT NULL,
  `admin` int(11) DEFAULT NULL
) ENGINE=InnoDB DEFAULT CHARSET=utf8mb4 COLLATE=utf8mb4_unicode_ci;

-- --------------------------------------------------------

--
-- Table structure for table `tbltodos`
--

CREATE TABLE `tbltodos` (
  `todoid` int(11) NOT NULL,
  `description` mediumtext NOT NULL,
  `staffid` int(11) NOT NULL,
  `dateadded` datetime NOT NULL,
  `finished` tinyint(1) NOT NULL,
  `datefinished` datetime DEFAULT NULL,
  `item_order` int(11) DEFAULT NULL
) ENGINE=InnoDB DEFAULT CHARSET=utf8mb4 COLLATE=utf8mb4_unicode_ci;

--
-- Dumping data for table `tbltodos`
--

INSERT INTO `tbltodos` (`todoid`, `description`, `staffid`, `dateadded`, `finished`, `datefinished`, `item_order`) VALUES
(2, 'i need to declare by 31 Jan 2026', 4, '2026-01-16 11:32:35', 0, NULL, NULL),
(3, 'esfa', 115, '2026-03-04 11:15:32', 1, '2026-03-04 11:15:47', 1);

-- --------------------------------------------------------

--
-- Table structure for table `tbltracked_mails`
--

CREATE TABLE `tbltracked_mails` (
  `id` int(11) NOT NULL,
  `uid` varchar(32) NOT NULL,
  `rel_id` int(11) NOT NULL,
  `rel_type` varchar(40) NOT NULL,
  `date` datetime NOT NULL,
  `email` varchar(100) NOT NULL,
  `opened` tinyint(1) NOT NULL DEFAULT 0,
  `date_opened` datetime DEFAULT NULL,
  `subject` longtext DEFAULT NULL
) ENGINE=InnoDB DEFAULT CHARSET=utf8mb4 COLLATE=utf8mb4_unicode_ci;

-- --------------------------------------------------------

--
-- Table structure for table `tbltraining_allocation`
--

CREATE TABLE `tbltraining_allocation` (
  `id` int(11) NOT NULL,
  `training_process_id` varchar(100) NOT NULL,
  `staffid` int(11) DEFAULT NULL,
  `training_type` int(11) DEFAULT NULL,
  `date_add` datetime DEFAULT NULL,
  `training_name` varchar(150) DEFAULT NULL
) ENGINE=InnoDB DEFAULT CHARSET=utf8mb4 COLLATE=utf8mb4_unicode_ci;

-- --------------------------------------------------------

--
-- Table structure for table `tbltransfer_records_reception`
--

CREATE TABLE `tbltransfer_records_reception` (
  `id` int(10) UNSIGNED NOT NULL,
  `name` varchar(150) DEFAULT NULL,
  `meta` varchar(50) DEFAULT NULL,
  `staffid` int(11) DEFAULT NULL
) ENGINE=InnoDB DEFAULT CHARSET=utf8mb4 COLLATE=utf8mb4_unicode_ci;

-- --------------------------------------------------------

--
-- Table structure for table `tbltwocheckout_log`
--

CREATE TABLE `tbltwocheckout_log` (
  `id` int(10) UNSIGNED NOT NULL,
  `reference` varchar(64) NOT NULL,
  `invoice_id` int(11) NOT NULL,
  `amount` varchar(25) NOT NULL,
  `created_at` datetime NOT NULL,
  `attempt_reference` varchar(100) DEFAULT NULL
) ENGINE=InnoDB DEFAULT CHARSET=utf8mb4 COLLATE=utf8mb4_unicode_ci;

-- --------------------------------------------------------

--
-- Table structure for table `tbluser_auto_login`
--

CREATE TABLE `tbluser_auto_login` (
  `key_id` char(32) NOT NULL,
  `user_id` int(11) NOT NULL,
  `user_agent` varchar(150) NOT NULL,
  `last_ip` varchar(40) NOT NULL,
  `last_login` timestamp NOT NULL DEFAULT current_timestamp() ON UPDATE current_timestamp(),
  `staff` int(11) NOT NULL
) ENGINE=InnoDB DEFAULT CHARSET=utf8mb4 COLLATE=utf8mb4_unicode_ci;

--
-- Dumping data for table `tbluser_auto_login`
--

INSERT INTO `tbluser_auto_login` (`key_id`, `user_id`, `user_agent`, `last_ip`, `last_login`, `staff`) VALUES
('26289241d5c9643d61a9ee7cf3df7716', 115, 'Mozilla/5.0 (Windows NT 10.0; Win64; x64) AppleWebKit/537.36 (KHTML, like Gecko) Chrome/145.0.0.0 Safari/537.36 Edg/145.0.0.0', '172.16.150.1', '2026-03-04 02:52:30', 1);

-- --------------------------------------------------------

--
-- Table structure for table `tbluser_meta`
--

CREATE TABLE `tbluser_meta` (
  `umeta_id` bigint(20) UNSIGNED NOT NULL,
  `staff_id` bigint(20) UNSIGNED NOT NULL DEFAULT 0,
  `client_id` bigint(20) UNSIGNED NOT NULL DEFAULT 0,
  `contact_id` bigint(20) UNSIGNED NOT NULL DEFAULT 0,
  `meta_key` varchar(191) DEFAULT NULL,
  `meta_value` longtext DEFAULT NULL
) ENGINE=InnoDB DEFAULT CHARSET=utf8mb4 COLLATE=utf8mb4_unicode_ci;

--
-- Dumping data for table `tbluser_meta`
--

INSERT INTO `tbluser_meta` (`umeta_id`, `staff_id`, `client_id`, `contact_id`, `meta_key`, `meta_value`) VALUES
(6, 115, 0, 0, 'recent_searches', '[\"in\",\"inc\",\"inci\"]'),
(7, 49, 0, 0, 'recent_searches', '[]'),
(8, 116, 0, 0, 'recent_searches', '[\"thir\",\"in\",\"incid\"]'),
(9, 8, 0, 0, 'recent_searches', '[\"test\"]');

-- --------------------------------------------------------

--
-- Table structure for table `tblvault`
--

CREATE TABLE `tblvault` (
  `id` int(11) NOT NULL,
  `customer_id` int(11) NOT NULL,
  `server_address` varchar(191) NOT NULL,
  `port` int(11) DEFAULT NULL,
  `username` varchar(191) NOT NULL,
  `password` mediumtext NOT NULL,
  `description` mediumtext DEFAULT NULL,
  `creator` int(11) NOT NULL,
  `creator_name` varchar(100) DEFAULT NULL,
  `visibility` tinyint(1) NOT NULL DEFAULT 1,
  `share_in_projects` tinyint(1) NOT NULL DEFAULT 0,
  `last_updated` datetime DEFAULT NULL,
  `last_updated_from` varchar(100) DEFAULT NULL,
  `date_created` datetime NOT NULL
) ENGINE=InnoDB DEFAULT CHARSET=utf8mb4 COLLATE=utf8mb4_unicode_ci;

-- --------------------------------------------------------

--
-- Table structure for table `tblviews_tracking`
--

CREATE TABLE `tblviews_tracking` (
  `id` int(11) NOT NULL,
  `rel_id` int(11) NOT NULL,
  `rel_type` varchar(40) NOT NULL,
  `date` datetime NOT NULL,
  `view_ip` varchar(40) NOT NULL
) ENGINE=InnoDB DEFAULT CHARSET=utf8mb4 COLLATE=utf8mb4_unicode_ci;

-- --------------------------------------------------------

--
-- Table structure for table `tblweb_to_lead`
--

CREATE TABLE `tblweb_to_lead` (
  `id` int(11) NOT NULL,
  `form_key` varchar(32) NOT NULL,
  `lead_source` int(11) NOT NULL,
  `lead_status` int(11) NOT NULL,
  `notify_lead_imported` int(11) NOT NULL DEFAULT 1,
  `notify_type` varchar(20) DEFAULT NULL,
  `notify_ids` longtext DEFAULT NULL,
  `responsible` int(11) NOT NULL DEFAULT 0,
  `name` varchar(191) NOT NULL,
  `form_data` longtext DEFAULT NULL,
  `recaptcha` int(11) NOT NULL DEFAULT 0,
  `submit_btn_name` varchar(40) DEFAULT NULL,
  `submit_btn_text_color` varchar(10) DEFAULT '#ffffff',
  `submit_btn_bg_color` varchar(10) DEFAULT '#84c529',
  `success_submit_msg` mediumtext DEFAULT NULL,
  `submit_action` int(11) DEFAULT 0,
  `lead_name_prefix` varchar(255) DEFAULT NULL,
  `submit_redirect_url` longtext DEFAULT NULL,
  `language` varchar(40) DEFAULT NULL,
  `allow_duplicate` int(11) NOT NULL DEFAULT 1,
  `mark_public` int(11) NOT NULL DEFAULT 0,
  `track_duplicate_field` varchar(20) DEFAULT NULL,
  `track_duplicate_field_and` varchar(20) DEFAULT NULL,
  `create_task_on_duplicate` int(11) NOT NULL DEFAULT 0,
  `dateadded` datetime NOT NULL
) ENGINE=InnoDB DEFAULT CHARSET=utf8mb4 COLLATE=utf8mb4_unicode_ci;

--
-- Indexes for dumped tables
--

--
-- Indexes for table `tblactivity_log`
--
ALTER TABLE `tblactivity_log`
  ADD PRIMARY KEY (`id`),
  ADD KEY `staffid` (`staffid`);

--
-- Indexes for table `tblannouncements`
--
ALTER TABLE `tblannouncements`
  ADD PRIMARY KEY (`announcementid`);

--
-- Indexes for table `tblappmgr_appointee_availibility`
--
ALTER TABLE `tblappmgr_appointee_availibility`
  ADD PRIMARY KEY (`id`);

--
-- Indexes for table `tblappmgr_appointee_unavailibility`
--
ALTER TABLE `tblappmgr_appointee_unavailibility`
  ADD PRIMARY KEY (`id`);

--
-- Indexes for table `tblappmgr_appointies`
--
ALTER TABLE `tblappmgr_appointies`
  ADD PRIMARY KEY (`id`);

--
-- Indexes for table `tblappmgr_appointments`
--
ALTER TABLE `tblappmgr_appointments`
  ADD PRIMARY KEY (`id`),
  ADD KEY `appointer` (`appointer`);

--
-- Indexes for table `tblappmgr_appointment_status`
--
ALTER TABLE `tblappmgr_appointment_status`
  ADD PRIMARY KEY (`id`);

--
-- Indexes for table `tblappmgr_holidays`
--
ALTER TABLE `tblappmgr_holidays`
  ADD PRIMARY KEY (`id`),
  ADD KEY `added_by` (`added_by`);

--
-- Indexes for table `tblappmgr_locations`
--
ALTER TABLE `tblappmgr_locations`
  ADD PRIMARY KEY (`id`),
  ADD KEY `added_by` (`added_by`);

--
-- Indexes for table `tblappmgr_treatments`
--
ALTER TABLE `tblappmgr_treatments`
  ADD PRIMARY KEY (`id`);

--
-- Indexes for table `tblbonus_discipline`
--
ALTER TABLE `tblbonus_discipline`
  ADD PRIMARY KEY (`id`);

--
-- Indexes for table `tblbonus_discipline_detail`
--
ALTER TABLE `tblbonus_discipline_detail`
  ADD PRIMARY KEY (`id`);

--
-- Indexes for table `tblbooking`
--
ALTER TABLE `tblbooking`
  ADD PRIMARY KEY (`id`);

--
-- Indexes for table `tblbooking_follower`
--
ALTER TABLE `tblbooking_follower`
  ADD PRIMARY KEY (`follower_id`);

--
-- Indexes for table `tblchecklist`
--
ALTER TABLE `tblchecklist`
  ADD PRIMARY KEY (`id`);

--
-- Indexes for table `tblchecklist_allocation`
--
ALTER TABLE `tblchecklist_allocation`
  ADD PRIMARY KEY (`id`);

--
-- Indexes for table `tblclients`
--
ALTER TABLE `tblclients`
  ADD PRIMARY KEY (`userid`),
  ADD KEY `country` (`country`),
  ADD KEY `leadid` (`leadid`),
  ADD KEY `company` (`company`),
  ADD KEY `active` (`active`);

--
-- Indexes for table `tblconsents`
--
ALTER TABLE `tblconsents`
  ADD PRIMARY KEY (`id`),
  ADD KEY `purpose_id` (`purpose_id`),
  ADD KEY `contact_id` (`contact_id`),
  ADD KEY `lead_id` (`lead_id`);

--
-- Indexes for table `tblconsent_purposes`
--
ALTER TABLE `tblconsent_purposes`
  ADD PRIMARY KEY (`id`);

--
-- Indexes for table `tblcontacts`
--
ALTER TABLE `tblcontacts`
  ADD PRIMARY KEY (`id`),
  ADD KEY `userid` (`userid`),
  ADD KEY `firstname` (`firstname`),
  ADD KEY `lastname` (`lastname`),
  ADD KEY `email` (`email`),
  ADD KEY `is_primary` (`is_primary`);

--
-- Indexes for table `tblcontact_permissions`
--
ALTER TABLE `tblcontact_permissions`
  ADD PRIMARY KEY (`id`);

--
-- Indexes for table `tblcontracts`
--
ALTER TABLE `tblcontracts`
  ADD PRIMARY KEY (`id`),
  ADD KEY `client` (`client`),
  ADD KEY `contract_type` (`contract_type`);

--
-- Indexes for table `tblcontracts_types`
--
ALTER TABLE `tblcontracts_types`
  ADD PRIMARY KEY (`id`);

--
-- Indexes for table `tblcontract_comments`
--
ALTER TABLE `tblcontract_comments`
  ADD PRIMARY KEY (`id`);

--
-- Indexes for table `tblcontract_renewals`
--
ALTER TABLE `tblcontract_renewals`
  ADD PRIMARY KEY (`id`);

--
-- Indexes for table `tblcountries`
--
ALTER TABLE `tblcountries`
  ADD PRIMARY KEY (`country_id`);

--
-- Indexes for table `tblcreditnotes`
--
ALTER TABLE `tblcreditnotes`
  ADD PRIMARY KEY (`id`),
  ADD KEY `currency` (`currency`),
  ADD KEY `clientid` (`clientid`),
  ADD KEY `project_id` (`project_id`),
  ADD KEY `formatted_number` (`formatted_number`);

--
-- Indexes for table `tblcreditnote_refunds`
--
ALTER TABLE `tblcreditnote_refunds`
  ADD PRIMARY KEY (`id`);

--
-- Indexes for table `tblcredits`
--
ALTER TABLE `tblcredits`
  ADD PRIMARY KEY (`id`);

--
-- Indexes for table `tblcurrencies`
--
ALTER TABLE `tblcurrencies`
  ADD PRIMARY KEY (`id`);

--
-- Indexes for table `tblcustomers_groups`
--
ALTER TABLE `tblcustomers_groups`
  ADD PRIMARY KEY (`id`),
  ADD KEY `name` (`name`);

--
-- Indexes for table `tblcustomer_admins`
--
ALTER TABLE `tblcustomer_admins`
  ADD KEY `customer_id` (`customer_id`),
  ADD KEY `staff_id` (`staff_id`);

--
-- Indexes for table `tblcustomer_groups`
--
ALTER TABLE `tblcustomer_groups`
  ADD PRIMARY KEY (`id`),
  ADD KEY `groupid` (`groupid`),
  ADD KEY `customer_id` (`customer_id`);

--
-- Indexes for table `tblcustomfields`
--
ALTER TABLE `tblcustomfields`
  ADD PRIMARY KEY (`id`);

--
-- Indexes for table `tblcustomfieldsvalues`
--
ALTER TABLE `tblcustomfieldsvalues`
  ADD PRIMARY KEY (`id`),
  ADD KEY `relid` (`relid`),
  ADD KEY `fieldto` (`fieldto`),
  ADD KEY `fieldid` (`fieldid`);

--
-- Indexes for table `tbldepartments`
--
ALTER TABLE `tbldepartments`
  ADD PRIMARY KEY (`departmentid`),
  ADD KEY `name` (`name`);

--
-- Indexes for table `tbldismissed_announcements`
--
ALTER TABLE `tbldismissed_announcements`
  ADD PRIMARY KEY (`dismissedannouncementid`),
  ADD KEY `announcementid` (`announcementid`),
  ADD KEY `staff` (`staff`),
  ADD KEY `userid` (`userid`);

--
-- Indexes for table `tblemailtemplates`
--
ALTER TABLE `tblemailtemplates`
  ADD PRIMARY KEY (`emailtemplateid`);

--
-- Indexes for table `tblestimates`
--
ALTER TABLE `tblestimates`
  ADD PRIMARY KEY (`id`),
  ADD KEY `clientid` (`clientid`),
  ADD KEY `currency` (`currency`),
  ADD KEY `project_id` (`project_id`),
  ADD KEY `sale_agent` (`sale_agent`),
  ADD KEY `status` (`status`),
  ADD KEY `formatted_number` (`formatted_number`);

--
-- Indexes for table `tblestimate_requests`
--
ALTER TABLE `tblestimate_requests`
  ADD PRIMARY KEY (`id`);

--
-- Indexes for table `tblestimate_request_forms`
--
ALTER TABLE `tblestimate_request_forms`
  ADD PRIMARY KEY (`id`);

--
-- Indexes for table `tblestimate_request_status`
--
ALTER TABLE `tblestimate_request_status`
  ADD PRIMARY KEY (`id`);

--
-- Indexes for table `tblevents`
--
ALTER TABLE `tblevents`
  ADD PRIMARY KEY (`eventid`);

--
-- Indexes for table `tblexpenses`
--
ALTER TABLE `tblexpenses`
  ADD PRIMARY KEY (`id`),
  ADD KEY `clientid` (`clientid`),
  ADD KEY `project_id` (`project_id`),
  ADD KEY `category` (`category`),
  ADD KEY `currency` (`currency`);

--
-- Indexes for table `tblexpenses_categories`
--
ALTER TABLE `tblexpenses_categories`
  ADD PRIMARY KEY (`id`);

--
-- Indexes for table `tblfiles`
--
ALTER TABLE `tblfiles`
  ADD PRIMARY KEY (`id`),
  ADD KEY `rel_id` (`rel_id`),
  ADD KEY `rel_type` (`rel_type`);

--
-- Indexes for table `tblfilters`
--
ALTER TABLE `tblfilters`
  ADD PRIMARY KEY (`id`);

--
-- Indexes for table `tblfilter_defaults`
--
ALTER TABLE `tblfilter_defaults`
  ADD KEY `filter_id` (`filter_id`),
  ADD KEY `staff_id` (`staff_id`);

--
-- Indexes for table `tblform_questions`
--
ALTER TABLE `tblform_questions`
  ADD PRIMARY KEY (`questionid`);

--
-- Indexes for table `tblform_question_box`
--
ALTER TABLE `tblform_question_box`
  ADD PRIMARY KEY (`boxid`);

--
-- Indexes for table `tblform_question_box_description`
--
ALTER TABLE `tblform_question_box_description`
  ADD PRIMARY KEY (`questionboxdescriptionid`);

--
-- Indexes for table `tblform_results`
--
ALTER TABLE `tblform_results`
  ADD PRIMARY KEY (`resultid`);

--
-- Indexes for table `tblgdpr_requests`
--
ALTER TABLE `tblgdpr_requests`
  ADD PRIMARY KEY (`id`);

--
-- Indexes for table `tblgift_policy_statements`
--
ALTER TABLE `tblgift_policy_statements`
  ADD PRIMARY KEY (`id`),
  ADD KEY `staff_id` (`staff_id`),
  ADD KEY `signed_date` (`signed_date`);

--
-- Indexes for table `tblgroup_checklist`
--
ALTER TABLE `tblgroup_checklist`
  ADD PRIMARY KEY (`id`);

--
-- Indexes for table `tblgroup_checklist_allocation`
--
ALTER TABLE `tblgroup_checklist_allocation`
  ADD PRIMARY KEY (`id`);

--
-- Indexes for table `tblhc_reminder_log`
--
ALTER TABLE `tblhc_reminder_log`
  ADD PRIMARY KEY (`id`),
  ADD UNIQUE KEY `uniq_staff_year_date` (`staff_id`,`year`,`sent_date`),
  ADD KEY `idx_staff_year` (`staff_id`,`year`),
  ADD KEY `idx_last_sent_at` (`last_sent_at`);

--
-- Indexes for table `tblhr_allocation_asset`
--
ALTER TABLE `tblhr_allocation_asset`
  ADD PRIMARY KEY (`allocation_id`);

--
-- Indexes for table `tblhr_allowance_type`
--
ALTER TABLE `tblhr_allowance_type`
  ADD PRIMARY KEY (`type_id`);

--
-- Indexes for table `tblhr_checklist_allocation`
--
ALTER TABLE `tblhr_checklist_allocation`
  ADD PRIMARY KEY (`id`);

--
-- Indexes for table `tblhr_contract_template`
--
ALTER TABLE `tblhr_contract_template`
  ADD PRIMARY KEY (`id`);

--
-- Indexes for table `tblhr_dependent_person`
--
ALTER TABLE `tblhr_dependent_person`
  ADD PRIMARY KEY (`id`,`dependent_iden`);

--
-- Indexes for table `tblhr_education`
--
ALTER TABLE `tblhr_education`
  ADD PRIMARY KEY (`id`);

--
-- Indexes for table `tblhr_group_checklist_allocation`
--
ALTER TABLE `tblhr_group_checklist_allocation`
  ADD PRIMARY KEY (`id`);

--
-- Indexes for table `tblhr_job_p`
--
ALTER TABLE `tblhr_job_p`
  ADD PRIMARY KEY (`job_id`);

--
-- Indexes for table `tblhr_job_position`
--
ALTER TABLE `tblhr_job_position`
  ADD PRIMARY KEY (`position_id`);

--
-- Indexes for table `tblhr_jp_interview_training`
--
ALTER TABLE `tblhr_jp_interview_training`
  ADD PRIMARY KEY (`training_process_id`);

--
-- Indexes for table `tblhr_jp_salary_scale`
--
ALTER TABLE `tblhr_jp_salary_scale`
  ADD PRIMARY KEY (`salary_scale_id`);

--
-- Indexes for table `tblhr_knowedge_base_article_feedback`
--
ALTER TABLE `tblhr_knowedge_base_article_feedback`
  ADD PRIMARY KEY (`articleanswerid`);

--
-- Indexes for table `tblhr_knowledge_base`
--
ALTER TABLE `tblhr_knowledge_base`
  ADD PRIMARY KEY (`articleid`);

--
-- Indexes for table `tblhr_knowledge_base_groups`
--
ALTER TABLE `tblhr_knowledge_base_groups`
  ADD PRIMARY KEY (`groupid`);

--
-- Indexes for table `tblhr_list_staff_quitting_work`
--
ALTER TABLE `tblhr_list_staff_quitting_work`
  ADD PRIMARY KEY (`id`);

--
-- Indexes for table `tblhr_position_training`
--
ALTER TABLE `tblhr_position_training`
  ADD PRIMARY KEY (`training_id`);

--
-- Indexes for table `tblhr_position_training_question_form`
--
ALTER TABLE `tblhr_position_training_question_form`
  ADD PRIMARY KEY (`questionid`);

--
-- Indexes for table `tblhr_procedure_retire`
--
ALTER TABLE `tblhr_procedure_retire`
  ADD PRIMARY KEY (`id`);

--
-- Indexes for table `tblhr_procedure_retire_manage`
--
ALTER TABLE `tblhr_procedure_retire_manage`
  ADD PRIMARY KEY (`id`);

--
-- Indexes for table `tblhr_procedure_retire_of_staff`
--
ALTER TABLE `tblhr_procedure_retire_of_staff`
  ADD PRIMARY KEY (`id`);

--
-- Indexes for table `tblhr_procedure_retire_of_staff_by_id`
--
ALTER TABLE `tblhr_procedure_retire_of_staff_by_id`
  ADD PRIMARY KEY (`id`);

--
-- Indexes for table `tblhr_profile_option`
--
ALTER TABLE `tblhr_profile_option`
  ADD PRIMARY KEY (`option_id`);

--
-- Indexes for table `tblhr_p_t_form_question_box`
--
ALTER TABLE `tblhr_p_t_form_question_box`
  ADD PRIMARY KEY (`boxid`);

--
-- Indexes for table `tblhr_p_t_form_question_box_description`
--
ALTER TABLE `tblhr_p_t_form_question_box_description`
  ADD PRIMARY KEY (`questionboxdescriptionid`);

--
-- Indexes for table `tblhr_p_t_form_results`
--
ALTER TABLE `tblhr_p_t_form_results`
  ADD PRIMARY KEY (`resultid`);

--
-- Indexes for table `tblhr_p_t_surveyresultsets`
--
ALTER TABLE `tblhr_p_t_surveyresultsets`
  ADD PRIMARY KEY (`resultsetid`);

--
-- Indexes for table `tblhr_rec_transfer_records`
--
ALTER TABLE `tblhr_rec_transfer_records`
  ADD PRIMARY KEY (`id`);

--
-- Indexes for table `tblhr_salary_form`
--
ALTER TABLE `tblhr_salary_form`
  ADD PRIMARY KEY (`form_id`);

--
-- Indexes for table `tblhr_staff_contract`
--
ALTER TABLE `tblhr_staff_contract`
  ADD PRIMARY KEY (`id_contract`);

--
-- Indexes for table `tblhr_staff_contract_detail`
--
ALTER TABLE `tblhr_staff_contract_detail`
  ADD PRIMARY KEY (`contract_detail_id`);

--
-- Indexes for table `tblhr_staff_contract_type`
--
ALTER TABLE `tblhr_staff_contract_type`
  ADD PRIMARY KEY (`id_contracttype`);

--
-- Indexes for table `tblhr_training_allocation`
--
ALTER TABLE `tblhr_training_allocation`
  ADD PRIMARY KEY (`id`);

--
-- Indexes for table `tblhr_type_of_trainings`
--
ALTER TABLE `tblhr_type_of_trainings`
  ADD PRIMARY KEY (`id`);

--
-- Indexes for table `tblhr_views_tracking`
--
ALTER TABLE `tblhr_views_tracking`
  ADD PRIMARY KEY (`id`);

--
-- Indexes for table `tblhr_workplace`
--
ALTER TABLE `tblhr_workplace`
  ADD PRIMARY KEY (`id`);

--
-- Indexes for table `tblinvoicepaymentrecords`
--
ALTER TABLE `tblinvoicepaymentrecords`
  ADD PRIMARY KEY (`id`),
  ADD KEY `invoiceid` (`invoiceid`),
  ADD KEY `paymentmethod` (`paymentmethod`);

--
-- Indexes for table `tblinvoices`
--
ALTER TABLE `tblinvoices`
  ADD PRIMARY KEY (`id`),
  ADD KEY `currency` (`currency`),
  ADD KEY `clientid` (`clientid`),
  ADD KEY `project_id` (`project_id`),
  ADD KEY `sale_agent` (`sale_agent`),
  ADD KEY `total` (`total`),
  ADD KEY `status` (`status`),
  ADD KEY `formatted_number` (`formatted_number`);

--
-- Indexes for table `tblitemable`
--
ALTER TABLE `tblitemable`
  ADD PRIMARY KEY (`id`),
  ADD KEY `rel_id` (`rel_id`),
  ADD KEY `rel_type` (`rel_type`),
  ADD KEY `qty` (`qty`),
  ADD KEY `rate` (`rate`);

--
-- Indexes for table `tblitems`
--
ALTER TABLE `tblitems`
  ADD PRIMARY KEY (`id`),
  ADD KEY `tax` (`tax`),
  ADD KEY `tax2` (`tax2`),
  ADD KEY `group_id` (`group_id`);

--
-- Indexes for table `tblitems_groups`
--
ALTER TABLE `tblitems_groups`
  ADD PRIMARY KEY (`id`);

--
-- Indexes for table `tblitem_tax`
--
ALTER TABLE `tblitem_tax`
  ADD PRIMARY KEY (`id`),
  ADD KEY `itemid` (`itemid`),
  ADD KEY `rel_id` (`rel_id`);

--
-- Indexes for table `tblknowedge_base_article_feedback`
--
ALTER TABLE `tblknowedge_base_article_feedback`
  ADD PRIMARY KEY (`articleanswerid`);

--
-- Indexes for table `tblknowledge_base`
--
ALTER TABLE `tblknowledge_base`
  ADD PRIMARY KEY (`articleid`);

--
-- Indexes for table `tblknowledge_base_groups`
--
ALTER TABLE `tblknowledge_base_groups`
  ADD PRIMARY KEY (`groupid`);

--
-- Indexes for table `tblleads`
--
ALTER TABLE `tblleads`
  ADD PRIMARY KEY (`id`),
  ADD KEY `name` (`name`),
  ADD KEY `company` (`company`),
  ADD KEY `email` (`email`),
  ADD KEY `assigned` (`assigned`),
  ADD KEY `status` (`status`),
  ADD KEY `source` (`source`),
  ADD KEY `lastcontact` (`lastcontact`),
  ADD KEY `dateadded` (`dateadded`),
  ADD KEY `leadorder` (`leadorder`),
  ADD KEY `from_form_id` (`from_form_id`);

--
-- Indexes for table `tblleads_email_integration`
--
ALTER TABLE `tblleads_email_integration`
  ADD PRIMARY KEY (`id`);

--
-- Indexes for table `tblleads_sources`
--
ALTER TABLE `tblleads_sources`
  ADD PRIMARY KEY (`id`),
  ADD KEY `name` (`name`);

--
-- Indexes for table `tblleads_status`
--
ALTER TABLE `tblleads_status`
  ADD PRIMARY KEY (`id`),
  ADD KEY `name` (`name`);

--
-- Indexes for table `tbllead_activity_log`
--
ALTER TABLE `tbllead_activity_log`
  ADD PRIMARY KEY (`id`);

--
-- Indexes for table `tbllead_integration_emails`
--
ALTER TABLE `tbllead_integration_emails`
  ADD PRIMARY KEY (`id`);

--
-- Indexes for table `tblmail_queue`
--
ALTER TABLE `tblmail_queue`
  ADD PRIMARY KEY (`id`);

--
-- Indexes for table `tblmilestones`
--
ALTER TABLE `tblmilestones`
  ADD PRIMARY KEY (`id`);

--
-- Indexes for table `tblmodules`
--
ALTER TABLE `tblmodules`
  ADD PRIMARY KEY (`id`);

--
-- Indexes for table `tblnewsfeed_comment_likes`
--
ALTER TABLE `tblnewsfeed_comment_likes`
  ADD PRIMARY KEY (`id`);

--
-- Indexes for table `tblnewsfeed_posts`
--
ALTER TABLE `tblnewsfeed_posts`
  ADD PRIMARY KEY (`postid`);

--
-- Indexes for table `tblnewsfeed_post_comments`
--
ALTER TABLE `tblnewsfeed_post_comments`
  ADD PRIMARY KEY (`id`);

--
-- Indexes for table `tblnewsfeed_post_likes`
--
ALTER TABLE `tblnewsfeed_post_likes`
  ADD PRIMARY KEY (`id`);

--
-- Indexes for table `tblnotes`
--
ALTER TABLE `tblnotes`
  ADD PRIMARY KEY (`id`),
  ADD KEY `rel_id` (`rel_id`),
  ADD KEY `rel_type` (`rel_type`);

--
-- Indexes for table `tblnotifications`
--
ALTER TABLE `tblnotifications`
  ADD PRIMARY KEY (`id`);

--
-- Indexes for table `tbloptions`
--
ALTER TABLE `tbloptions`
  ADD PRIMARY KEY (`id`),
  ADD KEY `name` (`name`);

--
-- Indexes for table `tblpayment_attempts`
--
ALTER TABLE `tblpayment_attempts`
  ADD PRIMARY KEY (`id`);

--
-- Indexes for table `tblpayment_modes`
--
ALTER TABLE `tblpayment_modes`
  ADD PRIMARY KEY (`id`);

--
-- Indexes for table `tblpinned_projects`
--
ALTER TABLE `tblpinned_projects`
  ADD PRIMARY KEY (`id`),
  ADD KEY `project_id` (`project_id`);

--
-- Indexes for table `tblposition_training_question_form`
--
ALTER TABLE `tblposition_training_question_form`
  ADD PRIMARY KEY (`questionid`);

--
-- Indexes for table `tblprojectdiscussioncomments`
--
ALTER TABLE `tblprojectdiscussioncomments`
  ADD PRIMARY KEY (`id`);

--
-- Indexes for table `tblprojectdiscussions`
--
ALTER TABLE `tblprojectdiscussions`
  ADD PRIMARY KEY (`id`);

--
-- Indexes for table `tblprojects`
--
ALTER TABLE `tblprojects`
  ADD PRIMARY KEY (`id`),
  ADD KEY `clientid` (`clientid`),
  ADD KEY `name` (`name`);

--
-- Indexes for table `tblproject_activity`
--
ALTER TABLE `tblproject_activity`
  ADD PRIMARY KEY (`id`);

--
-- Indexes for table `tblproject_costing_approval_settings`
--
ALTER TABLE `tblproject_costing_approval_settings`
  ADD PRIMARY KEY (`id`);

--
-- Indexes for table `tblproject_costing_client_categories`
--
ALTER TABLE `tblproject_costing_client_categories`
  ADD PRIMARY KEY (`id`);

--
-- Indexes for table `tblproject_costing_engagement_types`
--
ALTER TABLE `tblproject_costing_engagement_types`
  ADD PRIMARY KEY (`id`),
  ADD KEY `client_category_id` (`client_category_id`);

--
-- Indexes for table `tblproject_costing_notifications`
--
ALTER TABLE `tblproject_costing_notifications`
  ADD PRIMARY KEY (`id`),
  ADD KEY `project_id` (`project_id`),
  ADD KEY `recipient_staff_id` (`recipient_staff_id`);

--
-- Indexes for table `tblproject_costing_projects`
--
ALTER TABLE `tblproject_costing_projects`
  ADD PRIMARY KEY (`id`);

--
-- Indexes for table `tblproject_costing_project_items`
--
ALTER TABLE `tblproject_costing_project_items`
  ADD PRIMARY KEY (`id`),
  ADD KEY `project_id` (`project_id`);

--
-- Indexes for table `tblproject_files`
--
ALTER TABLE `tblproject_files`
  ADD PRIMARY KEY (`id`);

--
-- Indexes for table `tblproject_members`
--
ALTER TABLE `tblproject_members`
  ADD PRIMARY KEY (`id`),
  ADD KEY `project_id` (`project_id`),
  ADD KEY `staff_id` (`staff_id`);

--
-- Indexes for table `tblproject_notes`
--
ALTER TABLE `tblproject_notes`
  ADD PRIMARY KEY (`id`);

--
-- Indexes for table `tblproject_settings`
--
ALTER TABLE `tblproject_settings`
  ADD PRIMARY KEY (`id`),
  ADD KEY `project_id` (`project_id`);

--
-- Indexes for table `tblproposals`
--
ALTER TABLE `tblproposals`
  ADD PRIMARY KEY (`id`),
  ADD KEY `status` (`status`);

--
-- Indexes for table `tblproposal_comments`
--
ALTER TABLE `tblproposal_comments`
  ADD PRIMARY KEY (`id`);

--
-- Indexes for table `tblp_t_form_question_box_description`
--
ALTER TABLE `tblp_t_form_question_box_description`
  ADD PRIMARY KEY (`questionboxdescriptionid`);

--
-- Indexes for table `tblrecords_meta`
--
ALTER TABLE `tblrecords_meta`
  ADD PRIMARY KEY (`id`);

--
-- Indexes for table `tblrec_criteria`
--
ALTER TABLE `tblrec_criteria`
  ADD PRIMARY KEY (`criteria_id`);

--
-- Indexes for table `tblrec_job_position`
--
ALTER TABLE `tblrec_job_position`
  ADD PRIMARY KEY (`position_id`);

--
-- Indexes for table `tblrec_set_transfer_record`
--
ALTER TABLE `tblrec_set_transfer_record`
  ADD PRIMARY KEY (`set_id`);

--
-- Indexes for table `tblrec_transfer_records`
--
ALTER TABLE `tblrec_transfer_records`
  ADD PRIMARY KEY (`id`);

--
-- Indexes for table `tblrelated_items`
--
ALTER TABLE `tblrelated_items`
  ADD PRIMARY KEY (`id`);

--
-- Indexes for table `tblreminders`
--
ALTER TABLE `tblreminders`
  ADD PRIMARY KEY (`id`),
  ADD KEY `rel_id` (`rel_id`),
  ADD KEY `rel_type` (`rel_type`),
  ADD KEY `staff` (`staff`);

--
-- Indexes for table `tblresource`
--
ALTER TABLE `tblresource`
  ADD PRIMARY KEY (`id`);

--
-- Indexes for table `tblresource_group`
--
ALTER TABLE `tblresource_group`
  ADD PRIMARY KEY (`id`);

--
-- Indexes for table `tblroles`
--
ALTER TABLE `tblroles`
  ADD PRIMARY KEY (`roleid`);

--
-- Indexes for table `tblsales_activity`
--
ALTER TABLE `tblsales_activity`
  ADD PRIMARY KEY (`id`);

--
-- Indexes for table `tblscheduled_emails`
--
ALTER TABLE `tblscheduled_emails`
  ADD PRIMARY KEY (`id`);

--
-- Indexes for table `tblservices`
--
ALTER TABLE `tblservices`
  ADD PRIMARY KEY (`serviceid`);

--
-- Indexes for table `tblsessions`
--
ALTER TABLE `tblsessions`
  ADD PRIMARY KEY (`id`),
  ADD KEY `ci_sessions_timestamp` (`timestamp`);

--
-- Indexes for table `tblsetting_asset_allocation`
--
ALTER TABLE `tblsetting_asset_allocation`
  ADD PRIMARY KEY (`id`);

--
-- Indexes for table `tblsetting_training`
--
ALTER TABLE `tblsetting_training`
  ADD PRIMARY KEY (`id`);

--
-- Indexes for table `tblsetting_transfer_records`
--
ALTER TABLE `tblsetting_transfer_records`
  ADD PRIMARY KEY (`id`);

--
-- Indexes for table `tblspam_filters`
--
ALTER TABLE `tblspam_filters`
  ADD PRIMARY KEY (`id`);

--
-- Indexes for table `tblstaff`
--
ALTER TABLE `tblstaff`
  ADD PRIMARY KEY (`staffid`),
  ADD KEY `firstname` (`firstname`),
  ADD KEY `lastname` (`lastname`);

--
-- Indexes for table `tblstaff_departments`
--
ALTER TABLE `tblstaff_departments`
  ADD PRIMARY KEY (`staffdepartmentid`);

--
-- Indexes for table `tblsubscriptions`
--
ALTER TABLE `tblsubscriptions`
  ADD PRIMARY KEY (`id`),
  ADD KEY `clientid` (`clientid`),
  ADD KEY `currency` (`currency`),
  ADD KEY `tax_id` (`tax_id`);

--
-- Indexes for table `tbltaggables`
--
ALTER TABLE `tbltaggables`
  ADD KEY `rel_id` (`rel_id`),
  ADD KEY `rel_type` (`rel_type`),
  ADD KEY `tag_id` (`tag_id`);

--
-- Indexes for table `tbltags`
--
ALTER TABLE `tbltags`
  ADD PRIMARY KEY (`id`),
  ADD KEY `name` (`name`);

--
-- Indexes for table `tbltasks`
--
ALTER TABLE `tbltasks`
  ADD PRIMARY KEY (`id`),
  ADD KEY `rel_id` (`rel_id`),
  ADD KEY `rel_type` (`rel_type`),
  ADD KEY `milestone` (`milestone`),
  ADD KEY `kanban_order` (`kanban_order`),
  ADD KEY `status` (`status`);

--
-- Indexes for table `tbltaskstimers`
--
ALTER TABLE `tbltaskstimers`
  ADD PRIMARY KEY (`id`),
  ADD KEY `task_id` (`task_id`),
  ADD KEY `staff_id` (`staff_id`);

--
-- Indexes for table `tbltasks_checklist_templates`
--
ALTER TABLE `tbltasks_checklist_templates`
  ADD PRIMARY KEY (`id`);

--
-- Indexes for table `tbltask_assigned`
--
ALTER TABLE `tbltask_assigned`
  ADD PRIMARY KEY (`id`),
  ADD KEY `taskid` (`taskid`),
  ADD KEY `staffid` (`staffid`);

--
-- Indexes for table `tbltask_checklist_items`
--
ALTER TABLE `tbltask_checklist_items`
  ADD PRIMARY KEY (`id`),
  ADD KEY `taskid` (`taskid`);

--
-- Indexes for table `tbltask_comments`
--
ALTER TABLE `tbltask_comments`
  ADD PRIMARY KEY (`id`),
  ADD KEY `file_id` (`file_id`),
  ADD KEY `taskid` (`taskid`);

--
-- Indexes for table `tbltask_followers`
--
ALTER TABLE `tbltask_followers`
  ADD PRIMARY KEY (`id`);

--
-- Indexes for table `tbltaxes`
--
ALTER TABLE `tbltaxes`
  ADD PRIMARY KEY (`id`);

--
-- Indexes for table `tbltemplates`
--
ALTER TABLE `tbltemplates`
  ADD PRIMARY KEY (`id`);

--
-- Indexes for table `tbltickets`
--
ALTER TABLE `tbltickets`
  ADD PRIMARY KEY (`ticketid`),
  ADD UNIQUE KEY `uniq_ticket_ref` (`ref`),
  ADD KEY `service` (`service`),
  ADD KEY `department` (`department`),
  ADD KEY `status` (`status`),
  ADD KEY `userid` (`userid`),
  ADD KEY `priority` (`priority`),
  ADD KEY `project_id` (`project_id`),
  ADD KEY `contactid` (`contactid`);

--
-- Indexes for table `tbltickets_pipe_log`
--
ALTER TABLE `tbltickets_pipe_log`
  ADD PRIMARY KEY (`id`);

--
-- Indexes for table `tbltickets_predefined_replies`
--
ALTER TABLE `tbltickets_predefined_replies`
  ADD PRIMARY KEY (`id`);

--
-- Indexes for table `tbltickets_priorities`
--
ALTER TABLE `tbltickets_priorities`
  ADD PRIMARY KEY (`priorityid`);

--
-- Indexes for table `tbltickets_status`
--
ALTER TABLE `tbltickets_status`
  ADD PRIMARY KEY (`ticketstatusid`);

--
-- Indexes for table `tblticket_attachments`
--
ALTER TABLE `tblticket_attachments`
  ADD PRIMARY KEY (`id`);

--
-- Indexes for table `tblticket_replies`
--
ALTER TABLE `tblticket_replies`
  ADD PRIMARY KEY (`id`);

--
-- Indexes for table `tbltodos`
--
ALTER TABLE `tbltodos`
  ADD PRIMARY KEY (`todoid`);

--
-- Indexes for table `tbltracked_mails`
--
ALTER TABLE `tbltracked_mails`
  ADD PRIMARY KEY (`id`);

--
-- Indexes for table `tbltraining_allocation`
--
ALTER TABLE `tbltraining_allocation`
  ADD PRIMARY KEY (`id`);

--
-- Indexes for table `tbltransfer_records_reception`
--
ALTER TABLE `tbltransfer_records_reception`
  ADD PRIMARY KEY (`id`);

--
-- Indexes for table `tbltwocheckout_log`
--
ALTER TABLE `tbltwocheckout_log`
  ADD PRIMARY KEY (`id`),
  ADD KEY `invoice_id` (`invoice_id`);

--
-- Indexes for table `tbluser_meta`
--
ALTER TABLE `tbluser_meta`
  ADD PRIMARY KEY (`umeta_id`);

--
-- Indexes for table `tblvault`
--
ALTER TABLE `tblvault`
  ADD PRIMARY KEY (`id`);

--
-- Indexes for table `tblviews_tracking`
--
ALTER TABLE `tblviews_tracking`
  ADD PRIMARY KEY (`id`);

--
-- Indexes for table `tblweb_to_lead`
--
ALTER TABLE `tblweb_to_lead`
  ADD PRIMARY KEY (`id`);

--
-- AUTO_INCREMENT for dumped tables
--

--
-- AUTO_INCREMENT for table `tblactivity_log`
--
ALTER TABLE `tblactivity_log`
  MODIFY `id` int(11) NOT NULL AUTO_INCREMENT, AUTO_INCREMENT=4682;

--
-- AUTO_INCREMENT for table `tblannouncements`
--
ALTER TABLE `tblannouncements`
  MODIFY `announcementid` int(11) NOT NULL AUTO_INCREMENT, AUTO_INCREMENT=6;

--
-- AUTO_INCREMENT for table `tblappmgr_appointee_availibility`
--
ALTER TABLE `tblappmgr_appointee_availibility`
  MODIFY `id` int(11) NOT NULL AUTO_INCREMENT, AUTO_INCREMENT=2;

--
-- AUTO_INCREMENT for table `tblappmgr_appointee_unavailibility`
--
ALTER TABLE `tblappmgr_appointee_unavailibility`
  MODIFY `id` int(11) NOT NULL AUTO_INCREMENT;

--
-- AUTO_INCREMENT for table `tblappmgr_appointies`
--
ALTER TABLE `tblappmgr_appointies`
  MODIFY `id` int(11) NOT NULL AUTO_INCREMENT, AUTO_INCREMENT=2;

--
-- AUTO_INCREMENT for table `tblappmgr_appointments`
--
ALTER TABLE `tblappmgr_appointments`
  MODIFY `id` int(11) NOT NULL AUTO_INCREMENT, AUTO_INCREMENT=29;

--
-- AUTO_INCREMENT for table `tblappmgr_appointment_status`
--
ALTER TABLE `tblappmgr_appointment_status`
  MODIFY `id` int(11) NOT NULL AUTO_INCREMENT, AUTO_INCREMENT=6;

--
-- AUTO_INCREMENT for table `tblappmgr_holidays`
--
ALTER TABLE `tblappmgr_holidays`
  MODIFY `id` int(11) NOT NULL AUTO_INCREMENT;

--
-- AUTO_INCREMENT for table `tblappmgr_locations`
--
ALTER TABLE `tblappmgr_locations`
  MODIFY `id` int(11) NOT NULL AUTO_INCREMENT, AUTO_INCREMENT=5;

--
-- AUTO_INCREMENT for table `tblappmgr_treatments`
--
ALTER TABLE `tblappmgr_treatments`
  MODIFY `id` int(11) NOT NULL AUTO_INCREMENT, AUTO_INCREMENT=4;

--
-- AUTO_INCREMENT for table `tblbonus_discipline`
--
ALTER TABLE `tblbonus_discipline`
  MODIFY `id` int(10) UNSIGNED NOT NULL AUTO_INCREMENT;

--
-- AUTO_INCREMENT for table `tblbonus_discipline_detail`
--
ALTER TABLE `tblbonus_discipline_detail`
  MODIFY `id` int(10) UNSIGNED NOT NULL AUTO_INCREMENT;

--
-- AUTO_INCREMENT for table `tblbooking`
--
ALTER TABLE `tblbooking`
  MODIFY `id` int(11) NOT NULL AUTO_INCREMENT;

--
-- AUTO_INCREMENT for table `tblbooking_follower`
--
ALTER TABLE `tblbooking_follower`
  MODIFY `follower_id` int(11) NOT NULL AUTO_INCREMENT;

--
-- AUTO_INCREMENT for table `tblchecklist`
--
ALTER TABLE `tblchecklist`
  MODIFY `id` int(11) NOT NULL AUTO_INCREMENT;

--
-- AUTO_INCREMENT for table `tblchecklist_allocation`
--
ALTER TABLE `tblchecklist_allocation`
  MODIFY `id` int(11) NOT NULL AUTO_INCREMENT;

--
-- AUTO_INCREMENT for table `tblclients`
--
ALTER TABLE `tblclients`
  MODIFY `userid` int(11) NOT NULL AUTO_INCREMENT;

--
-- AUTO_INCREMENT for table `tblconsents`
--
ALTER TABLE `tblconsents`
  MODIFY `id` int(11) NOT NULL AUTO_INCREMENT;

--
-- AUTO_INCREMENT for table `tblconsent_purposes`
--
ALTER TABLE `tblconsent_purposes`
  MODIFY `id` int(11) NOT NULL AUTO_INCREMENT;

--
-- AUTO_INCREMENT for table `tblcontacts`
--
ALTER TABLE `tblcontacts`
  MODIFY `id` int(11) NOT NULL AUTO_INCREMENT;

--
-- AUTO_INCREMENT for table `tblcontact_permissions`
--
ALTER TABLE `tblcontact_permissions`
  MODIFY `id` int(11) NOT NULL AUTO_INCREMENT;

--
-- AUTO_INCREMENT for table `tblcontracts`
--
ALTER TABLE `tblcontracts`
  MODIFY `id` int(11) NOT NULL AUTO_INCREMENT;

--
-- AUTO_INCREMENT for table `tblcontracts_types`
--
ALTER TABLE `tblcontracts_types`
  MODIFY `id` int(11) NOT NULL AUTO_INCREMENT;

--
-- AUTO_INCREMENT for table `tblcontract_comments`
--
ALTER TABLE `tblcontract_comments`
  MODIFY `id` int(11) NOT NULL AUTO_INCREMENT;

--
-- AUTO_INCREMENT for table `tblcontract_renewals`
--
ALTER TABLE `tblcontract_renewals`
  MODIFY `id` int(11) NOT NULL AUTO_INCREMENT;

--
-- AUTO_INCREMENT for table `tblcountries`
--
ALTER TABLE `tblcountries`
  MODIFY `country_id` int(11) NOT NULL AUTO_INCREMENT, AUTO_INCREMENT=251;

--
-- AUTO_INCREMENT for table `tblcreditnotes`
--
ALTER TABLE `tblcreditnotes`
  MODIFY `id` int(11) NOT NULL AUTO_INCREMENT;

--
-- AUTO_INCREMENT for table `tblcreditnote_refunds`
--
ALTER TABLE `tblcreditnote_refunds`
  MODIFY `id` int(11) NOT NULL AUTO_INCREMENT;

--
-- AUTO_INCREMENT for table `tblcredits`
--
ALTER TABLE `tblcredits`
  MODIFY `id` int(11) NOT NULL AUTO_INCREMENT;

--
-- AUTO_INCREMENT for table `tblcurrencies`
--
ALTER TABLE `tblcurrencies`
  MODIFY `id` int(11) NOT NULL AUTO_INCREMENT, AUTO_INCREMENT=3;

--
-- AUTO_INCREMENT for table `tblcustomers_groups`
--
ALTER TABLE `tblcustomers_groups`
  MODIFY `id` int(11) NOT NULL AUTO_INCREMENT;

--
-- AUTO_INCREMENT for table `tblcustomer_groups`
--
ALTER TABLE `tblcustomer_groups`
  MODIFY `id` int(11) NOT NULL AUTO_INCREMENT;

--
-- AUTO_INCREMENT for table `tblcustomfields`
--
ALTER TABLE `tblcustomfields`
  MODIFY `id` int(11) NOT NULL AUTO_INCREMENT;

--
-- AUTO_INCREMENT for table `tblcustomfieldsvalues`
--
ALTER TABLE `tblcustomfieldsvalues`
  MODIFY `id` int(11) NOT NULL AUTO_INCREMENT;

--
-- AUTO_INCREMENT for table `tbldepartments`
--
ALTER TABLE `tbldepartments`
  MODIFY `departmentid` int(11) NOT NULL AUTO_INCREMENT, AUTO_INCREMENT=18;

--
-- AUTO_INCREMENT for table `tbldismissed_announcements`
--
ALTER TABLE `tbldismissed_announcements`
  MODIFY `dismissedannouncementid` int(11) NOT NULL AUTO_INCREMENT, AUTO_INCREMENT=185;

--
-- AUTO_INCREMENT for table `tblemailtemplates`
--
ALTER TABLE `tblemailtemplates`
  MODIFY `emailtemplateid` int(11) NOT NULL AUTO_INCREMENT, AUTO_INCREMENT=2280;

--
-- AUTO_INCREMENT for table `tblestimates`
--
ALTER TABLE `tblestimates`
  MODIFY `id` int(11) NOT NULL AUTO_INCREMENT;

--
-- AUTO_INCREMENT for table `tblestimate_requests`
--
ALTER TABLE `tblestimate_requests`
  MODIFY `id` int(10) UNSIGNED NOT NULL AUTO_INCREMENT;

--
-- AUTO_INCREMENT for table `tblestimate_request_forms`
--
ALTER TABLE `tblestimate_request_forms`
  MODIFY `id` int(10) UNSIGNED NOT NULL AUTO_INCREMENT;

--
-- AUTO_INCREMENT for table `tblestimate_request_status`
--
ALTER TABLE `tblestimate_request_status`
  MODIFY `id` int(10) UNSIGNED NOT NULL AUTO_INCREMENT, AUTO_INCREMENT=4;

--
-- AUTO_INCREMENT for table `tblevents`
--
ALTER TABLE `tblevents`
  MODIFY `eventid` int(11) NOT NULL AUTO_INCREMENT;

--
-- AUTO_INCREMENT for table `tblexpenses`
--
ALTER TABLE `tblexpenses`
  MODIFY `id` int(11) NOT NULL AUTO_INCREMENT;

--
-- AUTO_INCREMENT for table `tblexpenses_categories`
--
ALTER TABLE `tblexpenses_categories`
  MODIFY `id` int(11) NOT NULL AUTO_INCREMENT;

--
-- AUTO_INCREMENT for table `tblfiles`
--
ALTER TABLE `tblfiles`
  MODIFY `id` int(11) NOT NULL AUTO_INCREMENT;

--
-- AUTO_INCREMENT for table `tblfilters`
--
ALTER TABLE `tblfilters`
  MODIFY `id` int(10) UNSIGNED NOT NULL AUTO_INCREMENT;

--
-- AUTO_INCREMENT for table `tblform_questions`
--
ALTER TABLE `tblform_questions`
  MODIFY `questionid` int(11) NOT NULL AUTO_INCREMENT;

--
-- AUTO_INCREMENT for table `tblform_question_box`
--
ALTER TABLE `tblform_question_box`
  MODIFY `boxid` int(11) NOT NULL AUTO_INCREMENT;

--
-- AUTO_INCREMENT for table `tblform_question_box_description`
--
ALTER TABLE `tblform_question_box_description`
  MODIFY `questionboxdescriptionid` int(11) NOT NULL AUTO_INCREMENT;

--
-- AUTO_INCREMENT for table `tblform_results`
--
ALTER TABLE `tblform_results`
  MODIFY `resultid` int(11) NOT NULL AUTO_INCREMENT;

--
-- AUTO_INCREMENT for table `tblgdpr_requests`
--
ALTER TABLE `tblgdpr_requests`
  MODIFY `id` int(11) NOT NULL AUTO_INCREMENT;

--
-- AUTO_INCREMENT for table `tblgift_policy_statements`
--
ALTER TABLE `tblgift_policy_statements`
  MODIFY `id` int(11) NOT NULL AUTO_INCREMENT, AUTO_INCREMENT=13;

--
-- AUTO_INCREMENT for table `tblgroup_checklist`
--
ALTER TABLE `tblgroup_checklist`
  MODIFY `id` int(11) NOT NULL AUTO_INCREMENT;

--
-- AUTO_INCREMENT for table `tblgroup_checklist_allocation`
--
ALTER TABLE `tblgroup_checklist_allocation`
  MODIFY `id` int(11) NOT NULL AUTO_INCREMENT;

--
-- AUTO_INCREMENT for table `tblhc_reminder_log`
--
ALTER TABLE `tblhc_reminder_log`
  MODIFY `id` int(10) UNSIGNED NOT NULL AUTO_INCREMENT, AUTO_INCREMENT=23580;

--
-- AUTO_INCREMENT for table `tblhr_allocation_asset`
--
ALTER TABLE `tblhr_allocation_asset`
  MODIFY `allocation_id` int(10) UNSIGNED NOT NULL AUTO_INCREMENT;

--
-- AUTO_INCREMENT for table `tblhr_allowance_type`
--
ALTER TABLE `tblhr_allowance_type`
  MODIFY `type_id` int(10) UNSIGNED NOT NULL AUTO_INCREMENT;

--
-- AUTO_INCREMENT for table `tblhr_checklist_allocation`
--
ALTER TABLE `tblhr_checklist_allocation`
  MODIFY `id` int(11) NOT NULL AUTO_INCREMENT;

--
-- AUTO_INCREMENT for table `tblhr_contract_template`
--
ALTER TABLE `tblhr_contract_template`
  MODIFY `id` int(11) NOT NULL AUTO_INCREMENT;

--
-- AUTO_INCREMENT for table `tblhr_dependent_person`
--
ALTER TABLE `tblhr_dependent_person`
  MODIFY `id` int(10) UNSIGNED NOT NULL AUTO_INCREMENT;

--
-- AUTO_INCREMENT for table `tblhr_education`
--
ALTER TABLE `tblhr_education`
  MODIFY `id` int(11) NOT NULL AUTO_INCREMENT;

--
-- AUTO_INCREMENT for table `tblhr_group_checklist_allocation`
--
ALTER TABLE `tblhr_group_checklist_allocation`
  MODIFY `id` int(11) NOT NULL AUTO_INCREMENT;

--
-- AUTO_INCREMENT for table `tblhr_job_p`
--
ALTER TABLE `tblhr_job_p`
  MODIFY `job_id` int(10) UNSIGNED NOT NULL AUTO_INCREMENT;

--
-- AUTO_INCREMENT for table `tblhr_job_position`
--
ALTER TABLE `tblhr_job_position`
  MODIFY `position_id` int(10) UNSIGNED NOT NULL AUTO_INCREMENT;

--
-- AUTO_INCREMENT for table `tblhr_jp_interview_training`
--
ALTER TABLE `tblhr_jp_interview_training`
  MODIFY `training_process_id` int(10) UNSIGNED NOT NULL AUTO_INCREMENT;

--
-- AUTO_INCREMENT for table `tblhr_jp_salary_scale`
--
ALTER TABLE `tblhr_jp_salary_scale`
  MODIFY `salary_scale_id` int(10) UNSIGNED NOT NULL AUTO_INCREMENT;

--
-- AUTO_INCREMENT for table `tblhr_knowedge_base_article_feedback`
--
ALTER TABLE `tblhr_knowedge_base_article_feedback`
  MODIFY `articleanswerid` int(11) NOT NULL AUTO_INCREMENT;

--
-- AUTO_INCREMENT for table `tblhr_knowledge_base`
--
ALTER TABLE `tblhr_knowledge_base`
  MODIFY `articleid` int(11) NOT NULL AUTO_INCREMENT;

--
-- AUTO_INCREMENT for table `tblhr_knowledge_base_groups`
--
ALTER TABLE `tblhr_knowledge_base_groups`
  MODIFY `groupid` int(11) NOT NULL AUTO_INCREMENT;

--
-- AUTO_INCREMENT for table `tblhr_list_staff_quitting_work`
--
ALTER TABLE `tblhr_list_staff_quitting_work`
  MODIFY `id` int(11) NOT NULL AUTO_INCREMENT;

--
-- AUTO_INCREMENT for table `tblhr_position_training`
--
ALTER TABLE `tblhr_position_training`
  MODIFY `training_id` int(11) NOT NULL AUTO_INCREMENT;

--
-- AUTO_INCREMENT for table `tblhr_position_training_question_form`
--
ALTER TABLE `tblhr_position_training_question_form`
  MODIFY `questionid` int(11) NOT NULL AUTO_INCREMENT;

--
-- AUTO_INCREMENT for table `tblhr_procedure_retire`
--
ALTER TABLE `tblhr_procedure_retire`
  MODIFY `id` int(11) NOT NULL AUTO_INCREMENT;

--
-- AUTO_INCREMENT for table `tblhr_procedure_retire_manage`
--
ALTER TABLE `tblhr_procedure_retire_manage`
  MODIFY `id` int(10) UNSIGNED NOT NULL AUTO_INCREMENT;

--
-- AUTO_INCREMENT for table `tblhr_procedure_retire_of_staff`
--
ALTER TABLE `tblhr_procedure_retire_of_staff`
  MODIFY `id` int(11) NOT NULL AUTO_INCREMENT;

--
-- AUTO_INCREMENT for table `tblhr_procedure_retire_of_staff_by_id`
--
ALTER TABLE `tblhr_procedure_retire_of_staff_by_id`
  MODIFY `id` int(11) NOT NULL AUTO_INCREMENT;

--
-- AUTO_INCREMENT for table `tblhr_profile_option`
--
ALTER TABLE `tblhr_profile_option`
  MODIFY `option_id` int(10) UNSIGNED NOT NULL AUTO_INCREMENT, AUTO_INCREMENT=7;

--
-- AUTO_INCREMENT for table `tblhr_p_t_form_question_box`
--
ALTER TABLE `tblhr_p_t_form_question_box`
  MODIFY `boxid` int(11) NOT NULL AUTO_INCREMENT;

--
-- AUTO_INCREMENT for table `tblhr_p_t_form_question_box_description`
--
ALTER TABLE `tblhr_p_t_form_question_box_description`
  MODIFY `questionboxdescriptionid` int(11) NOT NULL AUTO_INCREMENT;

--
-- AUTO_INCREMENT for table `tblhr_p_t_form_results`
--
ALTER TABLE `tblhr_p_t_form_results`
  MODIFY `resultid` int(11) NOT NULL AUTO_INCREMENT;

--
-- AUTO_INCREMENT for table `tblhr_p_t_surveyresultsets`
--
ALTER TABLE `tblhr_p_t_surveyresultsets`
  MODIFY `resultsetid` int(11) NOT NULL AUTO_INCREMENT;

--
-- AUTO_INCREMENT for table `tblhr_rec_transfer_records`
--
ALTER TABLE `tblhr_rec_transfer_records`
  MODIFY `id` int(10) UNSIGNED NOT NULL AUTO_INCREMENT;

--
-- AUTO_INCREMENT for table `tblhr_salary_form`
--
ALTER TABLE `tblhr_salary_form`
  MODIFY `form_id` int(10) UNSIGNED NOT NULL AUTO_INCREMENT;

--
-- AUTO_INCREMENT for table `tblhr_staff_contract`
--
ALTER TABLE `tblhr_staff_contract`
  MODIFY `id_contract` int(10) UNSIGNED NOT NULL AUTO_INCREMENT;

--
-- AUTO_INCREMENT for table `tblhr_staff_contract_detail`
--
ALTER TABLE `tblhr_staff_contract_detail`
  MODIFY `contract_detail_id` int(10) UNSIGNED NOT NULL AUTO_INCREMENT;

--
-- AUTO_INCREMENT for table `tblhr_staff_contract_type`
--
ALTER TABLE `tblhr_staff_contract_type`
  MODIFY `id_contracttype` int(10) UNSIGNED NOT NULL AUTO_INCREMENT;

--
-- AUTO_INCREMENT for table `tblhr_training_allocation`
--
ALTER TABLE `tblhr_training_allocation`
  MODIFY `id` int(11) NOT NULL AUTO_INCREMENT;

--
-- AUTO_INCREMENT for table `tblhr_type_of_trainings`
--
ALTER TABLE `tblhr_type_of_trainings`
  MODIFY `id` int(11) NOT NULL AUTO_INCREMENT, AUTO_INCREMENT=2;

--
-- AUTO_INCREMENT for table `tblhr_views_tracking`
--
ALTER TABLE `tblhr_views_tracking`
  MODIFY `id` int(11) NOT NULL AUTO_INCREMENT;

--
-- AUTO_INCREMENT for table `tblhr_workplace`
--
ALTER TABLE `tblhr_workplace`
  MODIFY `id` int(10) UNSIGNED NOT NULL AUTO_INCREMENT;

--
-- AUTO_INCREMENT for table `tblinvoicepaymentrecords`
--
ALTER TABLE `tblinvoicepaymentrecords`
  MODIFY `id` int(11) NOT NULL AUTO_INCREMENT;

--
-- AUTO_INCREMENT for table `tblinvoices`
--
ALTER TABLE `tblinvoices`
  MODIFY `id` int(11) NOT NULL AUTO_INCREMENT;

--
-- AUTO_INCREMENT for table `tblitemable`
--
ALTER TABLE `tblitemable`
  MODIFY `id` int(11) NOT NULL AUTO_INCREMENT;

--
-- AUTO_INCREMENT for table `tblitems`
--
ALTER TABLE `tblitems`
  MODIFY `id` int(11) NOT NULL AUTO_INCREMENT;

--
-- AUTO_INCREMENT for table `tblitems_groups`
--
ALTER TABLE `tblitems_groups`
  MODIFY `id` int(11) NOT NULL AUTO_INCREMENT;

--
-- AUTO_INCREMENT for table `tblitem_tax`
--
ALTER TABLE `tblitem_tax`
  MODIFY `id` int(11) NOT NULL AUTO_INCREMENT;

--
-- AUTO_INCREMENT for table `tblknowedge_base_article_feedback`
--
ALTER TABLE `tblknowedge_base_article_feedback`
  MODIFY `articleanswerid` int(11) NOT NULL AUTO_INCREMENT;

--
-- AUTO_INCREMENT for table `tblknowledge_base`
--
ALTER TABLE `tblknowledge_base`
  MODIFY `articleid` int(11) NOT NULL AUTO_INCREMENT;

--
-- AUTO_INCREMENT for table `tblknowledge_base_groups`
--
ALTER TABLE `tblknowledge_base_groups`
  MODIFY `groupid` int(11) NOT NULL AUTO_INCREMENT;

--
-- AUTO_INCREMENT for table `tblleads`
--
ALTER TABLE `tblleads`
  MODIFY `id` int(11) NOT NULL AUTO_INCREMENT;

--
-- AUTO_INCREMENT for table `tblleads_email_integration`
--
ALTER TABLE `tblleads_email_integration`
  MODIFY `id` int(11) NOT NULL AUTO_INCREMENT COMMENT 'the ID always must be 1', AUTO_INCREMENT=2;

--
-- AUTO_INCREMENT for table `tblleads_sources`
--
ALTER TABLE `tblleads_sources`
  MODIFY `id` int(11) NOT NULL AUTO_INCREMENT, AUTO_INCREMENT=3;

--
-- AUTO_INCREMENT for table `tblleads_status`
--
ALTER TABLE `tblleads_status`
  MODIFY `id` int(11) NOT NULL AUTO_INCREMENT, AUTO_INCREMENT=2;

--
-- AUTO_INCREMENT for table `tbllead_activity_log`
--
ALTER TABLE `tbllead_activity_log`
  MODIFY `id` int(11) NOT NULL AUTO_INCREMENT;

--
-- AUTO_INCREMENT for table `tbllead_integration_emails`
--
ALTER TABLE `tbllead_integration_emails`
  MODIFY `id` int(11) NOT NULL AUTO_INCREMENT;

--
-- AUTO_INCREMENT for table `tblmail_queue`
--
ALTER TABLE `tblmail_queue`
  MODIFY `id` int(11) NOT NULL AUTO_INCREMENT;

--
-- AUTO_INCREMENT for table `tblmilestones`
--
ALTER TABLE `tblmilestones`
  MODIFY `id` int(11) NOT NULL AUTO_INCREMENT;

--
-- AUTO_INCREMENT for table `tblmodules`
--
ALTER TABLE `tblmodules`
  MODIFY `id` int(11) NOT NULL AUTO_INCREMENT, AUTO_INCREMENT=13;

--
-- AUTO_INCREMENT for table `tblnewsfeed_comment_likes`
--
ALTER TABLE `tblnewsfeed_comment_likes`
  MODIFY `id` int(11) NOT NULL AUTO_INCREMENT;

--
-- AUTO_INCREMENT for table `tblnewsfeed_posts`
--
ALTER TABLE `tblnewsfeed_posts`
  MODIFY `postid` int(11) NOT NULL AUTO_INCREMENT, AUTO_INCREMENT=2;

--
-- AUTO_INCREMENT for table `tblnewsfeed_post_comments`
--
ALTER TABLE `tblnewsfeed_post_comments`
  MODIFY `id` int(11) NOT NULL AUTO_INCREMENT;

--
-- AUTO_INCREMENT for table `tblnewsfeed_post_likes`
--
ALTER TABLE `tblnewsfeed_post_likes`
  MODIFY `id` int(11) NOT NULL AUTO_INCREMENT;

--
-- AUTO_INCREMENT for table `tblnotes`
--
ALTER TABLE `tblnotes`
  MODIFY `id` int(11) NOT NULL AUTO_INCREMENT, AUTO_INCREMENT=2;

--
-- AUTO_INCREMENT for table `tblnotifications`
--
ALTER TABLE `tblnotifications`
  MODIFY `id` int(11) NOT NULL AUTO_INCREMENT, AUTO_INCREMENT=640;

--
-- AUTO_INCREMENT for table `tbloptions`
--
ALTER TABLE `tbloptions`
  MODIFY `id` int(11) NOT NULL AUTO_INCREMENT, AUTO_INCREMENT=488;

--
-- AUTO_INCREMENT for table `tblpayment_attempts`
--
ALTER TABLE `tblpayment_attempts`
  MODIFY `id` int(10) UNSIGNED NOT NULL AUTO_INCREMENT;

--
-- AUTO_INCREMENT for table `tblpayment_modes`
--
ALTER TABLE `tblpayment_modes`
  MODIFY `id` int(11) NOT NULL AUTO_INCREMENT, AUTO_INCREMENT=2;

--
-- AUTO_INCREMENT for table `tblpinned_projects`
--
ALTER TABLE `tblpinned_projects`
  MODIFY `id` int(11) NOT NULL AUTO_INCREMENT;

--
-- AUTO_INCREMENT for table `tblposition_training_question_form`
--
ALTER TABLE `tblposition_training_question_form`
  MODIFY `questionid` int(11) NOT NULL AUTO_INCREMENT;

--
-- AUTO_INCREMENT for table `tblprojectdiscussioncomments`
--
ALTER TABLE `tblprojectdiscussioncomments`
  MODIFY `id` int(11) NOT NULL AUTO_INCREMENT;

--
-- AUTO_INCREMENT for table `tblprojectdiscussions`
--
ALTER TABLE `tblprojectdiscussions`
  MODIFY `id` int(11) NOT NULL AUTO_INCREMENT;

--
-- AUTO_INCREMENT for table `tblprojects`
--
ALTER TABLE `tblprojects`
  MODIFY `id` int(11) NOT NULL AUTO_INCREMENT;

--
-- AUTO_INCREMENT for table `tblproject_activity`
--
ALTER TABLE `tblproject_activity`
  MODIFY `id` int(11) NOT NULL AUTO_INCREMENT;

--
-- AUTO_INCREMENT for table `tblproject_costing_approval_settings`
--
ALTER TABLE `tblproject_costing_approval_settings`
  MODIFY `id` int(10) UNSIGNED NOT NULL AUTO_INCREMENT, AUTO_INCREMENT=2;

--
-- AUTO_INCREMENT for table `tblproject_costing_client_categories`
--
ALTER TABLE `tblproject_costing_client_categories`
  MODIFY `id` int(10) UNSIGNED NOT NULL AUTO_INCREMENT, AUTO_INCREMENT=3;

--
-- AUTO_INCREMENT for table `tblproject_costing_engagement_types`
--
ALTER TABLE `tblproject_costing_engagement_types`
  MODIFY `id` int(10) UNSIGNED NOT NULL AUTO_INCREMENT, AUTO_INCREMENT=3;

--
-- AUTO_INCREMENT for table `tblproject_costing_notifications`
--
ALTER TABLE `tblproject_costing_notifications`
  MODIFY `id` int(10) UNSIGNED NOT NULL AUTO_INCREMENT, AUTO_INCREMENT=3;

--
-- AUTO_INCREMENT for table `tblproject_costing_projects`
--
ALTER TABLE `tblproject_costing_projects`
  MODIFY `id` int(10) UNSIGNED NOT NULL AUTO_INCREMENT, AUTO_INCREMENT=11;

--
-- AUTO_INCREMENT for table `tblproject_costing_project_items`
--
ALTER TABLE `tblproject_costing_project_items`
  MODIFY `id` int(10) UNSIGNED NOT NULL AUTO_INCREMENT, AUTO_INCREMENT=73;

--
-- AUTO_INCREMENT for table `tblproject_files`
--
ALTER TABLE `tblproject_files`
  MODIFY `id` int(11) NOT NULL AUTO_INCREMENT;

--
-- AUTO_INCREMENT for table `tblproject_members`
--
ALTER TABLE `tblproject_members`
  MODIFY `id` int(11) NOT NULL AUTO_INCREMENT;

--
-- AUTO_INCREMENT for table `tblproject_notes`
--
ALTER TABLE `tblproject_notes`
  MODIFY `id` int(11) NOT NULL AUTO_INCREMENT;

--
-- AUTO_INCREMENT for table `tblproject_settings`
--
ALTER TABLE `tblproject_settings`
  MODIFY `id` int(11) NOT NULL AUTO_INCREMENT;

--
-- AUTO_INCREMENT for table `tblproposals`
--
ALTER TABLE `tblproposals`
  MODIFY `id` int(11) NOT NULL AUTO_INCREMENT;

--
-- AUTO_INCREMENT for table `tblproposal_comments`
--
ALTER TABLE `tblproposal_comments`
  MODIFY `id` int(11) NOT NULL AUTO_INCREMENT;

--
-- AUTO_INCREMENT for table `tblp_t_form_question_box_description`
--
ALTER TABLE `tblp_t_form_question_box_description`
  MODIFY `questionboxdescriptionid` int(11) NOT NULL AUTO_INCREMENT;

--
-- AUTO_INCREMENT for table `tblrecords_meta`
--
ALTER TABLE `tblrecords_meta`
  MODIFY `id` int(10) UNSIGNED NOT NULL AUTO_INCREMENT, AUTO_INCREMENT=19;

--
-- AUTO_INCREMENT for table `tblrec_criteria`
--
ALTER TABLE `tblrec_criteria`
  MODIFY `criteria_id` int(10) UNSIGNED NOT NULL AUTO_INCREMENT;

--
-- AUTO_INCREMENT for table `tblrec_job_position`
--
ALTER TABLE `tblrec_job_position`
  MODIFY `position_id` int(10) UNSIGNED NOT NULL AUTO_INCREMENT;

--
-- AUTO_INCREMENT for table `tblrec_set_transfer_record`
--
ALTER TABLE `tblrec_set_transfer_record`
  MODIFY `set_id` int(10) UNSIGNED NOT NULL AUTO_INCREMENT;

--
-- AUTO_INCREMENT for table `tblrec_transfer_records`
--
ALTER TABLE `tblrec_transfer_records`
  MODIFY `id` int(10) UNSIGNED NOT NULL AUTO_INCREMENT;

--
-- AUTO_INCREMENT for table `tblrelated_items`
--
ALTER TABLE `tblrelated_items`
  MODIFY `id` int(11) NOT NULL AUTO_INCREMENT;

--
-- AUTO_INCREMENT for table `tblreminders`
--
ALTER TABLE `tblreminders`
  MODIFY `id` int(11) NOT NULL AUTO_INCREMENT, AUTO_INCREMENT=6;

--
-- AUTO_INCREMENT for table `tblresource`
--
ALTER TABLE `tblresource`
  MODIFY `id` int(11) NOT NULL AUTO_INCREMENT;

--
-- AUTO_INCREMENT for table `tblresource_group`
--
ALTER TABLE `tblresource_group`
  MODIFY `id` int(11) NOT NULL AUTO_INCREMENT;

--
-- AUTO_INCREMENT for table `tblroles`
--
ALTER TABLE `tblroles`
  MODIFY `roleid` int(11) NOT NULL AUTO_INCREMENT, AUTO_INCREMENT=5;

--
-- AUTO_INCREMENT for table `tblsales_activity`
--
ALTER TABLE `tblsales_activity`
  MODIFY `id` int(11) NOT NULL AUTO_INCREMENT;

--
-- AUTO_INCREMENT for table `tblscheduled_emails`
--
ALTER TABLE `tblscheduled_emails`
  MODIFY `id` int(11) NOT NULL AUTO_INCREMENT;

--
-- AUTO_INCREMENT for table `tblservices`
--
ALTER TABLE `tblservices`
  MODIFY `serviceid` int(11) NOT NULL AUTO_INCREMENT, AUTO_INCREMENT=7;

--
-- AUTO_INCREMENT for table `tblsetting_asset_allocation`
--
ALTER TABLE `tblsetting_asset_allocation`
  MODIFY `id` int(10) UNSIGNED NOT NULL AUTO_INCREMENT;

--
-- AUTO_INCREMENT for table `tblsetting_training`
--
ALTER TABLE `tblsetting_training`
  MODIFY `id` int(11) NOT NULL AUTO_INCREMENT;

--
-- AUTO_INCREMENT for table `tblsetting_transfer_records`
--
ALTER TABLE `tblsetting_transfer_records`
  MODIFY `id` int(10) UNSIGNED NOT NULL AUTO_INCREMENT;

--
-- AUTO_INCREMENT for table `tblspam_filters`
--
ALTER TABLE `tblspam_filters`
  MODIFY `id` int(11) NOT NULL AUTO_INCREMENT;

--
-- AUTO_INCREMENT for table `tblstaff`
--
ALTER TABLE `tblstaff`
  MODIFY `staffid` int(11) NOT NULL AUTO_INCREMENT, AUTO_INCREMENT=170;

--
-- AUTO_INCREMENT for table `tblstaff_departments`
--
ALTER TABLE `tblstaff_departments`
  MODIFY `staffdepartmentid` int(11) NOT NULL AUTO_INCREMENT, AUTO_INCREMENT=313;

--
-- AUTO_INCREMENT for table `tblsubscriptions`
--
ALTER TABLE `tblsubscriptions`
  MODIFY `id` int(11) NOT NULL AUTO_INCREMENT;

--
-- AUTO_INCREMENT for table `tbltags`
--
ALTER TABLE `tbltags`
  MODIFY `id` int(11) NOT NULL AUTO_INCREMENT, AUTO_INCREMENT=7;

--
-- AUTO_INCREMENT for table `tbltasks`
--
ALTER TABLE `tbltasks`
  MODIFY `id` int(11) NOT NULL AUTO_INCREMENT;

--
-- AUTO_INCREMENT for table `tbltaskstimers`
--
ALTER TABLE `tbltaskstimers`
  MODIFY `id` int(11) NOT NULL AUTO_INCREMENT, AUTO_INCREMENT=3;

--
-- AUTO_INCREMENT for table `tbltasks_checklist_templates`
--
ALTER TABLE `tbltasks_checklist_templates`
  MODIFY `id` int(11) NOT NULL AUTO_INCREMENT;

--
-- AUTO_INCREMENT for table `tbltask_assigned`
--
ALTER TABLE `tbltask_assigned`
  MODIFY `id` int(11) NOT NULL AUTO_INCREMENT;

--
-- AUTO_INCREMENT for table `tbltask_checklist_items`
--
ALTER TABLE `tbltask_checklist_items`
  MODIFY `id` int(11) NOT NULL AUTO_INCREMENT;

--
-- AUTO_INCREMENT for table `tbltask_comments`
--
ALTER TABLE `tbltask_comments`
  MODIFY `id` int(11) NOT NULL AUTO_INCREMENT;

--
-- AUTO_INCREMENT for table `tbltask_followers`
--
ALTER TABLE `tbltask_followers`
  MODIFY `id` int(11) NOT NULL AUTO_INCREMENT;

--
-- AUTO_INCREMENT for table `tbltaxes`
--
ALTER TABLE `tbltaxes`
  MODIFY `id` int(11) NOT NULL AUTO_INCREMENT;

--
-- AUTO_INCREMENT for table `tbltemplates`
--
ALTER TABLE `tbltemplates`
  MODIFY `id` int(10) UNSIGNED NOT NULL AUTO_INCREMENT;

--
-- AUTO_INCREMENT for table `tbltickets`
--
ALTER TABLE `tbltickets`
  MODIFY `ticketid` int(11) NOT NULL AUTO_INCREMENT, AUTO_INCREMENT=61;

--
-- AUTO_INCREMENT for table `tbltickets_pipe_log`
--
ALTER TABLE `tbltickets_pipe_log`
  MODIFY `id` int(11) NOT NULL AUTO_INCREMENT;

--
-- AUTO_INCREMENT for table `tbltickets_predefined_replies`
--
ALTER TABLE `tbltickets_predefined_replies`
  MODIFY `id` int(11) NOT NULL AUTO_INCREMENT;

--
-- AUTO_INCREMENT for table `tbltickets_priorities`
--
ALTER TABLE `tbltickets_priorities`
  MODIFY `priorityid` int(11) NOT NULL AUTO_INCREMENT, AUTO_INCREMENT=4;

--
-- AUTO_INCREMENT for table `tbltickets_status`
--
ALTER TABLE `tbltickets_status`
  MODIFY `ticketstatusid` int(11) NOT NULL AUTO_INCREMENT, AUTO_INCREMENT=9;

--
-- AUTO_INCREMENT for table `tblticket_attachments`
--
ALTER TABLE `tblticket_attachments`
  MODIFY `id` int(11) NOT NULL AUTO_INCREMENT, AUTO_INCREMENT=15;

--
-- AUTO_INCREMENT for table `tblticket_replies`
--
ALTER TABLE `tblticket_replies`
  MODIFY `id` int(11) NOT NULL AUTO_INCREMENT, AUTO_INCREMENT=121;

--
-- AUTO_INCREMENT for table `tbltodos`
--
ALTER TABLE `tbltodos`
  MODIFY `todoid` int(11) NOT NULL AUTO_INCREMENT, AUTO_INCREMENT=4;

--
-- AUTO_INCREMENT for table `tbltracked_mails`
--
ALTER TABLE `tbltracked_mails`
  MODIFY `id` int(11) NOT NULL AUTO_INCREMENT;

--
-- AUTO_INCREMENT for table `tbltraining_allocation`
--
ALTER TABLE `tbltraining_allocation`
  MODIFY `id` int(11) NOT NULL AUTO_INCREMENT;

--
-- AUTO_INCREMENT for table `tbltransfer_records_reception`
--
ALTER TABLE `tbltransfer_records_reception`
  MODIFY `id` int(10) UNSIGNED NOT NULL AUTO_INCREMENT;

--
-- AUTO_INCREMENT for table `tbltwocheckout_log`
--
ALTER TABLE `tbltwocheckout_log`
  MODIFY `id` int(10) UNSIGNED NOT NULL AUTO_INCREMENT;

--
-- AUTO_INCREMENT for table `tbluser_meta`
--
ALTER TABLE `tbluser_meta`
  MODIFY `umeta_id` bigint(20) UNSIGNED NOT NULL AUTO_INCREMENT, AUTO_INCREMENT=10;

--
-- AUTO_INCREMENT for table `tblvault`
--
ALTER TABLE `tblvault`
  MODIFY `id` int(11) NOT NULL AUTO_INCREMENT;

--
-- AUTO_INCREMENT for table `tblviews_tracking`
--
ALTER TABLE `tblviews_tracking`
  MODIFY `id` int(11) NOT NULL AUTO_INCREMENT;

--
-- AUTO_INCREMENT for table `tblweb_to_lead`
--
ALTER TABLE `tblweb_to_lead`
  MODIFY `id` int(11) NOT NULL AUTO_INCREMENT;

--
-- Constraints for dumped tables
--

--
-- Constraints for table `tblappmgr_holidays`
--
ALTER TABLE `tblappmgr_holidays`
  ADD CONSTRAINT `tblappmgr_holidays_ibfk_1` FOREIGN KEY (`added_by`) REFERENCES `tblstaff` (`staffid`);

--
-- Constraints for table `tblappmgr_locations`
--
ALTER TABLE `tblappmgr_locations`
  ADD CONSTRAINT `tblappmgr_locations_ibfk_1` FOREIGN KEY (`added_by`) REFERENCES `tblstaff` (`staffid`);

--
-- Constraints for table `tblfilter_defaults`
--
ALTER TABLE `tblfilter_defaults`
  ADD CONSTRAINT `tblfilter_defaults_ibfk_1` FOREIGN KEY (`filter_id`) REFERENCES `tblfilters` (`id`) ON DELETE CASCADE,
  ADD CONSTRAINT `tblfilter_defaults_ibfk_2` FOREIGN KEY (`staff_id`) REFERENCES `tblstaff` (`staffid`) ON DELETE CASCADE;

--
-- Constraints for table `tbltwocheckout_log`
--
ALTER TABLE `tbltwocheckout_log`
  ADD CONSTRAINT `tbltwocheckout_log_ibfk_1` FOREIGN KEY (`invoice_id`) REFERENCES `tblinvoices` (`id`) ON DELETE CASCADE;
COMMIT;

